This is the mail archive of the gcc-testresults@gcc.gnu.org mailing list for the GCC project.


Index Nav: [Date Index] [Subject Index] [Author Index] [Thread Index]
Message Nav: [Date Prev] [Date Next] [Thread Prev] [Thread Next]
Other format: [Raw text]

Results for 3.2 20020427 (experimental) testsuite on mips-sgi-irix6.5


LAST_UPDATED: Sun Apr 28 03:13:55 2002

Native configuration is mips-sgi-irix6.5

		=== g77 tests ===


Running target unix
FAIL: g77.f-torture/execute/6367.f execution,  -O0 
FAIL: g77.f-torture/execute/6367.f execution,  -O1 
FAIL: g77.f-torture/execute/6367.f execution,  -O2 
FAIL: g77.f-torture/execute/6367.f execution,  -O3 -fomit-frame-pointer 
FAIL: g77.f-torture/execute/6367.f execution,  -O3 -fomit-frame-pointer -funroll-loops 
FAIL: g77.f-torture/execute/6367.f execution,  -O3 -fomit-frame-pointer -funroll-all-loops -finline-functions 
FAIL: g77.f-torture/execute/6367.f execution,  -O3 -g 
FAIL: g77.f-torture/execute/6367.f execution,  -Os 

		=== g77 Summary for unix ===

# of expected passes		1618
# of unexpected failures	8
# of unsupported tests		8

Running target unix/-mabi=64
FAIL: g77.f-torture/execute/6367.f execution,  -O0 
FAIL: g77.f-torture/execute/6367.f execution,  -O1 
FAIL: g77.f-torture/execute/6367.f execution,  -O2 
FAIL: g77.f-torture/execute/6367.f execution,  -O3 -fomit-frame-pointer 
FAIL: g77.f-torture/execute/6367.f execution,  -O3 -fomit-frame-pointer -funroll-loops 
FAIL: g77.f-torture/execute/6367.f execution,  -O3 -fomit-frame-pointer -funroll-all-loops -finline-functions 
FAIL: g77.f-torture/execute/6367.f execution,  -O3 -g 
FAIL: g77.f-torture/execute/6367.f execution,  -Os 

		=== g77 Summary for unix/-mabi=64 ===

# of expected passes		1618
# of unexpected failures	8
# of unsupported tests		8

		=== g77 Summary ===

# of expected passes		3236
# of unexpected failures	16
# of unsupported tests		16
/exd4/billingd/obj/gcc/gcc/testsuite/../g77 version 3.2 20020427 (experimental)

		=== gcc tests ===


Running target unix
WARNING: program timed out.
FAIL: gcc.c-torture/compile/20001226-1.c,  -O2  
WARNING: program timed out.
FAIL: gcc.c-torture/compile/20001226-1.c,  -O3 -fomit-frame-pointer  
WARNING: program timed out.
FAIL: gcc.c-torture/compile/20001226-1.c,  -O3 -g  
WARNING: program timed out.
FAIL: gcc.c-torture/compile/20001226-1.c,  -Os  
FAIL: gcc.c-torture/compile/mipscop-4.c,  -O0  
FAIL: gcc.c-torture/compile/mipscop-4.c,  -O1  
FAIL: gcc.c-torture/compile/mipscop-4.c,  -O2  
FAIL: gcc.c-torture/compile/mipscop-4.c,  -O3 -fomit-frame-pointer  
FAIL: gcc.c-torture/compile/mipscop-4.c,  -O3 -g  
FAIL: gcc.c-torture/compile/mipscop-4.c,  -Os  
FAIL: gcc.c-torture/compile/mipscop-2.c,  -O0  
FAIL: gcc.c-torture/compile/mipscop-2.c,  -O1  
FAIL: gcc.c-torture/compile/mipscop-2.c,  -O2  
FAIL: gcc.c-torture/compile/mipscop-2.c,  -O3 -fomit-frame-pointer  
FAIL: gcc.c-torture/compile/mipscop-2.c,  -O3 -g  
FAIL: gcc.c-torture/compile/mipscop-2.c,  -Os  
FAIL: gcc.c-torture/compile/mipscop-3.c,  -O0  
FAIL: gcc.c-torture/compile/mipscop-3.c,  -O1  
FAIL: gcc.c-torture/compile/mipscop-3.c,  -O2  
FAIL: gcc.c-torture/compile/mipscop-3.c,  -O3 -fomit-frame-pointer  
FAIL: gcc.c-torture/compile/mipscop-3.c,  -O3 -g  
FAIL: gcc.c-torture/compile/mipscop-3.c,  -Os  
FAIL: gcc.c-torture/compile/mipscop-1.c,  -O0  
FAIL: gcc.c-torture/compile/mipscop-1.c,  -O1  
FAIL: gcc.c-torture/compile/mipscop-1.c,  -O2  
FAIL: gcc.c-torture/compile/mipscop-1.c,  -O3 -fomit-frame-pointer  
FAIL: gcc.c-torture/compile/mipscop-1.c,  -O3 -g  
FAIL: gcc.c-torture/compile/mipscop-1.c,  -Os  
FAIL: gcc.c-torture/execute/20020412-1.c execution,  -O0 
FAIL: gcc.c-torture/execute/20020412-1.c execution,  -O1 
FAIL: gcc.c-torture/execute/20020412-1.c execution,  -O2 
FAIL: gcc.c-torture/execute/20020412-1.c execution,  -O3 -fomit-frame-pointer 
FAIL: gcc.c-torture/execute/20020412-1.c execution,  -O3 -fomit-frame-pointer -funroll-loops 
FAIL: gcc.c-torture/execute/20020412-1.c execution,  -O3 -fomit-frame-pointer -funroll-all-loops -finline-functions 
FAIL: gcc.c-torture/execute/20020412-1.c execution,  -O3 -g 
FAIL: gcc.c-torture/execute/20020412-1.c execution,  -Os 

		=== gcc Summary for unix ===

# of expected passes		17990
# of unexpected failures	36
# of expected failures		89
# of unsupported tests		126

Running target unix/-mabi=64
WARNING: program timed out.
FAIL: gcc.c-torture/compile/20001226-1.c,  -O2  
WARNING: program timed out.
FAIL: gcc.c-torture/compile/20001226-1.c,  -O3 -fomit-frame-pointer  
WARNING: program timed out.
FAIL: gcc.c-torture/compile/20001226-1.c,  -O3 -g  
WARNING: program timed out.
FAIL: gcc.c-torture/compile/20001226-1.c,  -Os  
FAIL: gcc.c-torture/compile/mipscop-4.c,  -O0  
FAIL: gcc.c-torture/compile/mipscop-4.c,  -O1  
FAIL: gcc.c-torture/compile/mipscop-4.c,  -O2  
FAIL: gcc.c-torture/compile/mipscop-4.c,  -O3 -fomit-frame-pointer  
FAIL: gcc.c-torture/compile/mipscop-4.c,  -O3 -g  
FAIL: gcc.c-torture/compile/mipscop-4.c,  -Os  
FAIL: gcc.c-torture/compile/mipscop-2.c,  -O0  
FAIL: gcc.c-torture/compile/mipscop-2.c,  -O1  
FAIL: gcc.c-torture/compile/mipscop-2.c,  -O2  
FAIL: gcc.c-torture/compile/mipscop-2.c,  -O3 -fomit-frame-pointer  
FAIL: gcc.c-torture/compile/mipscop-2.c,  -O3 -g  
FAIL: gcc.c-torture/compile/mipscop-2.c,  -Os  
FAIL: gcc.c-torture/compile/mipscop-3.c,  -O0  
FAIL: gcc.c-torture/compile/mipscop-3.c,  -O1  
FAIL: gcc.c-torture/compile/mipscop-3.c,  -O2  
FAIL: gcc.c-torture/compile/mipscop-3.c,  -O3 -fomit-frame-pointer  
FAIL: gcc.c-torture/compile/mipscop-3.c,  -O3 -g  
FAIL: gcc.c-torture/compile/mipscop-3.c,  -Os  
FAIL: gcc.c-torture/compile/mipscop-1.c,  -O0  
FAIL: gcc.c-torture/compile/mipscop-1.c,  -O1  
FAIL: gcc.c-torture/compile/mipscop-1.c,  -O2  
FAIL: gcc.c-torture/compile/mipscop-1.c,  -O3 -fomit-frame-pointer  
FAIL: gcc.c-torture/compile/mipscop-1.c,  -O3 -g  
FAIL: gcc.c-torture/compile/mipscop-1.c,  -Os  
FAIL: gcc.c-torture/execute/20020412-1.c execution,  -O0 
FAIL: gcc.c-torture/execute/20020412-1.c execution,  -O1 
FAIL: gcc.c-torture/execute/20020412-1.c execution,  -O2 
FAIL: gcc.c-torture/execute/20020412-1.c execution,  -O3 -fomit-frame-pointer 
FAIL: gcc.c-torture/execute/20020412-1.c execution,  -O3 -fomit-frame-pointer -funroll-loops 
FAIL: gcc.c-torture/execute/20020412-1.c execution,  -O3 -fomit-frame-pointer -funroll-all-loops -finline-functions 
FAIL: gcc.c-torture/execute/20020412-1.c execution,  -O3 -g 
FAIL: gcc.c-torture/execute/20020412-1.c execution,  -Os 
FAIL: gcc.c-torture/execute/builtin-abs-1.c execution,  -O0 
FAIL: gcc.c-torture/execute/builtin-abs-1.c compilation,  -O1 
UNRESOLVED: gcc.c-torture/execute/builtin-abs-1.c execution,  -O1 
FAIL: gcc.c-torture/execute/builtin-abs-1.c compilation,  -O2 
UNRESOLVED: gcc.c-torture/execute/builtin-abs-1.c execution,  -O2 
FAIL: gcc.c-torture/execute/builtin-abs-1.c compilation,  -O3 -fomit-frame-pointer 
UNRESOLVED: gcc.c-torture/execute/builtin-abs-1.c execution,  -O3 -fomit-frame-pointer 
FAIL: gcc.c-torture/execute/builtin-abs-1.c compilation,  -O3 -g 
UNRESOLVED: gcc.c-torture/execute/builtin-abs-1.c execution,  -O3 -g 
FAIL: gcc.c-torture/execute/builtin-abs-1.c compilation,  -Os 
UNRESOLVED: gcc.c-torture/execute/builtin-abs-1.c execution,  -Os 
FAIL: gcc.dg/c90-intconst-1.c unsigned decimal no suffix (test for warnings, line 432)
FAIL: gcc.dg/c90-intconst-1.c unsigned decimal long suffix (test for warnings, line 433)
FAIL: gcc.dg/c90-intconst-1.c unsigned decimal long suffix (test for warnings, line 434)
FAIL: gcc.dg/c90-intconst-1.c (test for excess errors)

		=== gcc Summary for unix/-mabi=64 ===

# of expected passes		17975
# of unexpected failures	46
# of expected failures		89
# of unresolved testcases	5
# of unsupported tests		126

		=== gcc Summary ===

# of expected passes		35965
# of unexpected failures	82
# of expected failures		178
# of unresolved testcases	5
# of unsupported tests		252
/exd4/billingd/obj/gcc/gcc/xgcc version 3.2 20020427 (experimental)

		=== g++ tests ===


Running target unix
FAIL: g++.dg/ext/instantiate2.C scan-assembler 
FAIL: g++.dg/template/typename2.C (test for excess errors)
FAIL: g++.dg/warn/Wunused-2.C  (test for warnings, line 5)

		=== g++ Summary for unix ===

# of expected passes		7093
# of unexpected failures	3
# of expected failures		95
# of untested testcases		23
# of unsupported tests		4

Running target unix/-mabi=64
FAIL: g++.dg/ext/instantiate2.C scan-assembler 
FAIL: g++.dg/template/typename2.C (test for excess errors)
FAIL: g++.dg/warn/Wunused-2.C  (test for warnings, line 5)
FAIL: g++.benjamin/p12475.C  (test for warnings, line 14)
FAIL: g++.jason/rfg10.C enum overflow (test for errors, line 9)
FAIL: g++.jason/rfg10.C (test for excess errors)

		=== g++ Summary for unix/-mabi=64 ===

# of expected passes		7090
# of unexpected failures	6
# of expected failures		95
# of untested testcases		23
# of unsupported tests		4

		=== g++ Summary ===

# of expected passes		14183
# of unexpected failures	9
# of expected failures		190
# of untested testcases		46
# of unsupported tests		8
/exd4/billingd/obj/gcc/gcc/testsuite/../g++ version 3.2 20020427 (experimental)

		=== objc tests ===


Running target unix

		=== objc Summary for unix ===

# of expected passes		1036
# of expected failures		6

Running target unix/-mabi=64

		=== objc Summary for unix/-mabi=64 ===

# of expected passes		1036
# of expected failures		6

		=== objc Summary ===

# of expected passes		2072
# of expected failures		12
/exd4/billingd/obj/gcc/gcc/xgcc version 3.2 20020427 (experimental)

		=== libjava tests ===


Running target unix
FAIL: TLtest compilation from bytecode
FAIL: TLtest -O compilation from bytecode
FAIL: Throw_2 execution from source compiled test
FAIL: Throw_2 execution from bytecode->native test
FAIL: Throw_2 -O execution from source compiled test
FAIL: Throw_2 -O execution from bytecode->native test
FAIL: FileHandleGcTest execution from source compiled test
FAIL: FileHandleGcTest execution from bytecode->native test
FAIL: FileHandleGcTest -O execution from source compiled test
FAIL: FileHandleGcTest -O execution from bytecode->native test
FAIL: KeepInline output from source compiled test
FAIL: KeepInline output from bytecode->native test
FAIL: KeepInline -O output from source compiled test
FAIL: KeepInline -O output from bytecode->native test
FAIL: invokethrow execution from source compiled test
FAIL: invokethrow execution from bytecode->native test
FAIL: invokethrow -O execution from source compiled test
FAIL: invokethrow -O execution from bytecode->native test

		=== libjava Summary ===

# of expected passes		2007
# of unexpected failures	18
# of expected failures		18
# of untested testcases		106
		=== libstdc++-v3 tests ===


Running target unix
XPASS: 22_locale/collate_members_wchar_t.cc execution test
XPASS: 22_locale/money_get_members_wchar_t.cc execution test
XPASS: 22_locale/money_put_members_wchar_t.cc execution test
XPASS: 22_locale/moneypunct_members_wchar_t.cc execution test
XPASS: 22_locale/num_get_members_wchar_t.cc execution test
XPASS: 22_locale/num_put_members_wchar_t.cc execution test
XPASS: 22_locale/numpunct_members_wchar_t.cc execution test
XPASS: 22_locale/time_get_members_wchar_t.cc execution test
XPASS: 22_locale/time_put_members_wchar_t.cc execution test
FAIL: 27_io/ios_base_storage.cc execution test
FAIL: 27_io/ostream_inserter_arith.cc execution test

		=== libstdc++-v3 Summary ===

# of expected passes		359
# of unexpected failures	2
# of unexpected successes	9
# of expected failures		16
# of unsupported tests		6
		=== libjava tests ===


Running target unix/-mabi=64
FAIL: calls output
FAIL: martin output
FAIL: throwit output
FAIL: TLtest compilation from bytecode
FAIL: TLtest -O compilation from bytecode
FAIL: InvokeReturn output from source compiled test
FAIL: InvokeReturn output from bytecode->native test
FAIL: InvokeReturn -O output from source compiled test
FAIL: InvokeReturn -O output from bytecode->native test
FAIL: Throw_2 execution from source compiled test
FAIL: Throw_2 execution from bytecode->native test
FAIL: Throw_2 -O execution from source compiled test
FAIL: Throw_2 -O execution from bytecode->native test
FAIL: FileHandleGcTest execution from source compiled test
FAIL: FileHandleGcTest execution from bytecode->native test
FAIL: FileHandleGcTest -O execution from source compiled test
FAIL: FileHandleGcTest -O execution from bytecode->native test
FAIL: KeepInline output from source compiled test
FAIL: KeepInline output from bytecode->native test
FAIL: KeepInline -O output from source compiled test
FAIL: KeepInline -O output from bytecode->native test
FAIL: invokethrow output from source compiled test
FAIL: invokethrow output from bytecode->native test
FAIL: invokethrow -O output from source compiled test
FAIL: invokethrow -O output from bytecode->native test

		=== libjava Summary ===

# of expected passes		2004
# of unexpected failures	25
# of expected failures		18
# of untested testcases		102
		=== libstdc++-v3 tests ===


Running target unix/-mabi=64
XPASS: 22_locale/collate_members_wchar_t.cc execution test
XPASS: 22_locale/money_get_members_wchar_t.cc execution test
XPASS: 22_locale/money_put_members_wchar_t.cc execution test
XPASS: 22_locale/moneypunct_members_wchar_t.cc execution test
XPASS: 22_locale/num_get_members_wchar_t.cc execution test
XPASS: 22_locale/num_put_members_wchar_t.cc execution test
XPASS: 22_locale/numpunct_members_wchar_t.cc execution test
XPASS: 22_locale/time_get_members_wchar_t.cc execution test
XPASS: 22_locale/time_put_members_wchar_t.cc execution test
FAIL: 27_io/ostream_inserter_arith.cc execution test

		=== libstdc++-v3 Summary ===

# of expected passes		360
# of unexpected failures	1
# of unexpected successes	9
# of expected failures		16
# of unsupported tests		6

Compiler version: 3.2 20020427 (experimental) 
Platform: mips-sgi-irix6.5
configure flags: --host=mips-sgi-irix6.5 --enable-shared --enable-haifa --enable-libgcj --enable-threads=single --disable-nls --prefix=/exd4/billingd/tmp/gcc
Counting all warnings,
there are 87 warnings in stage3 of this bootstrap.

Number of warnings per file:
  20 gcc/combine.c
  11 gcc/config/mips/mips.md
   6 gcc/loop.c
   5 gcc/gcc.c
   4 insn-emit.c
   4 gcc/varasm.c
   4 gcc/reload.c
   4 gcc/optabs.c
   3 /usr/local/share/bison/bison.simple
   3 gcc/unroll.c
   3 gcc/regclass.c
   2 insn-output.c
   2 gcc/java/lex.c
   2 gcc/java/javaop.def
   2 gcc/fold-const.c
   2 gcc/flow.c
   1 gcc/tree.c
   1 gcc/rtlanal.c
   1 gcc/java/jvspec.c
   1 gcc/f/where.c
   1 gcc/cp/pt.c
   1 gcc/cp/lang-specs.h
   1 gcc/config/mips/mips.c
   1 gcc/cfgrtl.c
   1 gcc/builtins.c
   1 gcc/alias.c

Number of warning types:
  36 comparison between signed and unsigned
   7 string length \`???' is greater than the length \`???' ISO C89 compilers are required to support
   6 suggest parentheses around && within ||
   6 operand 1 missing mode?
   5 operand 0 missing mode?
   4 traditional C rejects automatic aggregate initialization
   3 signed and unsigned type in conditional expression
   3 label \`???' defined but not used
   3 empty body in an if-statement
   2 operation on \`???' may be undefined
   2 comparison is always true due to limited range of data type
   2 comparison is always false due to limited range of data type
   1 \`???' might be used uninitialized in this function
   1 \`???' defined but not used
   1 unused parameter \`???'
   1 pointer targets in passing arg ??? of \`???' differ in signedness
   1 implicit declaration of function \`???'
   1 function \`???' was previously declared within a block
   1 function declaration isn't a prototype
   1 cast to pointer from integer of different size


Index Nav: [Date Index] [Subject Index] [Author Index] [Thread Index]
Message Nav: [Date Prev] [Date Next] [Thread Prev] [Thread Next]