This is the mail archive of the gcc-testresults@gcc.gnu.org mailing list for the GCC project.


Index Nav: [Date Index] [Subject Index] [Author Index] [Thread Index]
Message Nav: [Date Prev] [Date Next] [Thread Prev] [Thread Next]
Other format: [Raw text]

Results for 3.1 20020426 (prerelease) testsuite on i686-pc-linux-gnu


LAST_UPDATED: Fri Apr 26 21:13:32 UTC 2002

Native configuration is i686-pc-linux-gnu

		=== g77 tests ===


Running target unix

		=== g77 Summary ===

# of expected passes		1468
/export/build/gnu/gcc/build-i686-linux/gcc/testsuite/../g77 version 3.1 20020426 (prerelease)

		=== gcc tests ===


Running target unix
FAIL: gcc.c-torture/execute/20020307-2.c execution,  -O1 
FAIL: gcc.c-torture/execute/20020307-2.c execution,  -O2 
FAIL: gcc.c-torture/execute/20020307-2.c execution,  -O3 -fomit-frame-pointer 
FAIL: gcc.c-torture/execute/20020307-2.c execution,  -O3 -fomit-frame-pointer -funroll-loops 
FAIL: gcc.c-torture/execute/20020307-2.c execution,  -O3 -fomit-frame-pointer -funroll-all-loops -finline-functions 
FAIL: gcc.c-torture/execute/20020307-2.c execution,  -O3 -g 
FAIL: gcc.c-torture/execute/20020402-1.c execution,  -Os 

		=== gcc Summary ===

# of expected passes		18327
# of unexpected failures	7
# of expected failures		66
# of unsupported tests		43
/export/build/gnu/gcc/build-i686-linux/gcc/xgcc version 3.1 20020426 (prerelease)

		=== g++ tests ===


Running target unix
FAIL: g++.dg/abi/enum1.C execution test

		=== g++ Summary ===

# of expected passes		7174
# of unexpected failures	1
# of expected failures		88
# of untested testcases		9
# of unsupported tests		3
/export/build/gnu/gcc/build-i686-linux/gcc/testsuite/../g++ version 3.1 20020426 (prerelease)

		=== objc tests ===


Running target unix

		=== objc Summary ===

# of expected passes		1036
# of expected failures		6
/export/build/gnu/gcc/build-i686-linux/gcc/xgcc version 3.1 20020426 (prerelease)

		=== libjava tests ===


Running target unix
FAIL: Thread_Interrupt output from bytecode->native test

		=== libjava Summary ===

# of expected passes		2074
# of unexpected failures	1
# of expected failures		18
# of untested testcases		14
		=== libstdc++-v3 tests ===


Running target unix
FAIL: 22_locale/codecvt_members_char_char.cc execution test
FAIL: 22_locale/codecvt_members_wchar_t_char.cc execution test
FAIL: 22_locale/ctor_copy_dtor.cc execution test
FAIL: 22_locale/ctype_members_wchar_t.cc execution test
FAIL: 26_numerics/c99_classification_macros_c.cc (test for excess errors)
FAIL: 27_io/ostream_inserter_arith.cc execution test

		=== libstdc++-v3 Summary ===

# of expected passes		367
# of unexpected failures	6
# of expected failures		25

Compiler version: 3.1 20020426 (prerelease) 
Platform: i686-pc-linux-gnu
configure flags: --host=i686-pc-linux-gnu --enable-clocale=gnu --with-system-zlib --enable-shared --enable-threads=posix --enable-haifa --disable-checking --prefix=/usr/gcc-3.1 --with-local-prefix=/usr/local


Index Nav: [Date Index] [Subject Index] [Author Index] [Thread Index]
Message Nav: [Date Prev] [Date Next] [Thread Prev] [Thread Next]