This is the mail archive of the gcc-testresults@gcc.gnu.org mailing list for the GCC project.


Index Nav: [Date Index] [Subject Index] [Author Index] [Thread Index]
Message Nav: [Date Prev] [Date Next] [Thread Prev] [Thread Next]
Other format: [Raw text]

Results for 3.2 20020425 (experimental) testsuite on ia64-unknown-linux-gnu


LAST_UPDATED: Thu Apr 25 08:32:46 UTC 2002

Native configuration is ia64-unknown-linux-gnu

		=== g77 tests ===


Running target unix
FAIL: g77.f-torture/execute/6367.f execution,  -O0 
FAIL: g77.f-torture/execute/6367.f execution,  -O1 
FAIL: g77.f-torture/execute/6367.f execution,  -O2 
FAIL: g77.f-torture/execute/6367.f execution,  -O3 -fomit-frame-pointer 
FAIL: g77.f-torture/execute/6367.f execution,  -O3 -fomit-frame-pointer -funroll-loops 
FAIL: g77.f-torture/execute/6367.f execution,  -O3 -fomit-frame-pointer -funroll-all-loops -finline-functions 
FAIL: g77.f-torture/execute/6367.f execution,  -O3 -g 
FAIL: g77.f-torture/execute/6367.f execution,  -Os 

		=== g77 Summary ===

# of expected passes		1618
# of unexpected failures	8
# of unsupported tests		8
/home/build/gcc_mainline/ia64/obj/gcc/testsuite/../g77 version 3.2 20020425 (experimental)

		=== gcc tests ===


Running target unix
XPASS: gcc.c-torture/compile/920625-1.c,  -O1  
XPASS: gcc.c-torture/compile/920625-1.c,  -O2  
XPASS: gcc.c-torture/compile/920625-1.c,  -O3 -fomit-frame-pointer  
XPASS: gcc.c-torture/compile/920625-1.c,  -O3 -fomit-frame-pointer -funroll-loops  
XPASS: gcc.c-torture/compile/920625-1.c,  -O3 -fomit-frame-pointer -funroll-all-loops -finline-functions  
XPASS: gcc.c-torture/compile/920625-1.c,  -O3 -g  
XPASS: gcc.c-torture/compile/920625-1.c,  -Os  
XPASS: gcc.c-torture/compile/981223-1.c,  -O2  
XPASS: gcc.c-torture/compile/981223-1.c,  -O3 -fomit-frame-pointer  
XPASS: gcc.c-torture/compile/981223-1.c,  -O3 -g  
XPASS: gcc.c-torture/compile/981223-1.c,  -Os  
FAIL: gcc.c-torture/execute/20020227-1.c execution,  -O0 
FAIL: gcc.c-torture/execute/20020227-1.c execution,  -O1 
FAIL: gcc.c-torture/execute/20020227-1.c execution,  -O2 
FAIL: gcc.c-torture/execute/20020227-1.c execution,  -O3 -fomit-frame-pointer 
FAIL: gcc.c-torture/execute/20020227-1.c execution,  -O3 -g 
FAIL: gcc.c-torture/execute/20020227-1.c execution,  -Os 
XPASS: gcc.dg/c99-intconst-1.c (test for excess errors)

		=== gcc Summary ===

# of expected passes		18029
# of unexpected failures	6
# of unexpected successes	12
# of expected failures		63
# of unsupported tests		108
/home/build/gcc_mainline/ia64/obj/gcc/xgcc version 3.2 20020425 (experimental)

		=== g++ tests ===


Running target unix
FAIL: g++.dg/template/typename2.C (test for excess errors)
FAIL: g++.dg/warn/Wunused-2.C  (test for warnings, line 5)

		=== g++ Summary ===

# of expected passes		7102
# of unexpected failures	2
# of expected failures		87
# of untested testcases		23
# of unsupported tests		4
/home/build/gcc_mainline/ia64/obj/gcc/testsuite/../g++ version 3.2 20020425 (experimental)

		=== objc tests ===


Running target unix

		=== objc Summary ===

# of expected passes		1036
# of expected failures		6
/home/build/gcc_mainline/ia64/obj/gcc/xgcc version 3.2 20020425 (experimental)

		=== libjava tests ===


Running target unix
FAIL: KeepInline output from source compiled test
FAIL: KeepInline output from bytecode->native test
FAIL: KeepInline -O output from source compiled test
FAIL: KeepInline -O output from bytecode->native test
FAIL: gnu.testlet.java.beans.Introspector.jdk11: getBeanInfo (number 7)
FAIL: gnu.testlet.java.io.File.jdk11: getCanonicalPath () java.io.IOException: No such file or directory (number 1)
FAIL: gnu.testlet.java.lang.Character.CharacterTest: Error: isJavaLetterOrDigit - 60 (number 1)
FAIL: gnu.testlet.java.lang.Class.reflect: getConstructor (number 3)
FAIL: gnu.testlet.java.lang.Class.reflect: getConstructors (number 3)
FAIL: gnu.testlet.java.lang.Class.reflect: getMethod (number 1)
FAIL: gnu.testlet.java.lang.Class.reflect: getMethods (number 1)
FAIL: gnu.testlet.java.lang.Class.reflect: getMethods (number 2)
FAIL: gnu.testlet.java.lang.Double.DoubleTest: Error: test_Basics failed - 3 (number 1)
FAIL: gnu.testlet.java.lang.Double.DoubleTest: Error: test_Basics failed - 4 (number 1)
FAIL: gnu.testlet.java.lang.Double.DoubleTest: uncaught exception at "Error: test_toString failed - 9" number 2: java.lang.NumberFormatException: 3.333333333E7
FAIL: gnu.testlet.java.lang.Double.new_Double: uncaught exception at  number 1: java.lang.NumberFormatException: 7.79625120912E289
FAIL: gnu.testlet.java.lang.Float.FloatTest: Error: test_Basics failed - 3 (number 1)
FAIL: gnu.testlet.java.lang.Float.FloatTest: Error: test_Basics failed - 4 (number 1)
FAIL: gnu.testlet.java.lang.Float.FloatTest: uncaught exception at "Error: test_toString failed - 10" number 2: java.lang.NumberFormatException: 3.3333334E7
FAIL: gnu.testlet.java.lang.Float.new_Float: uncaught exception at  number 3: java.lang.NumberFormatException: 3.1415927
FAIL: gnu.testlet.java.lang.Integer.IntegerTest: Error: test_Basics failed - 1 (number 1)
FAIL: gnu.testlet.java.lang.Integer.getInteger (number 12)
FAIL: gnu.testlet.java.lang.Integer.getInteger (number 17)
FAIL: gnu.testlet.java.lang.Integer.new_Integer: decode (number 6)
FAIL: gnu.testlet.java.lang.Integer.new_Integer: uncaught exception at "decode" number 11: java.lang.NumberFormatException
FAIL: gnu.testlet.java.lang.Long.LongTest: getLong (number 1)
FAIL: gnu.testlet.java.lang.Long.LongTest: getLong (number 2)
FAIL: gnu.testlet.java.lang.Long.LongTest: getLong (number 3)
FAIL: gnu.testlet.java.lang.Long.LongTest: getLong (number 4)
FAIL: gnu.testlet.java.lang.Long.LongTest: getLong (number 5)
FAIL: gnu.testlet.java.lang.Long.LongTest: getLong (number 6)
FAIL: gnu.testlet.java.lang.Long.getLong (number 1)
FAIL: gnu.testlet.java.lang.Long.getLong (number 2)
FAIL: gnu.testlet.java.lang.Long.getLong (number 4)
FAIL: gnu.testlet.java.lang.Long.getLong (number 6)
FAIL: gnu.testlet.java.lang.Long.getLong (number 7)
FAIL: gnu.testlet.java.lang.Long.getLong (number 8)
FAIL: gnu.testlet.java.lang.Math.MathTest: Error : test_pow failed - 9 (number 1)
FAIL: Compile gnu/testlet/java/lang/Math/min.o for gnu.testlet.java.lang.Math.min
WARNING: program timed out.
FAIL: gnu.testlet.java.lang.StringBuffer.plus (number 1)
FAIL: gnu.testlet.java.net.ServerSocket.ServerSocketTest: Error : test_params failed - 4toString did not return proper values  (number 1)
FAIL: gnu.testlet.java.net.Socket.SocketTest: Error : test_Basics failed - 7 exception should not have been thrown here (number 1)
FAIL: gnu.testlet.java.net.Socket.SocketTest: Error : test_params failed - 10 exception was thrown (number 1)
FAIL: gnu.testlet.java.net.Socket.SocketTest: Error : test_BasicServer failed - 7 len returned is not correct.  1 (number 1)
FAIL: gnu.testlet.java.net.URL.URLTest: openConnection (number 1)
FAIL: gnu.testlet.java.net.URL.URLTest: openConnection (number 2)
FAIL: gnu.testlet.java.net.URLConnection.URLConnectionTest: Error in test_getContentFunctions  - 1  content type was not correct  (number 1)
FAIL: gnu.testlet.java.net.URLConnection.URLConnectionTest: Error in test_getContentFunctions  - 3 size  was not correct  (number 1)
FAIL: gnu.testlet.java.net.URLConnection.URLConnectionTest: Error in test_getContentFunctions  - 4 getContent did not return proper results  (number 1)
FAIL: gnu.testlet.java.net.URLConnection.URLConnectionTest: Error in test_getHeaderField  - 0  0 header field wrong (number 1)
FAIL: gnu.testlet.java.net.URLConnection.URLConnectionTest: Error in test_getHeaderField  - 1  2 header field wrong (number 1)
FAIL: gnu.testlet.java.net.URLConnection.URLConnectionTest: Error in test_getHeaderField  - 3  5 header field wrong (number 1)
FAIL: gnu.testlet.java.net.URLConnection.URLConnectionTest: Error in test_getHeaderField  - 4  0 headerkey  field wrong (number 1)
FAIL: gnu.testlet.java.net.URLConnection.URLConnectionTest: Error in test_getHeaderField  - 7  3 headerkey field wrong (number 1)
FAIL: gnu.testlet.java.net.URLConnection.URLConnectionTest: Error in test_getHeaderField  - 8  4 headerkey field wrong (number 1)
FAIL: gnu.testlet.java.net.URLConnection.URLConnectionTest: Error in test_URLConnection  - 23  should not have raised  exception here  (number 1)
FAIL: Link for gnu.testlet.java.text.AttributedCharacterIterator.implement
FAIL: gnu.testlet.java.text.ChoiceFormat.format: uncaught exception at  number 1: java.lang.NumberFormatException: 1.0
FAIL: gnu.testlet.java.text.ChoiceFormat.parse: uncaught exception at  number 1: java.lang.NumberFormatException: 1.0
FAIL: gnu.testlet.java.text.Collator.GetSet: uncaught exception at  number 1: java.lang.NullPointerException
FAIL: gnu.testlet.java.text.DecimalFormat.parse (number 2)
FAIL: gnu.testlet.java.text.DecimalFormat.parse: pattern 0.# (number 2)
FAIL: gnu.testlet.java.text.DecimalFormat.parse: uncaught exception at "pattern 0.#" number 3: java.lang.NullPointerException
FAIL: gnu.testlet.java.text.MessageFormat.format: uncaught exception at "choice format" number 1: java.lang.NumberFormatException: 0
FAIL: gnu.testlet.java.text.RuleBasedCollator.VeryBasic: uncaught exception at  number 1: java.lang.NullPointerException
FAIL: gnu.testlet.java.util.AbstractList.AcuniaAbstractListTest: should not throw a ConcurrentModificationException -- 3 (number 1)
FAIL: gnu.testlet.java.util.AbstractList.AcuniaAbstractListTest: got unwanted exception java.util.ConcurrentModificationException (number 1)
FAIL: Link for gnu.testlet.java.util.AbstractMap.AcuniaAbstractMapTest
FAIL: gnu.testlet.java.util.AbstractSequentialList.AcuniaAbstractSequentialListTest: should throw a ConcurrentModificationException -- 7 (number 1)
FAIL: gnu.testlet.java.util.ArrayList.AcuniaArrayListTest: should throw a ConcurrentModificationException -- 7 (number 1)
FAIL: gnu.testlet.java.util.HashMap.AcuniaHashMapTest: checking value of loadFactor, got 1.5 (number 1)
FAIL: gnu.testlet.java.util.HashMap.AcuniaHashMapTest: it.hasNext should not throw ConcurrentModificationException (number 1)
FAIL: gnu.testlet.java.util.HashMap.AcuniaHashMapTest: should throw an UnsupportedOperationException (number 1)
FAIL: gnu.testlet.java.util.LinkedList.AcuniaLinkedListTest: should throw a ConcurrentModificationException -- 7 (number 1)
FAIL: gnu.testlet.java.util.Properties.AcuniaPropertiesTest: all elements were there (number 1)
FAIL: gnu.testlet.java.util.Properties.AcuniaPropertiesTest: all elements should be gone, got[40chars] (number 1)
FAIL: gnu.testlet.java.util.Properties.AcuniaPropertiesTest: checkvalue -- got:\$vier=\$ (number 1)
FAIL: gnu.testlet.java.util.Properties.AcuniaPropertiesTest: checkvalue -- got:\$=vier\$ (number 1)
FAIL: gnu.testlet.java.util.Properties.AcuniaPropertiesTest: check if all elements were found -- got: [dog=no\\cat   , 4=vier, vier=4] (number 1)
FAIL: gnu.testlet.java.util.Vector.AcuniaVectorTest: should throw a ConcurrentModificationException -- set (number 1)
FAIL: gnu.testlet.java.util.Vector.AcuniaVectorTest: should throw a ConcurrentModificationException -- setElementAt (number 1)

		=== libjava Summary ===

# of expected passes		8278
# of unexpected failures	81
# of expected failures		80
# of untested testcases		14
		=== libstdc++-v3 tests ===


Running target unix
XPASS: 22_locale/time_put_members_char.cc execution test
XPASS: 22_locale/time_put_members_wchar_t.cc execution test
FAIL: 26_numerics/c99_classification_macros_c.cc (test for excess errors)

		=== libstdc++-v3 Summary ===

# of expected passes		372
# of unexpected failures	1
# of unexpected successes	2
# of expected failures		23

Compiler version: 3.2 20020425 (experimental) 
Platform: ia64-unknown-linux-gnu
configure flags: --host=ia64-unknown-linux --prefix=/home/build/gcc_mainline/ia64/install --enable-shared --enable-threads

Red Hat Linux release 7.1.94 (Roswell)
Linux kernel 2.4.18
glibc-2.2.4
binutils-2.12.90.0.4
dejagnu-1.4.2
mauve-snapshot-2002-04-08


Index Nav: [Date Index] [Subject Index] [Author Index] [Thread Index]
Message Nav: [Date Prev] [Date Next] [Thread Prev] [Thread Next]