This is the mail archive of the gcc-testresults@gcc.gnu.org mailing list for the GCC project.


Index Nav: [Date Index] [Subject Index] [Author Index] [Thread Index]
Message Nav: [Date Prev] [Date Next] [Thread Prev] [Thread Next]
Other format: [Raw text]

Results for 3.1 20020423 (prerelease) testsuite on i686-pc-cygwin[SSE enabled]


BOOT_CFLAGS="-O2 -march=pentium3 -mfpmath=sse"

RUNTESTFLAGS="--tooloptions='-march=pentium3 -mfpmath=sse'"

LAST_UPDATED:
Native configuration is i686-pc-cygwin
		=== g++ tests ===

Running target unix
FAIL: g++.dg/ext/instantiate3.C scan-assembler-not
FAIL: g++.dg/special/conpr-1.C execution test
FAIL: g++.dg/special/conpr-2.C execution test
FAIL: g++.dg/special/conpr-3.C execution test
FAIL: g++.dg/special/conpr-3.C execution test
FAIL: g++.dg/special/initp1.C execution test
FAIL: g++.eh/badalloc1.C  Execution test
XPASS: g++.ext/attrib5.C  Execution test
XPASS: g++.jason/template18.C (test for excess errors)
XPASS: g++.jason/template18.C  Execution test

		=== g++ Summary ===
# of expected passes		7153
# of unexpected failures	7
# of unexpected successes	3
# of expected failures		85
# of untested testcases		15
# of unsupported tests		3
/cygdrive/c/tmp/gcc31/gcc/testsuite/../g++ version 3.1 20020423 (prerelease)
		=== g77 tests ===

Running target unix
FAIL: g77.dg/20010216-1.f (test for excess errors)
FAIL: g77.dg/20010216-1.f (test for excess errors)
FAIL: g77.dg/20010216-1.f (test for excess errors)
FAIL: g77.dg/20010216-1.f (test for excess errors)
FAIL: g77.dg/20010216-1.f (test for excess errors)
FAIL: g77.dg/20010216-1.f (test for excess errors)
FAIL: g77.dg/20010216-1.f (test for excess errors)
FAIL: g77.dg/20010216-1.f (test for excess errors)

		=== g77 Summary ===
# of expected passes		1460
# of unexpected failures	8
/cygdrive/c/tmp/gcc31/gcc/testsuite/../g77 version 3.1 20020423 (prerelease)
		=== gcc tests ===

Running target unix
FAIL: gcc.c-torture/execute/20020307-2.c execution,  -O1
FAIL: gcc.c-torture/execute/20020307-2.c execution,  -O2
FAIL: gcc.c-torture/execute/20020307-2.c execution,  -O3 -fomit-frame-pointer
FAIL: gcc.c-torture/execute/20020307-2.c execution,  -O3 -fomit-frame-pointer -funroll-loops
FAIL: gcc.c-torture/execute/20020307-2.c execution,  -O3 -fomit-frame-pointer -funroll-all-loops -finline-functions
FAIL: gcc.c-torture/execute/20020307-2.c execution,  -O3 -g
FAIL: gcc.c-torture/execute/20020402-1.c execution,  -Os
XPASS: gcc.c-torture/execute/loop-2e.c execution,  -Os
FAIL: gcc.dg/i386-387-1.c scan-assembler call	_?sin
FAIL: gcc.dg/i386-387-1.c scan-assembler call	_?cos
FAIL: gcc.dg/i386-387-1.c scan-assembler call	_?sqrt
FAIL: gcc.misc-tests/i386-pf-none-1.c scan-assembler-not fetch
FAIL: gcc.misc-tests/i386-pf-none-1.c scan-assembler-not fetch
FAIL: gcc.misc-tests/i386-pf-none-1.c scan-assembler-not fetch
FAIL: gcc.misc-tests/i386-pf-none-1.c scan-assembler-not fetch
FAIL: gcc.misc-tests/i386-pf-none-1.c scan-assembler-not fetch
FAIL: gcc.misc-tests/i386-pf-none-1.c scan-assembler-not fetch
FAIL: gcc.misc-tests/i386-pf-none-1.c scan-assembler-not fetch
FAIL: gcc.misc-tests/i386-pf-none-1.c scan-assembler-not fetch
FAIL: gcc.misc-tests/i386-pf-none-1.c scan-assembler-not fetch
FAIL: gcc.misc-tests/i386-pf-none-1.c scan-assembler-not fetch
FAIL: gcc.misc-tests/i386-pf-none-1.c scan-assembler-not fetch
FAIL: gcc.misc-tests/i386-pf-none-1.c scan-assembler-not fetch
FAIL: gcc.misc-tests/i386-pf-none-1.c scan-assembler-not fetch
FAIL: gcc.misc-tests/i386-pf-none-1.c scan-assembler-not fetch
FAIL: gcc.misc-tests/i386-pf-3dnow-1.c scan-assembler prefetchw
FAIL: gcc.misc-tests/i386-pf-3dnow-1.c scan-assembler-not prefetchnta
FAIL: gcc.misc-tests/i386-pf-3dnow-1.c scan-assembler-not prefetcht
FAIL: gcc.misc-tests/i386-pf-3dnow-1.c scan-assembler prefetchw
FAIL: gcc.misc-tests/i386-pf-3dnow-1.c scan-assembler-not prefetchnta
FAIL: gcc.misc-tests/i386-pf-3dnow-1.c scan-assembler-not prefetcht
FAIL: gcc.misc-tests/i386-pf-athlon-1.c scan-assembler prefetchw
FAIL: gcc.misc-tests/i386-pf-athlon-1.c scan-assembler prefetchw

		=== gcc Summary ===
# of expected passes		18277
# of unexpected failures	32
# of unexpected successes	1
# of expected failures		65
# of unsupported tests		48
/cygdrive/c/tmp/gcc31/gcc/xgcc version 3.1 20020423 (prerelease)
		=== objc tests ===

Running target unix

		=== objc Summary ===
# of expected passes		1036
# of expected failures		6
/cygdrive/c/tmp/gcc31/gcc/xgcc version 3.1 20020423 (prerelease)
		=== libstdc++-v3 tests ===

Running target unix
ERROR: tcl error sourcing /cygdrive/c/tmp/gcc-3.1-20020423/libstdc++-v3/testsuite/libstdc++-v3.dg/dg.exp.
ERROR: couldn't compile regular expression pattern: nested *?+

		=== libstdc++-v3 Summary ===

Compiler version: 3.1 20020423 (prerelease)
Platform: i686-pc-cygwin
configure flags: --host=i686-pc-cygwin --enable-threads --disable-nls --with-included-zlib --disable-checking mv /cygdrive/c/tmp/gcc31/./gcc/testsuite/gcc.sum /cygdrive/c/tmp/gcc31/./gcc/testsuite/gcc.sum.sent &&


Index Nav: [Date Index] [Subject Index] [Author Index] [Thread Index]
Message Nav: [Date Prev] [Date Next] [Thread Prev] [Thread Next]