This is the mail archive of the
gcc-testresults@gcc.gnu.org
mailing list for the GCC project.
Results for 3.1 20020423 (prerelease) testsuite on powerpc-unknown-eabisim
- From: Hans-Peter Nilsson <hp at bitrange dot com>
- To: <gcc-testresults at gcc dot gnu dot org>
- Date: Wed, 24 Apr 2002 19:13:35 -0400 (EDT)
- Subject: Results for 3.1 20020423 (prerelease) testsuite on powerpc-unknown-eabisim
Variations may appear at times due to local patches applied to GCC,
testsuite and DejaGNU. Host compiler is pristine gcc-2.95.3, C only.
LAST_UPDATED: Tue Apr 23 19:21:05 GMT 2002
Target is powerpc-unknown-eabisim
Host is i686-pc-linux-gnu
=== g77 tests ===
Running target powerpc-sim
FAIL: g77.dg/bprob/bprob-1.f compilation, -g -fprofile-arcs
UNRESOLVED: g77.dg/bprob/bprob-1.f execution, -g -fprofile-arcs
UNRESOLVED: g77.dg/bprob/bprob-1.f compilation, -g -fbranch-probabilities
UNRESOLVED: g77.dg/bprob/bprob-1.f execution, -g -fbranch-probabilities
FAIL: g77.dg/bprob/bprob-1.f compilation, -O0 -fprofile-arcs
UNRESOLVED: g77.dg/bprob/bprob-1.f execution, -O0 -fprofile-arcs
UNRESOLVED: g77.dg/bprob/bprob-1.f compilation, -O0 -fbranch-probabilities
UNRESOLVED: g77.dg/bprob/bprob-1.f execution, -O0 -fbranch-probabilities
FAIL: g77.dg/bprob/bprob-1.f compilation, -O1 -fprofile-arcs
UNRESOLVED: g77.dg/bprob/bprob-1.f execution, -O1 -fprofile-arcs
UNRESOLVED: g77.dg/bprob/bprob-1.f compilation, -O1 -fbranch-probabilities
UNRESOLVED: g77.dg/bprob/bprob-1.f execution, -O1 -fbranch-probabilities
FAIL: g77.dg/bprob/bprob-1.f compilation, -O2 -fprofile-arcs
UNRESOLVED: g77.dg/bprob/bprob-1.f execution, -O2 -fprofile-arcs
UNRESOLVED: g77.dg/bprob/bprob-1.f compilation, -O2 -fbranch-probabilities
UNRESOLVED: g77.dg/bprob/bprob-1.f execution, -O2 -fbranch-probabilities
FAIL: g77.dg/bprob/bprob-1.f compilation, -O3 -fprofile-arcs
UNRESOLVED: g77.dg/bprob/bprob-1.f execution, -O3 -fprofile-arcs
UNRESOLVED: g77.dg/bprob/bprob-1.f compilation, -O3 -fbranch-probabilities
UNRESOLVED: g77.dg/bprob/bprob-1.f execution, -O3 -fbranch-probabilities
FAIL: g77.dg/bprob/bprob-1.f compilation, -O3 -g -fprofile-arcs
UNRESOLVED: g77.dg/bprob/bprob-1.f execution, -O3 -g -fprofile-arcs
UNRESOLVED: g77.dg/bprob/bprob-1.f compilation, -O3 -g -fbranch-probabilities
UNRESOLVED: g77.dg/bprob/bprob-1.f execution, -O3 -g -fbranch-probabilities
FAIL: g77.dg/bprob/bprob-1.f compilation, -Os -fprofile-arcs
UNRESOLVED: g77.dg/bprob/bprob-1.f execution, -Os -fprofile-arcs
UNRESOLVED: g77.dg/bprob/bprob-1.f compilation, -Os -fbranch-probabilities
UNRESOLVED: g77.dg/bprob/bprob-1.f execution, -Os -fbranch-probabilities
FAIL: g77.dg/f77-edit-i-in.f execution test
FAIL: g77.dg/f77-edit-i-in.f execution test
FAIL: g77.dg/f77-edit-i-in.f execution test
FAIL: g77.dg/f77-edit-i-in.f execution test
FAIL: g77.dg/f77-edit-i-in.f execution test
FAIL: g77.dg/f77-edit-i-in.f execution test
FAIL: g77.f-torture/execute/20001201.f execution, -O0
FAIL: g77.f-torture/execute/20001201.f execution, -O1
FAIL: g77.f-torture/execute/20001201.f execution, -O2
FAIL: g77.f-torture/execute/20001201.f execution, -O3 -fomit-frame-pointer
FAIL: g77.f-torture/execute/20001201.f execution, -O3 -g
FAIL: g77.f-torture/execute/20001201.f execution, -Os
FAIL: g77.f-torture/execute/io0.f execution, -O0
FAIL: g77.f-torture/execute/io0.f execution, -O1
FAIL: g77.f-torture/execute/io0.f execution, -O2
FAIL: g77.f-torture/execute/io0.f execution, -O3 -fomit-frame-pointer
FAIL: g77.f-torture/execute/io0.f execution, -O3 -g
FAIL: g77.f-torture/execute/io0.f execution, -Os
FAIL: g77.f-torture/execute/io1.f execution, -O0
FAIL: g77.f-torture/execute/io1.f execution, -O1
FAIL: g77.f-torture/execute/io1.f execution, -O2
FAIL: g77.f-torture/execute/io1.f execution, -O3 -fomit-frame-pointer
FAIL: g77.f-torture/execute/io1.f execution, -O3 -g
FAIL: g77.f-torture/execute/io1.f execution, -Os
FAIL: g77.f-torture/execute/u77-test.f compilation, -O0
FAIL: g77.f-torture/execute/u77-test.f compilation, -O1
FAIL: g77.f-torture/execute/u77-test.f compilation, -O2
FAIL: g77.f-torture/execute/u77-test.f compilation, -O3 -fomit-frame-pointer
FAIL: g77.f-torture/execute/u77-test.f compilation, -O3 -fomit-frame-pointer -funroll-loops
FAIL: g77.f-torture/execute/u77-test.f compilation, -O3 -fomit-frame-pointer -funroll-all-loops -finline-functions
FAIL: g77.f-torture/execute/u77-test.f compilation, -O3 -g
FAIL: g77.f-torture/execute/u77-test.f compilation, -Os
=== g77 Summary ===
# of expected passes 1295
# of unexpected failures 39
# of expected failures 46
# of unresolved testcases 21
# of untested testcases 48
# of unsupported tests 9
/mnt/miscb4/builds3/b31/powerpc-sim/gcc/testsuite/../g77 version 3.1 20020423 (prerelease)
Host is i686-pc-linux-gnu
=== gcc tests ===
Running target powerpc-sim
FAIL: gcc.dg/20020103-1.c scan-assembler-not LC
FAIL: gcc.dg/20020118-1.c execution test
FAIL: gcc.dg/20020312-2.c (test for excess errors)
WARNING: gcc.dg/20020312-2.c compilation failed to produce executable
FAIL: gcc.dg/asm-names.c (test for excess errors)
FAIL: gcc.dg/wchar_t-1.c (test for excess errors)
FAIL: gcc.dg/wint_t-1.c (test for excess errors)
FAIL: gcc.misc-tests/bprob-1.c compilation, -g -fprofile-arcs
UNRESOLVED: gcc.misc-tests/bprob-1.c execution, -g -fprofile-arcs
UNRESOLVED: gcc.misc-tests/bprob-1.c compilation, -g -fbranch-probabilities
UNRESOLVED: gcc.misc-tests/bprob-1.c execution, -g -fbranch-probabilities
FAIL: gcc.misc-tests/bprob-1.c compilation, -O0 -fprofile-arcs
UNRESOLVED: gcc.misc-tests/bprob-1.c execution, -O0 -fprofile-arcs
UNRESOLVED: gcc.misc-tests/bprob-1.c compilation, -O0 -fbranch-probabilities
UNRESOLVED: gcc.misc-tests/bprob-1.c execution, -O0 -fbranch-probabilities
FAIL: gcc.misc-tests/bprob-1.c compilation, -O1 -fprofile-arcs
UNRESOLVED: gcc.misc-tests/bprob-1.c execution, -O1 -fprofile-arcs
UNRESOLVED: gcc.misc-tests/bprob-1.c compilation, -O1 -fbranch-probabilities
UNRESOLVED: gcc.misc-tests/bprob-1.c execution, -O1 -fbranch-probabilities
FAIL: gcc.misc-tests/bprob-1.c compilation, -O2 -DPERFTIME -fprofile-arcs
UNRESOLVED: gcc.misc-tests/bprob-1.c execution, -O2 -DPERFTIME -fprofile-arcs
UNRESOLVED: gcc.misc-tests/bprob-1.c compilation, -O2 -DPERFTIME -fbranch-probabilities
UNRESOLVED: gcc.misc-tests/bprob-1.c execution, -O2 -DPERFTIME -fbranch-probabilities
FAIL: gcc.misc-tests/bprob-1.c compilation, -O3 -DPERFTIME -fprofile-arcs
UNRESOLVED: gcc.misc-tests/bprob-1.c execution, -O3 -DPERFTIME -fprofile-arcs
UNRESOLVED: gcc.misc-tests/bprob-1.c compilation, -O3 -DPERFTIME -fbranch-probabilities
UNRESOLVED: gcc.misc-tests/bprob-1.c execution, -O3 -DPERFTIME -fbranch-probabilities
FAIL: gcc.misc-tests/bprob-1.c compilation, -O3 -g -DPERFTIME -fprofile-arcs
UNRESOLVED: gcc.misc-tests/bprob-1.c execution, -O3 -g -DPERFTIME -fprofile-arcs
UNRESOLVED: gcc.misc-tests/bprob-1.c compilation, -O3 -g -DPERFTIME -fbranch-probabilities
UNRESOLVED: gcc.misc-tests/bprob-1.c execution, -O3 -g -DPERFTIME -fbranch-probabilities
FAIL: gcc.misc-tests/bprob-1.c compilation, -Os -fprofile-arcs
UNRESOLVED: gcc.misc-tests/bprob-1.c execution, -Os -fprofile-arcs
UNRESOLVED: gcc.misc-tests/bprob-1.c compilation, -Os -fbranch-probabilities
UNRESOLVED: gcc.misc-tests/bprob-1.c execution, -Os -fbranch-probabilities
FAIL: gcc.misc-tests/bprob-2.c compilation, -g -fprofile-arcs
UNRESOLVED: gcc.misc-tests/bprob-2.c execution, -g -fprofile-arcs
UNRESOLVED: gcc.misc-tests/bprob-2.c compilation, -g -fbranch-probabilities
UNRESOLVED: gcc.misc-tests/bprob-2.c execution, -g -fbranch-probabilities
FAIL: gcc.misc-tests/bprob-2.c compilation, -O0 -fprofile-arcs
UNRESOLVED: gcc.misc-tests/bprob-2.c execution, -O0 -fprofile-arcs
UNRESOLVED: gcc.misc-tests/bprob-2.c compilation, -O0 -fbranch-probabilities
UNRESOLVED: gcc.misc-tests/bprob-2.c execution, -O0 -fbranch-probabilities
FAIL: gcc.misc-tests/bprob-2.c compilation, -O1 -fprofile-arcs
UNRESOLVED: gcc.misc-tests/bprob-2.c execution, -O1 -fprofile-arcs
UNRESOLVED: gcc.misc-tests/bprob-2.c compilation, -O1 -fbranch-probabilities
UNRESOLVED: gcc.misc-tests/bprob-2.c execution, -O1 -fbranch-probabilities
FAIL: gcc.misc-tests/bprob-2.c compilation, -O2 -DPERFTIME -fprofile-arcs
UNRESOLVED: gcc.misc-tests/bprob-2.c execution, -O2 -DPERFTIME -fprofile-arcs
UNRESOLVED: gcc.misc-tests/bprob-2.c compilation, -O2 -DPERFTIME -fbranch-probabilities
UNRESOLVED: gcc.misc-tests/bprob-2.c execution, -O2 -DPERFTIME -fbranch-probabilities
FAIL: gcc.misc-tests/bprob-2.c compilation, -O3 -DPERFTIME -fprofile-arcs
UNRESOLVED: gcc.misc-tests/bprob-2.c execution, -O3 -DPERFTIME -fprofile-arcs
UNRESOLVED: gcc.misc-tests/bprob-2.c compilation, -O3 -DPERFTIME -fbranch-probabilities
UNRESOLVED: gcc.misc-tests/bprob-2.c execution, -O3 -DPERFTIME -fbranch-probabilities
FAIL: gcc.misc-tests/bprob-2.c compilation, -O3 -g -DPERFTIME -fprofile-arcs
UNRESOLVED: gcc.misc-tests/bprob-2.c execution, -O3 -g -DPERFTIME -fprofile-arcs
UNRESOLVED: gcc.misc-tests/bprob-2.c compilation, -O3 -g -DPERFTIME -fbranch-probabilities
UNRESOLVED: gcc.misc-tests/bprob-2.c execution, -O3 -g -DPERFTIME -fbranch-probabilities
FAIL: gcc.misc-tests/bprob-2.c compilation, -Os -fprofile-arcs
UNRESOLVED: gcc.misc-tests/bprob-2.c execution, -Os -fprofile-arcs
UNRESOLVED: gcc.misc-tests/bprob-2.c compilation, -Os -fbranch-probabilities
UNRESOLVED: gcc.misc-tests/bprob-2.c execution, -Os -fbranch-probabilities
=== gcc Summary ===
# of expected passes 18085
# of unexpected failures 20
# of expected failures 62
# of unresolved testcases 42
# of unsupported tests 116
/mnt/miscb4/builds3/b31/powerpc-sim/gcc/xgcc version 3.1 20020423 (prerelease)
Host is i686-pc-linux-gnu
=== g++ tests ===
Running target powerpc-sim
FAIL: g++.pt/static11.C Execution test
=== g++ Summary ===
# of expected passes 7138
# of unexpected failures 1
# of expected failures 86
# of untested testcases 29
# of unsupported tests 4
/mnt/miscb4/builds3/b31/powerpc-sim/gcc/testsuite/../g++ version 3.1 20020423 (prerelease)
Host is i686-pc-linux-gnu
=== objc tests ===
Running target powerpc-sim
=== objc Summary ===
# of expected passes 1036
# of expected failures 6
/mnt/miscb4/builds3/b31/powerpc-sim/gcc/xgcc version 3.1 20020423 (prerelease)
Host is powerpc-unknown-eabisim
=== libstdc++-v3 tests ===
Running target powerpc-sim
FAIL: 21_strings/ctor_copy_dtor.cc execution test
FAIL: 21_strings/insert.cc execution test
XPASS: 22_locale/collate_members_wchar_t.cc execution test
XPASS: 22_locale/money_get_members_wchar_t.cc execution test
XPASS: 22_locale/money_put_members_wchar_t.cc execution test
XPASS: 22_locale/moneypunct_members_wchar_t.cc execution test
XPASS: 22_locale/num_get_members_wchar_t.cc execution test
XPASS: 22_locale/num_put_members_wchar_t.cc execution test
XPASS: 22_locale/numpunct_members_wchar_t.cc execution test
XPASS: 22_locale/time_get_members_wchar_t.cc execution test
XPASS: 22_locale/time_put_members_wchar_t.cc execution test
FAIL: 27_io/filebuf_members.cc (test for excess errors)
WARNING: 27_io/filebuf_members.cc compilation failed to produce executable
FAIL: 27_io/filebuf_virtuals.cc execution test
FAIL: 27_io/ios_base_storage.cc execution test
FAIL: 27_io/istream_seeks.cc execution test
FAIL: 27_io/ostream_seeks.cc execution test
=== libstdc++-v3 Summary ===
# of expected passes 353
# of unexpected failures 7
# of unexpected successes 9
# of expected failures 16
# of unsupported tests 6
Compiler version: 3.1 20020423 (prerelease)
Platform: powerpc-unknown-eabisim
configure flags: --host=i686-pc-linux-gnu --enable-checking=yes --target=powerpc-eabisim --prefix=/home/hp/builds3/b31/powerpc-sim/../install-ppceabisim