This is the mail archive of the gcc-testresults@gcc.gnu.org mailing list for the GCC project.


Index Nav: [Date Index] [Subject Index] [Author Index] [Thread Index]
Message Nav: [Date Prev] [Date Next] [Thread Prev] [Thread Next]
Other format: [Raw text]

Results for 3.1 20020424 (prerelease) testsuite on mips-sgi-irix6.5


LAST_UPDATED: Wed Apr 24 17:38:38 UTC 2002

Native configuration is mips-sgi-irix6.5

		=== g++ tests ===


Running target unix
FAIL: g++.benjamin/14664-1.C // ERROR - (test for errors, line 12)

		=== g++ Summary for unix ===

# of expected passes		7005
# of unexpected failures	1
# of expected failures		96
# of untested testcases		23
# of unsupported tests		4

Running target unix/-mabi=64
FAIL: g++.benjamin/14664-1.C // ERROR - (test for errors, line 12)

		=== g++ Summary for unix/-mabi=64 ===

# of expected passes		7005
# of unexpected failures	1
# of expected failures		96
# of untested testcases		23
# of unsupported tests		4

		=== g++ Summary ===

# of expected passes		14010
# of unexpected failures	2
# of expected failures		192
# of untested testcases		46
# of unsupported tests		8
/holodeck/work/law/rth/build/gcc/testsuite/../g++ version 3.1 20020424 (prerelease)

		=== g77 tests ===


Running target unix

		=== g77 Summary for unix ===

# of expected passes		1452
# of unsupported tests		8

Running target unix/-mabi=64
FAIL: g77.f-torture/execute/970625-2.f execution,  -O0 
FAIL: g77.f-torture/execute/970625-2.f execution,  -O1 
FAIL: g77.f-torture/execute/970625-2.f execution,  -O2 
FAIL: g77.f-torture/execute/970625-2.f execution,  -O3 -fomit-frame-pointer 
FAIL: g77.f-torture/execute/970625-2.f execution,  -O3 -fomit-frame-pointer -funroll-loops 
FAIL: g77.f-torture/execute/970625-2.f execution,  -O3 -fomit-frame-pointer -funroll-all-loops -finline-functions 
FAIL: g77.f-torture/execute/970625-2.f execution,  -O3 -g 
FAIL: g77.f-torture/execute/970625-2.f execution,  -Os 
FAIL: g77.f-torture/execute/auto0.f execution,  -O0 
FAIL: g77.f-torture/execute/auto0.f execution,  -O1 
FAIL: g77.f-torture/execute/auto0.f execution,  -Os 
FAIL: g77.f-torture/execute/auto1.f execution,  -O0 
FAIL: g77.f-torture/execute/auto1.f execution,  -O1 
FAIL: g77.f-torture/execute/auto1.f execution,  -Os 

		=== g77 Summary for unix/-mabi=64 ===

# of expected passes		1438
# of unexpected failures	14
# of unsupported tests		8

		=== g77 Summary ===

# of expected passes		2890
# of unexpected failures	14
# of unsupported tests		16
/holodeck/work/law/rth/build/gcc/testsuite/../g77 version 3.1 20020424 (prerelease)

		=== gcc tests ===


Running target unix
FAIL: gcc.c-torture/compile/labels-3.c,  -O0  
FAIL: gcc.c-torture/compile/labels-3.c,  -O1  
FAIL: gcc.c-torture/compile/labels-3.c,  -O2  
FAIL: gcc.c-torture/compile/labels-3.c,  -O3 -fomit-frame-pointer  
FAIL: gcc.c-torture/compile/labels-3.c,  -O3 -g  
FAIL: gcc.c-torture/compile/labels-3.c,  -Os  
FAIL: gcc.c-torture/execute/20020227-1.c execution,  -O0 
FAIL: gcc.c-torture/execute/20020227-1.c execution,  -O1 
FAIL: gcc.c-torture/execute/20020227-1.c execution,  -O2 
FAIL: gcc.c-torture/execute/20020227-1.c execution,  -O3 -fomit-frame-pointer 
FAIL: gcc.c-torture/execute/20020227-1.c execution,  -O3 -g 
FAIL: gcc.c-torture/execute/20020227-1.c execution,  -Os 
FAIL: gcc.c-torture/execute/20020307-2.c execution,  -O0 
FAIL: gcc.c-torture/execute/20020307-2.c execution,  -O1 
FAIL: gcc.c-torture/execute/20020307-2.c execution,  -O2 
FAIL: gcc.c-torture/execute/20020307-2.c execution,  -O3 -fomit-frame-pointer 
FAIL: gcc.c-torture/execute/20020307-2.c execution,  -O3 -fomit-frame-pointer -funroll-loops 
FAIL: gcc.c-torture/execute/20020307-2.c execution,  -O3 -fomit-frame-pointer -funroll-all-loops -finline-functions 
FAIL: gcc.c-torture/execute/20020307-2.c execution,  -O3 -g 
FAIL: gcc.c-torture/execute/20020307-2.c execution,  -Os 

		=== gcc Summary for unix ===

# of expected passes		17778
# of unexpected failures	20
# of expected failures		91
# of unsupported tests		120

Running target unix/-mabi=64
FAIL: gcc.c-torture/compile/labels-3.c,  -O0  
FAIL: gcc.c-torture/compile/labels-3.c,  -O1  
FAIL: gcc.c-torture/compile/labels-3.c,  -O2  
FAIL: gcc.c-torture/compile/labels-3.c,  -O3 -fomit-frame-pointer  
FAIL: gcc.c-torture/compile/labels-3.c,  -O3 -g  
FAIL: gcc.c-torture/compile/labels-3.c,  -Os  
FAIL: gcc.c-torture/execute/20020227-1.c execution,  -O0 
FAIL: gcc.c-torture/execute/20020227-1.c execution,  -O1 
FAIL: gcc.c-torture/execute/20020227-1.c execution,  -O2 
FAIL: gcc.c-torture/execute/20020227-1.c execution,  -O3 -fomit-frame-pointer 
FAIL: gcc.c-torture/execute/20020227-1.c execution,  -O3 -g 
FAIL: gcc.c-torture/execute/20020227-1.c execution,  -Os 
FAIL: gcc.c-torture/execute/20020307-2.c execution,  -O0 
FAIL: gcc.c-torture/execute/20020307-2.c execution,  -O1 
FAIL: gcc.c-torture/execute/20020307-2.c execution,  -O2 
FAIL: gcc.c-torture/execute/20020307-2.c execution,  -O3 -fomit-frame-pointer 
FAIL: gcc.c-torture/execute/20020307-2.c execution,  -O3 -fomit-frame-pointer -funroll-loops 
FAIL: gcc.c-torture/execute/20020307-2.c execution,  -O3 -fomit-frame-pointer -funroll-all-loops -finline-functions 
FAIL: gcc.c-torture/execute/20020307-2.c execution,  -O3 -g 
FAIL: gcc.c-torture/execute/20020307-2.c execution,  -Os 
XPASS: gcc.dg/c99-intconst-1.c (test for excess errors)

		=== gcc Summary for unix/-mabi=64 ===

# of expected passes		17778
# of unexpected failures	20
# of unexpected successes	1
# of expected failures		90
# of unsupported tests		120

		=== gcc Summary ===

# of expected passes		35556
# of unexpected failures	40
# of unexpected successes	1
# of expected failures		181
# of unsupported tests		240
/holodeck/work/law/rth/build/gcc/xgcc version 3.1 20020424 (prerelease)

		=== objc tests ===


Running target unix

		=== objc Summary for unix ===

# of expected passes		1036
# of expected failures		6

Running target unix/-mabi=64

		=== objc Summary for unix/-mabi=64 ===

# of expected passes		1036
# of expected failures		6

		=== objc Summary ===

# of expected passes		2072
# of expected failures		12
/holodeck/work/law/rth/build/gcc/xgcc version 3.1 20020424 (prerelease)

		=== libstdc++-v3 tests ===


Running target unix
XPASS: 22_locale/collate_members_wchar_t.cc execution test
XPASS: 22_locale/money_get_members_wchar_t.cc execution test
XPASS: 22_locale/money_put_members_wchar_t.cc execution test
XPASS: 22_locale/moneypunct_members_wchar_t.cc execution test
XPASS: 22_locale/num_get_members_wchar_t.cc execution test
XPASS: 22_locale/num_put_members_wchar_t.cc execution test
XPASS: 22_locale/numpunct_members_wchar_t.cc execution test
XPASS: 22_locale/time_get_members_wchar_t.cc execution test
XPASS: 22_locale/time_put_members_wchar_t.cc execution test
FAIL: 27_io/ostream_inserter_arith.cc execution test

		=== libstdc++-v3 Summary for unix ===

# of expected passes		360
# of unexpected failures	1
# of unexpected successes	9
# of expected failures		16
# of unsupported tests		6

Running target unix/-mabi=64
XPASS: 22_locale/collate_members_wchar_t.cc execution test
XPASS: 22_locale/money_get_members_wchar_t.cc execution test
XPASS: 22_locale/money_put_members_wchar_t.cc execution test
XPASS: 22_locale/moneypunct_members_wchar_t.cc execution test
XPASS: 22_locale/num_get_members_wchar_t.cc execution test
XPASS: 22_locale/num_put_members_wchar_t.cc execution test
XPASS: 22_locale/numpunct_members_wchar_t.cc execution test
XPASS: 22_locale/time_get_members_wchar_t.cc execution test
XPASS: 22_locale/time_put_members_wchar_t.cc execution test
FAIL: 27_io/ostream_inserter_arith.cc execution test

		=== libstdc++-v3 Summary for unix/-mabi=64 ===

# of expected passes		360
# of unexpected failures	1
# of unexpected successes	9
# of expected failures		16
# of unsupported tests		6

		=== libstdc++-v3 Summary ===

# of expected passes		720
# of unexpected failures	2
# of unexpected successes	18
# of expected failures		32
# of unsupported tests		12

Compiler version: 3.1 20020424 (prerelease) 
Platform: mips-sgi-irix6.5
configure flags: --host=mips-sgi-irix6.5 --prefix=/holodeck/work/law/rth/run --enable-threads --disable-shared


Index Nav: [Date Index] [Subject Index] [Author Index] [Thread Index]
Message Nav: [Date Prev] [Date Next] [Thread Prev] [Thread Next]