This is the mail archive of the gcc-testresults@gcc.gnu.org mailing list for the GCC project.


Index Nav: [Date Index] [Subject Index] [Author Index] [Thread Index]
Message Nav: [Date Prev] [Date Next] [Thread Prev] [Thread Next]
Other format: [Raw text]

Results for 3.1 20020424 (prerelease) testsuite on i486-pc-linux-gnu


LAST_UPDATED: Wed Apr 24 18:25:50 UTC 2002

Native configuration is i486-pc-linux-gnu

		=== g++ tests ===


Running target unix
FAIL: g++.benjamin/14664-1.C // ERROR - (test for errors, line 12)

		=== g++ Summary ===

# of expected passes		7168
# of unexpected failures	1
# of expected failures		88
# of untested testcases		9
# of unsupported tests		3
/frothingslosh/rth/gcc/build/3.1/gcc/testsuite/../g++ version 3.1 20020424 (prerelease)

		=== g77 tests ===


Running target unix

		=== g77 Summary ===

# of expected passes		1452
# of unsupported tests		8
/frothingslosh/rth/gcc/build/3.1/gcc/testsuite/../g77 version 3.1 20020424 (prerelease)

		=== gcc tests ===


Running target unix
FAIL: gcc.c-torture/execute/20020402-1.c execution,  -Os 
FAIL: gcc.c-torture/execute/loop-2c.c execution,  -Os 
FAIL: gcc.c-torture/execute/loop-2d.c execution,  -Os 
FAIL: gcc.c-torture/execute/loop-2e.c execution,  -Os 
FAIL: gcc.c-torture/execute/loop-3c.c execution,  -Os 

		=== gcc Summary ===

# of expected passes		18333
# of unexpected failures	5
# of expected failures		62
# of unsupported tests		43
/frothingslosh/rth/gcc/build/3.1/gcc/xgcc version 3.1 20020424 (prerelease)

		=== objc tests ===


Running target unix

		=== objc Summary ===

# of expected passes		1036
# of expected failures		6
/frothingslosh/rth/gcc/build/3.1/gcc/xgcc version 3.1 20020424 (prerelease)

		=== libjava tests ===


Running target unix
FAIL: cxxtest output

		=== libjava Summary ===

# of expected passes		2074
# of unexpected failures	1
# of expected failures		18
# of untested testcases		14
		=== libstdc++-v3 tests ===


Running target unix
XPASS: 22_locale/ctype_members_char.cc execution test
XPASS: 22_locale/members.cc execution test
XPASS: 22_locale/messages_byname.cc execution test
XPASS: 22_locale/messages_members_char.cc execution test
XPASS: 22_locale/money_get_members_char.cc execution test
XPASS: 22_locale/money_get_members_wchar_t.cc execution test
XPASS: 22_locale/money_put_members_char.cc execution test
XPASS: 22_locale/money_put_members_wchar_t.cc execution test
XPASS: 22_locale/moneypunct_byname.cc execution test
XPASS: 22_locale/moneypunct_members_char.cc execution test
XPASS: 22_locale/moneypunct_members_wchar_t.cc execution test
XPASS: 22_locale/num_get_members_char.cc execution test
XPASS: 22_locale/num_get_members_wchar_t.cc execution test
XPASS: 22_locale/num_put_members_char.cc execution test
XPASS: 22_locale/num_put_members_wchar_t.cc execution test
XPASS: 22_locale/numpunct_byname.cc execution test
XPASS: 22_locale/numpunct_members_char.cc execution test
XPASS: 22_locale/numpunct_members_wchar_t.cc execution test
XPASS: 22_locale/time_get_members_char.cc execution test
XPASS: 22_locale/time_get_members_wchar_t.cc execution test
XPASS: 22_locale/time_put_members_char.cc execution test
XPASS: 22_locale/time_put_members_wchar_t.cc execution test
FAIL: 26_numerics/c99_classification_macros_c.cc (test for excess errors)

		=== libstdc++-v3 Summary ===

# of expected passes		372
# of unexpected failures	1
# of unexpected successes	22
# of expected failures		3

Compiler version: 3.1 20020424 (prerelease) 
Platform: i486-pc-linux-gnu
configure flags: --host=i486-pc-linux-gnu --prefix=/frothingslosh/H-i686-linux --enable-threads


Index Nav: [Date Index] [Subject Index] [Author Index] [Thread Index]
Message Nav: [Date Prev] [Date Next] [Thread Prev] [Thread Next]