This is the mail archive of the gcc-testresults@gcc.gnu.org mailing list for the GCC project.


Index Nav: [Date Index] [Subject Index] [Author Index] [Thread Index]
Message Nav: [Date Prev] [Date Next] [Thread Prev] [Thread Next]
Other format: [Raw text]

Results for 3.1 20020422 (prerelease) testsuite on alphaev6-unknown-linux-gnu


Native configuration is alphaev6-unknown-linux-gnu

		=== binutils tests ===


Running target unix

		=== binutils Summary ===

# of expected passes		31
# of expected failures		1
		=== g++ tests ===


Running target unix
FAIL: g++.dg/ext/asm1.C (test for excess errors)

		=== g++ Summary ===

# of expected passes		356
# of unexpected failures	1
# of expected failures		1
# of unresolved testcases	1
# of unsupported tests		1
/tmp/egcs/gcc/testsuite/../g++ version 3.1 20020422 (prerelease)

		=== g77 tests ===


Running target unix
FAIL: g77.f-torture/execute/6367.f execution,  -O0 
FAIL: g77.f-torture/execute/6367.f execution,  -O1 
FAIL: g77.f-torture/execute/6367.f execution,  -O2 
FAIL: g77.f-torture/execute/6367.f execution,  -O3 -fomit-frame-pointer 
FAIL: g77.f-torture/execute/6367.f execution,  -O3 -fomit-frame-pointer -funroll-loops 
FAIL: g77.f-torture/execute/6367.f execution,  -O3 -fomit-frame-pointer -funroll-all-loops -finline-functions 
FAIL: g77.f-torture/execute/6367.f execution,  -O3 -g 
FAIL: g77.f-torture/execute/6367.f execution,  -Os 

		=== g77 Summary ===

# of expected passes		1618
# of unexpected failures	8
# of unsupported tests		8
/tmp/egcs/gcc/testsuite/../g77 version 3.1 20020422 (prerelease)

		=== gas tests ===


Running target unix

		=== gas Summary ===

# of expected passes		37
		=== gcc tests ===


Running target unix
FAIL: gcc.c-torture/execute/20020227-1.c execution,  -O0 
FAIL: gcc.c-torture/execute/20020227-1.c execution,  -O1 
FAIL: gcc.c-torture/execute/20020227-1.c execution,  -O2 
FAIL: gcc.c-torture/execute/20020227-1.c execution,  -O3 -fomit-frame-pointer 
FAIL: gcc.c-torture/execute/20020227-1.c execution,  -O3 -g 
FAIL: gcc.c-torture/execute/20020227-1.c execution,  -Os 
FAIL: gcc.c-torture/execute/string-opt-17.c execution,  -O1 
FAIL: gcc.c-torture/execute/string-opt-17.c execution,  -O2 
FAIL: gcc.c-torture/execute/string-opt-17.c execution,  -O3 -fomit-frame-pointer 
FAIL: gcc.c-torture/execute/string-opt-17.c execution,  -O3 -g 
FAIL: gcc.c-torture/execute/string-opt-17.c execution,  -Os 
FAIL: gcc.dg/cpp/endif-pedantic1.c bad warning (test for bogus messages, line 14)
FAIL: gcc.dg/cpp/endif-pedantic1.c bad warning (test for bogus messages, line 15)
FAIL: gcc.dg/cpp/extratokens2.c bad warning (test for bogus messages, line 14)
FAIL: gcc.dg/cpp/extratokens2.c bad warning (test for bogus messages, line 15)
FAIL: gcc.dg/cpp/mac-dir-1.c (test for excess errors)
FAIL: gcc.dg/cpp/mac-dir-2.c  (test for warnings, line 14)
FAIL: gcc.dg/cpp/mac-dir-2.c (test for excess errors)
FAIL: gcc.dg/cpp/maccom1.c (test for excess errors)
FAIL: gcc.dg/cpp/maccom2.c (test for excess errors)
FAIL: gcc.dg/cpp/maccom3.c (test for excess errors)
FAIL: gcc.dg/cpp/maccom4.c (test for excess errors)
FAIL: maccom4.c: comment in macro expansion with -CC
FAIL: gcc.dg/cpp/maccom5.c (test for excess errors)
FAIL: maccom5.c: C++ comment in macro expansion with -CC
FAIL: gcc.dg/cpp/maccom6.c (test for excess errors)
FAIL: gcc.dg/Wswitch-default.c  (test for warnings, line 14)
FAIL: gcc.dg/Wswitch-default.c  (test for warnings, line 22)
FAIL: gcc.dg/Wswitch-default.c  (test for warnings, line 31)
FAIL: gcc.dg/Wswitch-default.c  (test for warnings, line 41)
FAIL: gcc.dg/Wswitch-default.c  (test for warnings, line 53)
FAIL: gcc.dg/Wswitch-default.c (test for excess errors)
FAIL: gcc.dg/Wswitch-enum.c enum e1 (test for warnings, line 23)
FAIL: gcc.dg/Wswitch-enum.c enum e2 (test for warnings, line 23)
FAIL: gcc.dg/Wswitch-enum.c enum e1 (test for warnings, line 28)
FAIL: gcc.dg/Wswitch-enum.c enum e2 (test for warnings, line 28)
FAIL: gcc.dg/Wswitch-enum.c enum e2 (test for warnings, line 32)
FAIL: gcc.dg/Wswitch-enum.c enum e2 (test for warnings, line 37)
FAIL: gcc.dg/Wswitch-enum.c excess 3 (test for warnings, line 54)
FAIL: gcc.dg/Wswitch-enum.c excess 3 (test for warnings, line 61)
FAIL: gcc.dg/Wswitch-enum.c (test for excess errors)
XPASS: gcc.dg/c99-intconst-1.c (test for excess errors)
FAIL: gcc.dg/unordered-1.c  (test for errors, line 7)
FAIL: gcc.dg/unordered-1.c  (test for errors, line 16)
FAIL: gcc.dg/unordered-1.c  (test for errors, line 17)
FAIL: gcc.dg/unordered-1.c (test for excess errors)
FAIL: gcc.dg/unused-4.c  (test for warnings, line 4)
FAIL: gcc.dg/unused-4.c  (test for warnings, line 5)

		=== gcc Summary ===

# of expected passes		18589
# of unexpected failures	47
# of unexpected successes	1
# of expected failures		65
# of unsupported tests		112
/tmp/egcs/gcc/xgcc version 3.1 20020422 (prerelease)

		=== gdb tests ===


Running target unix
FAIL: gdb.asm/asm-source.exp: f at main
FAIL: gdb.asm/asm-source.exp: next over macro
FAIL: gdb.asm/asm-source.exp: step into foo2
FAIL: gdb.asm/asm-source.exp: info target (timeout)
FAIL: gdb.asm/asm-source.exp: info symbol (timeout)
FAIL: gdb.asm/asm-source.exp: list
FAIL: gdb.asm/asm-source.exp: search
FAIL: gdb.asm/asm-source.exp: f in foo2
FAIL: gdb.asm/asm-source.exp: n in foo2
FAIL: gdb.asm/asm-source.exp: bt ALL in foo2
FAIL: gdb.asm/asm-source.exp: bt 2 in foo2
FAIL: gdb.asm/asm-source.exp: s 2
FAIL: gdb.asm/asm-source.exp: n 2
FAIL: gdb.asm/asm-source.exp: bt 3 in foo3
FAIL: gdb.asm/asm-source.exp: info source asmsrc1.s
FAIL: gdb.asm/asm-source.exp: finish from foo3
FAIL: gdb.asm/asm-source.exp: info source asmsrc2.s
FAIL: gdb.asm/asm-source.exp: info sources (timeout)
FAIL: gdb.asm/asm-source.exp: info line
FAIL: gdb.asm/asm-source.exp: next over foo3
FAIL: gdb.asm/asm-source.exp: return from foo2
FAIL: gdb.asm/asm-source.exp: look at global variable
FAIL: gdb.asm/asm-source.exp: look at static variable
FAIL: gdb.asm/asm-source.exp: look at static function
FAIL: gdb.base/annota1.exp: backtrace from shlibrary
FAIL: gdb.base/annota1.exp: backtrace @ signal handler
FAIL: gdb.base/break.exp: step onto breakpoint
FAIL: gdb.base/callfuncs.exp: p t_float_values2(0.0,0.0)
FAIL: gdb.base/callfuncs.exp: backtrace at nested call level 3
FAIL: gdb.base/callfuncs.exp: backtrace at nested call level 4
FAIL: gdb.base/callfuncs.exp: backtrace after finish from nested call level 4
FAIL: gdb.base/commands.exp: continue with watch
FAIL: gdb.base/dump.exp: capture_value failed on intarray.
FAIL: gdb.base/dump.exp: reload array as value, srec
FAIL: gdb.base/dump.exp: reload struct as value, srec
FAIL: gdb.base/dump.exp: capture_value failed on intarray.
FAIL: gdb.base/dump.exp: reload array as memory, srec
FAIL: gdb.base/dump.exp: reload struct as memory, srec
FAIL: gdb.base/dump.exp: capture_value failed on intarray.
FAIL: gdb.base/dump.exp: reload array as value, intel hex
FAIL: gdb.base/dump.exp: reload struct as value, intel hex
FAIL: gdb.base/dump.exp: reload array as memory, intel hex
FAIL: gdb.base/dump.exp: reload struct as memory, intel hex
FAIL: gdb.base/dump.exp: reload array as value, tekhex
FAIL: gdb.base/dump.exp: capture_value failed on intstruct.
FAIL: gdb.base/dump.exp: reload struct as value, tekhex
FAIL: gdb.base/dump.exp: reload array as memory, tekhex
FAIL: gdb.base/dump.exp: capture_value failed on intstruct.
FAIL: gdb.base/dump.exp: reload struct as memory, tekhex
FAIL: gdb.base/dump.exp: Restored value, array as value, srec
FAIL: gdb.base/dump.exp: Restored value, struct as value, srec
FAIL: gdb.base/dump.exp: Restored value, array as memory, srec
FAIL: gdb.base/dump.exp: Restored value, struct as memory, srec
FAIL: gdb.base/dump.exp: Restore command, array as value, ihex
FAIL: gdb.base/dump.exp: Restored value, array as value, ihex
FAIL: gdb.base/dump.exp: Restore command, struct as value, ihex
FAIL: gdb.base/dump.exp: Restored value, struct as value, ihex
FAIL: gdb.base/dump.exp: Restore command, array as memory, ihex
FAIL: gdb.base/dump.exp: Restored value, array as memory, ihex
FAIL: gdb.base/dump.exp: Restore command, struct as memory, ihex
FAIL: gdb.base/dump.exp: Restored value, struct as memory, ihex
FAIL: gdb.base/dump.exp: Restored value, array as value, tekhex
FAIL: gdb.base/dump.exp: Restored value, struct as value, tekhex
FAIL: gdb.base/dump.exp: Restored value, array as memory, tekhex
FAIL: gdb.base/dump.exp: Restored value, struct as memory, tekhex
FAIL: gdb.base/dump.exp: Restored value, array copy, srec
FAIL: gdb.base/dump.exp: Restored value, struct copy, srec
FAIL: gdb.base/dump.exp: Restore command, array copy, ihex
FAIL: gdb.base/dump.exp: Restored value, array copy, ihex
FAIL: gdb.base/dump.exp: Restore command, struct copy, ihex
FAIL: gdb.base/dump.exp: Restored value, struct copy, ihex
FAIL: gdb.base/dump.exp: Restored value, array copy, tekhex
FAIL: gdb.base/dump.exp: Restored value, struct copy, tekhex
FAIL: gdb.base/dump.exp: Restore command, array partial, srec
FAIL: gdb.base/dump.exp: Restored value, array partial, srec
FAIL: gdb.base/dump.exp: Restore command, array partial, ihex
FAIL: gdb.base/dump.exp: Restored value, array partial, ihex
FAIL: gdb.base/dump.exp: Restore command, array partial, tekhex
FAIL: gdb.base/dump.exp: Restored value, array partial, tekhex
FAIL: gdb.base/dump.exp: Restore command, array partial with expressions
FAIL: gdb.base/dump.exp: Restored value, array partial with expressions
FAIL: gdb.base/funcargs.exp: backtrace from call6c, pattern 3
FAIL: gdb.base/funcargs.exp: continue to call6d
FAIL: gdb.base/funcargs.exp: backtrace from call6d, pattern 3
FAIL: gdb.base/funcargs.exp: continue to call6e
FAIL: gdb.base/funcargs.exp: backtrace from call6e, pattern 3
FAIL: gdb.base/funcargs.exp: backtrace from call6f, pattern 3
FAIL: gdb.base/funcargs.exp: backtrace from call6g, pattern 3
FAIL: gdb.base/funcargs.exp: backtrace from call6h, pattern 3
FAIL: gdb.base/funcargs.exp: backtrace from call6i, pattern 3
FAIL: gdb.base/funcargs.exp: backtrace from call6j, pattern 3
FAIL: gdb.base/funcargs.exp: backtrace from call6k, pattern 3
FAIL: gdb.base/funcargs.exp: backtrace from call7c, pattern 3
FAIL: gdb.base/funcargs.exp: continue to call7d
FAIL: gdb.base/funcargs.exp: backtrace from call7d, pattern 3
FAIL: gdb.base/funcargs.exp: continue to call7e
FAIL: gdb.base/funcargs.exp: backtrace from call7e, pattern 3
FAIL: gdb.base/funcargs.exp: backtrace from call7f, pattern 3
FAIL: gdb.base/funcargs.exp: backtrace from call7g, pattern 3
FAIL: gdb.base/funcargs.exp: backtrace from call7h, pattern 3
FAIL: gdb.base/funcargs.exp: backtrace from call7i, pattern 3
FAIL: gdb.base/funcargs.exp: backtrace from call7j, pattern 3
FAIL: gdb.base/funcargs.exp: backtrace from call7k, pattern 3
FAIL: gdb.base/funcargs.exp: recursive passing of structs by value, pattern 3
FAIL: gdb.base/funcargs.exp: backtrace after alloca
FAIL: gdb.base/funcargs.exp: backtrace from call_after_alloca_subr
FAIL: gdb.base/gcore.exp: where in corefile, pattern 3
FAIL: gdb.base/gcore.exp: corefile restored general registers
FAIL: gdb.base/gcore.exp: corefile restored all registers
FAIL: gdb.base/interrupt.exp: call function when asleep (stays asleep)
FAIL: gdb.base/interrupt.exp: call function after waking it (timeout)
FAIL: gdb.base/interrupt.exp: call function a second time (timeout)
FAIL: gdb.base/interrupt.exp: continue (timeout)
FAIL: gdb.base/interrupt.exp: echo data (timeout)
FAIL: gdb.base/maint.exp: maint space 1
FAIL: gdb.base/maint.exp: maint time
FAIL: gdb.base/maint.exp: maint time 1
FAIL: gdb.base/maint.exp: maint time 0
FAIL: gdb.base/recurse.exp: continue to recurse (a = 8)
FAIL: gdb.base/recurse.exp: continue to recurse (a = 7)
FAIL: gdb.base/recurse.exp: continue to recurse (a = 6)
FAIL: gdb.base/recurse.exp: continue to recurse (a = 5)
FAIL: gdb.base/recurse.exp: continue to second instance watchpoint, first time
FAIL: gdb.base/recurse.exp: continue to recurse (a = 4)
FAIL: gdb.base/recurse.exp: continue to recurse (a = 3)
FAIL: gdb.base/recurse.exp: continue to recurse (a = 2)
FAIL: gdb.base/recurse.exp: continue to recurse (a = 1)
FAIL: gdb.base/recurse.exp: continue to second instance watchpoint, second time
FAIL: gdb.base/recurse.exp: second instance watchpoint deleted when leaving scope
FAIL: gdb.base/recurse.exp: continue to first instance watchpoint, second time
FAIL: gdb.base/recurse.exp: first instance watchpoint deleted when leaving scope
FAIL: gdb.base/selftest.exp: unknown source line after step over corearg initialization
FAIL: gdb.base/selftest.exp: step into xmalloc call
FAIL: gdb.base/selftest.exp: backtrace through signal handler
FAIL: gdb.base/signals.exp: 'next' behaved as 'continue (known SVR4 bug)'
FAIL: gdb.base/signals.exp: bt in signals.exp
XPASS: gdb.base/watchpoint.exp: calling function with watchpoint enabled
FAIL: gdb.c++/annota2.exp: run until main breakpoint
FAIL: gdb.c++/annota2.exp: print class
FAIL: gdb.c++/annota2.exp: continue to exit
FAIL: gdb.c++/annota2.exp: run until main breakpoint
FAIL: gdb.c++/annota2.exp: set watch on a.x
FAIL: gdb.c++/annota2.exp: watch triggered on a.x
FAIL: gdb.c++/anon-union.exp: running to main in runto
FAIL: gdb.c++/classes.exp: running to 'inheritance2' in runto
FAIL: gdb.c++/classes.exp: continue to enums2(\(\)|): the program is no longer running
FAIL: gdb.c++/classes.exp: running to main in runto
FAIL: gdb.c++/classes.exp: running to marker_reg1 in runto
FAIL: gdb.c++/cplusfuncs.exp: running to main in runto
FAIL: gdb.c++/cplusfuncs.exp: print &'hairyfunc5'
FAIL: gdb.c++/cplusfuncs.exp: print &'hairyfunc6'
FAIL: gdb.c++/cplusfuncs.exp: print &'hairyfunc7'
FAIL: gdb.c++/derivation.exp: running to main in runto
FAIL: gdb.c++/inherit.exp: running to main in runto
FAIL: gdb.c++/inherit.exp: ptype vA
FAIL: gdb.c++/inherit.exp: ptype vB
FAIL: gdb.c++/inherit.exp: ptype vC
FAIL: gdb.c++/inherit.exp: ptype vD
FAIL: gdb.c++/inherit.exp: ptype vE
FAIL: gdb.c++/inherit.exp: running to 'inheritance2' in runto
FAIL: gdb.c++/inherit.exp: print g_A.A::a
FAIL: gdb.c++/inherit.exp: print g_A.A::x
FAIL: gdb.c++/inherit.exp: print g_A.a
FAIL: gdb.c++/inherit.exp: print g_A.x
FAIL: gdb.c++/inherit.exp: print g_B.A::a
FAIL: gdb.c++/inherit.exp: print g_B.A::x
FAIL: gdb.c++/inherit.exp: print g_B.B::b
FAIL: gdb.c++/inherit.exp: print g_B.B::x
FAIL: gdb.c++/inherit.exp: print g_B.a
FAIL: gdb.c++/inherit.exp: print g_B.b
FAIL: gdb.c++/inherit.exp: print g_B.x
FAIL: gdb.c++/inherit.exp: print g_C.A::a
FAIL: gdb.c++/inherit.exp: print g_C.A::x
FAIL: gdb.c++/inherit.exp: print g_C.C::c
FAIL: gdb.c++/inherit.exp: print g_C.C::x
FAIL: gdb.c++/inherit.exp: print g_C.a
FAIL: gdb.c++/inherit.exp: print g_C.c
FAIL: gdb.c++/inherit.exp: print g_C.x
FAIL: gdb.c++/inherit.exp: print g_A
FAIL: gdb.c++/inherit.exp: print g_B
FAIL: gdb.c++/inherit.exp: print g_C
FAIL: gdb.c++/inherit.exp: print g_A.A::a
FAIL: gdb.c++/inherit.exp: print g_A.A::x
FAIL: gdb.c++/inherit.exp: print g_B.A::a
FAIL: gdb.c++/inherit.exp: print g_B.A::x
FAIL: gdb.c++/inherit.exp: print g_B.B::b
FAIL: gdb.c++/inherit.exp: print g_B.B::x
FAIL: gdb.c++/inherit.exp: print g_C.A::a
FAIL: gdb.c++/inherit.exp: print g_C.A::x
FAIL: gdb.c++/inherit.exp: print g_C.C::c
FAIL: gdb.c++/inherit.exp: print g_C.C::x
FAIL: gdb.c++/inherit.exp: print g_D.B::b
FAIL: gdb.c++/inherit.exp: print g_D.B::x
FAIL: gdb.c++/inherit.exp: print g_D.C::c
FAIL: gdb.c++/inherit.exp: print g_D.C::x
FAIL: gdb.c++/inherit.exp: print g_D.D::d
FAIL: gdb.c++/inherit.exp: print g_D.D::x
FAIL: gdb.c++/inherit.exp: print g_E.B::b
FAIL: gdb.c++/inherit.exp: print g_E.B::x
FAIL: gdb.c++/inherit.exp: print g_E.C::c
FAIL: gdb.c++/inherit.exp: print g_E.C::x
FAIL: gdb.c++/inherit.exp: print g_E.D::d
FAIL: gdb.c++/inherit.exp: print g_E.D::x
FAIL: gdb.c++/inherit.exp: print g_E.E::e
FAIL: gdb.c++/inherit.exp: print g_E.E::x
FAIL: gdb.c++/inherit.exp: print g_D
FAIL: gdb.c++/inherit.exp: print g_E
FAIL: gdb.c++/inherit.exp: print anonymous union member
FAIL: gdb.c++/inherit.exp: print variable of type anonymous union
FAIL: gdb.c++/inherit.exp: running to 'inheritance4' in runto
FAIL: gdb.c++/inherit.exp: print g_vA.vA::va
FAIL: gdb.c++/inherit.exp: print g_vA.vA::vx
FAIL: gdb.c++/inherit.exp: print g_vA.va
FAIL: gdb.c++/inherit.exp: print g_vA.vx
FAIL: gdb.c++/inherit.exp: print g_vB.vA::va
FAIL: gdb.c++/inherit.exp: print g_vB.vA::vx
FAIL: gdb.c++/inherit.exp: print g_vB.vB::vb
FAIL: gdb.c++/inherit.exp: print g_vB.vB::vx
FAIL: gdb.c++/inherit.exp: print g_vB.va
FAIL: gdb.c++/inherit.exp: print g_vB.vb
FAIL: gdb.c++/inherit.exp: print g_vB.vx
FAIL: gdb.c++/inherit.exp: print g_vC.vA::va
FAIL: gdb.c++/inherit.exp: print g_vC.vA::vx
FAIL: gdb.c++/inherit.exp: print g_vC.vC::vc
FAIL: gdb.c++/inherit.exp: print g_vC.vC::vx
FAIL: gdb.c++/inherit.exp: print g_vC.va
FAIL: gdb.c++/inherit.exp: print g_vC.vc
FAIL: gdb.c++/inherit.exp: print g_vC.vx
FAIL: gdb.c++/inherit.exp: print g_vA
FAIL: gdb.c++/inherit.exp: print g_vB
FAIL: gdb.c++/inherit.exp: print g_vC
FAIL: gdb.c++/inherit.exp: print g_vD.vA::va
FAIL: gdb.c++/inherit.exp: print g_vD.vA::vx
FAIL: gdb.c++/inherit.exp: print g_vD.vB::vb
FAIL: gdb.c++/inherit.exp: print g_vD.vB::vx
FAIL: gdb.c++/inherit.exp: print g_vD.vC::vc
FAIL: gdb.c++/inherit.exp: print g_vD.vC::vx
FAIL: gdb.c++/inherit.exp: print g_vD.vD::vd
FAIL: gdb.c++/inherit.exp: print g_vD.vD::vx
FAIL: gdb.c++/inherit.exp: print g_vE.vA::va
FAIL: gdb.c++/inherit.exp: print g_vE.vA::vx
FAIL: gdb.c++/inherit.exp: print g_vE.vB::vb
FAIL: gdb.c++/inherit.exp: print g_vE.vB::vx
FAIL: gdb.c++/inherit.exp: print g_vE.vC::vc
FAIL: gdb.c++/inherit.exp: print g_vE.vC::vx
FAIL: gdb.c++/inherit.exp: print g_vE.vD::vd
FAIL: gdb.c++/inherit.exp: print g_vE.vD::vx
FAIL: gdb.c++/inherit.exp: print g_vE.vE::ve
FAIL: gdb.c++/inherit.exp: print g_vE.vE::vx
FAIL: gdb.c++/inherit.exp: print g_vD
FAIL: gdb.c++/inherit.exp: print g_vE
FAIL: gdb.c++/local.exp: running to main in runto
FAIL: gdb.c++/misc.exp: running to main in runto
FAIL: gdb.c++/misc.exp: set a bool var (print v_bool)
FAIL: gdb.c++/misc.exp: set a bool array elem (print v_bool_array)
FAIL: gdb.c++/namespace.exp: running to main in runto
FAIL: gdb.c++/templates.exp: ptype T5<int>
FAIL: gdb.c++/templates.exp: ptype t5i
FAIL: gdb.c++/templates.exp: constructor breakpoint (bad menu choices)
FAIL: gdb.c++/templates.exp: destructor breakpoint
FAIL: gdb.c++/templates.exp: running to main in runto
FAIL: gdb.c++/templates.exp: print fint
FAIL: gdb.c++/templates.exp: print fvpchar
FAIL: gdb.c++/templates.exp: ptype fint
FAIL: gdb.c++/templates.exp: ptype fchar
FAIL: gdb.c++/templates.exp: ptype fvpchar
FAIL: gdb.c++/templates.exp: print Foo<volatile char *>::foo
FAIL: gdb.c++/templates.exp: ptype bint
FAIL: gdb.c++/templates.exp: ptype bint2
FAIL: gdb.c++/templates.exp: ptype bazint
FAIL: gdb.c++/templates.exp: ptype bazint2
FAIL: gdb.c++/templates.exp: ptype quxint
FAIL: gdb.c++/templates.exp: ptype siip
FAIL: gdb.c++/templates.exp: print Garply<Garply<char> >::garply
FAIL: gdb.c++/userdef.exp: running to main in runto
FAIL: gdb.c++/virtfunc.exp: ptype VB
FAIL: gdb.c++/virtfunc.exp: ptype V
FAIL: gdb.c++/virtfunc.exp: ptype A
FAIL: gdb.c++/virtfunc.exp: ptype B
FAIL: gdb.c++/virtfunc.exp: ptype C
FAIL: gdb.c++/virtfunc.exp: ptype AD
FAIL: gdb.c++/virtfunc.exp: ptype D
FAIL: gdb.c++/virtfunc.exp: ptype E
FAIL: gdb.c++/virtfunc.exp: running to 'test_calls' in runto
FAIL: gdb.gdbtk/c_variable.exp: type of weird and children (c_variable-6.22)
FAIL: gdb.gdbtk/c_variable.exp: create variables in different scopes (c_variable-7.81)
FAIL cpp_variable-1.2 {create variable v} {}
FAIL cpp_variable-1.6a {step over "V *v = new V;"} {}
FAIL cpp_variable-1.7 {check value of v changed} {}
FAIL cpp_variable-2.2a {set variable v.v_pub_int=2112} {}
FAIL cpp_variable-2.3 {value of v.v_pub_int changed} {}
FAIL cpp_variable-2.22a {set variable v->v_priv_charp=2112} {}
FAIL cpp_variable-2.23 {value of v.v_priv_charp changed} {}
FAIL cpp_variable-2.71a {set variable v->v_pub_int=2112} {}
FAIL cpp_variable-2.72 {value of v.vb_pub_int changed} {}
FAIL: gdb.gdbtk/cpp_variable.exp: create variable v (cpp_variable-1.2)
FAIL: gdb.gdbtk/cpp_variable.exp: check value of v changed (cpp_variable-1.7)
FAIL: gdb.gdbtk/cpp_variable.exp: value of v.v_pub_int changed (cpp_variable-2.3)
FAIL: gdb.gdbtk/cpp_variable.exp: value of v.v_priv_charp changed (cpp_variable-2.23)
FAIL: gdb.gdbtk/cpp_variable.exp: value of v.vb_pub_int changed (cpp_variable-2.72)
FAIL: gdb.mi/mi-break.exp: insert temp breakpoint at "<fullfilename>":6 (callee4)
FAIL: gdb.mi/mi-console.exp: Hello message (known bug)
FAIL: gdb.mi/mi-simplerun.exp: insert breakpoint at "<fullfilename>":6 (callee4)
FAIL: gdb.mi/mi-stack.exp: stack args listing 1 (timeout)
FAIL: gdb.mi/mi-stack.exp: stack args listing 1 1 3 (timeout)
FAIL: gdb.mi/mi-var-child.exp: get children of struct_declarations
FAIL: gdb.mi/mi-var-child.exp: get children of struct_declarations.s2.u2.u1s1
FAIL: gdb.mi/mi-var-child.exp: create local variable weird
FAIL: gdb.mi/mi-var-child.exp: get children of weird
FAIL: gdb.mi/mi-var-display.exp: create local variable weird
FAIL: gdb.mi/mi-var-display.exp: get children local variable weird
FAIL: gdb.mi/mi-var-display.exp: create variable a2 in different scope
FAIL: gdb.mi/mi-watch.exp: wp out of scope (2)
FAIL: gdb.mi/mi0-break.exp: insert temp breakpoint at "<fullfilename>":6 (callee4)
FAIL: gdb.mi/mi0-console.exp: Hello message (known bug)
FAIL: gdb.mi/mi0-simplerun.exp: insert breakpoint at "<fullfilename>":6 (callee4)
FAIL: gdb.mi/mi0-stack.exp: stack args listing 1 (timeout)
FAIL: gdb.mi/mi0-stack.exp: stack args listing 1 1 3 (timeout)
FAIL: gdb.mi/mi0-var-child.exp: get children of struct_declarations
FAIL: gdb.mi/mi0-var-child.exp: get children of struct_declarations.s2.u2.u1s1
FAIL: gdb.mi/mi0-var-child.exp: create local variable weird
FAIL: gdb.mi/mi0-var-child.exp: get children of weird
FAIL: gdb.mi/mi0-var-display.exp: create local variable weird
FAIL: gdb.mi/mi0-var-display.exp: get children local variable weird
FAIL: gdb.mi/mi0-var-display.exp: create variable a2 in different scope
FAIL: gdb.mi/mi0-watch.exp: wp out of scope (2)
FAIL: gdb.threads/pthreads.exp: continue to bkpt at common_routine in thread 2

		=== gdb Summary ===

# of expected passes		8084
# of unexpected failures	317
# of unexpected successes	1
# of expected failures		67
# of unresolved testcases	126
/tmp/egcs/gdb/testsuite/../../gdb/gdb version  2002-04-23-cvs -nx

		=== ld tests ===


Running target unix

		=== ld Summary ===

# of expected passes		94
# of expected failures		42
		=== libjava tests ===


Running target unix
FAIL: StringBuffer_1 execution from source compiled test
FAIL: StringBuffer_1 execution from bytecode->native test
FAIL: StringBuffer_1 -O execution from source compiled test
FAIL: StringBuffer_1 -O execution from bytecode->native test
FAIL: TLtest compilation from bytecode
FAIL: TLtest -O compilation from bytecode
FAIL: gnu.testlet.java.io.ObjectStreamClass.Test: uncaught exception at "lookup" number 1: java.lang.OutOfMemoryError
FAIL: gnu.testlet.java.io.PipedReaderWriter.Test: uncaught exception at  number 1: java.lang.InternalError: Thread.start called but threads not available
FAIL: gnu.testlet.java.io.PipedStream.Test: uncaught exception at  number 1: java.lang.InternalError: Thread.start called but threads not available
FAIL: gnu.testlet.java.io.PipedStream.receive (number 1)
FAIL: gnu.testlet.java.io.PushbackInputStream.BufferOverflow (number 1)
FAIL: gnu.testlet.java.lang.Float.new_Float (number 7)
FAIL: gnu.testlet.java.lang.Float.new_Float (number 8)
FAIL: gnu.testlet.java.lang.Integer.IntegerTest: Error: test_Basics failed - 1 (number 1)
FAIL: gnu.testlet.java.lang.Math.MathTest: Error :  test_abs failed - 9 (number 1)
FAIL: gnu.testlet.java.lang.Math.max (number 28)
FAIL: gnu.testlet.java.lang.Math.max (number 29)
FAIL: gnu.testlet.java.lang.Math.max (number 31)
FAIL: Compile gnu/testlet/java/lang/Math/min.o for gnu.testlet.java.lang.Math.min
FAIL: gnu.testlet.java.lang.StringBuffer.plus (number 1)
FAIL: gnu.testlet.java.net.DatagramSocket.DatagramSocketTest: uncaught exception at "Error : test_Basics failed - 4 ip address returned is not correct " number 2: java.lang.InternalError: Thread.start called but threads not available
FAIL: gnu.testlet.java.net.MulticastSocket.MulticastSocketTest: uncaught exception at "getTTL() should return same value (127) used for setTTL() - 10" number 3: java.lang.InternalError: Thread.start called but threads not available
FAIL: gnu.testlet.java.net.ServerSocket.ServerSocketTest: uncaught exception at "BasicServer" number 1: java.lang.InternalError: Thread.start called but threads not available
FAIL: gnu.testlet.java.net.Socket.SocketTest: Error : test_Basics failed - 7 exception should not have been thrown here (number 1)
FAIL: gnu.testlet.java.net.Socket.SocketTest: uncaught exception at "BasicServer" number 2: java.lang.InternalError: Thread.start called but threads not available
FAIL: gnu.testlet.java.net.URL.URLTest: I want my Apache server! (number 1)
FAIL: gnu.testlet.java.net.URLConnection.URLConnectionTest: Error in test_getHeaderField  - 0  0 header field wrong (number 1)
FAIL: gnu.testlet.java.util.Stack.AcuniaStackTest: uncaught exception at "peek()java.lang.Object" number 1: java.lang.NullPointerException

		=== libjava Summary ===

# of expected passes		5746
# of unexpected failures	28
# of expected failures		57
# of untested testcases		98
		=== libstdc++-v3 tests ===


Running target unix
FAIL: 26_numerics/c99_classification_macros_c.cc (test for excess errors)

		=== libstdc++-v3 Summary ===

# of expected passes		372
# of unexpected failures	1
# of expected failures		25
		=== objc tests ===


Running target unix

		=== objc Summary ===

# of expected passes		1036
# of expected failures		6
/tmp/egcs/gcc/xgcc version 3.1 20020422 (prerelease)


Compiler version: 3.1 20020422 (prerelease) 
Platform: alphaev6-unknown-linux-gnu

BOOT_CFLAGS: -g -O9 -W -Wall

Counting all warnings,
there are 46 warnings in stage3 of this bootstrap.

Number of warnings per file:
     18	gcc/combine.c
     10	gcc/regclass.c
      4	gcc/optabs.c
      3	gcc/gcc.c
      2	gcc/java/javaop.def
      2	gcc/fold-const.c
      1	gcc/reload.c
      1	gcc/profile.c
      1	gcc/objc/lang-specs.h
      1	gcc/java/jvspec.c
      1	gcc/ggc-page.c
      1	gcc/cppexp.c
      1	gcc/cp/lang-specs.h

Number of warning types:
     31	comparison between signed and unsigned
      5	string length `???' is greater than the length `???' ISO C89 compilers are required to support
      4	signed and unsigned type in conditional expression
      2	operation on `???' may be undefined
      1	traditional C rejects string concatenation
      1	pointer targets in passing arg ??? of `???' differ in signedness
      1	`long' switch expression not converted to `int' in ISO C
      1	??? format, ??? arg (arg ???)


Index Nav: [Date Index] [Subject Index] [Author Index] [Thread Index]
Message Nav: [Date Prev] [Date Next] [Thread Prev] [Thread Next]