This is the mail archive of the
gcc-testresults@gcc.gnu.org
mailing list for the GCC project.
Results for 3.1 20020422 (prerelease) testsuite on alphaev6-dec-osf4.0f
- From: Alexandre Oliva <oliva at ic dot unicamp dot br>
- To: gcc-testresults at gcc dot gnu dot org
- Date: Wed, 24 Apr 2002 08:07:33 -0300 (EST)
- Subject: Results for 3.1 20020422 (prerelease) testsuite on alphaev6-dec-osf4.0f
Native configuration is alphaev6-dec-osf4.0f
=== binutils tests ===
Running target unix
FAIL: strip with saving a symbol
FAIL: run stripped executable with saving a symbol
=== binutils Summary ===
# of expected passes 20
# of unexpected failures 2
# of expected failures 4
=== g++ tests ===
Running target unix
FAIL: g++.dg/ext/asm1.C (test for excess errors)
=== g++ Summary ===
# of expected passes 356
# of unexpected failures 1
# of expected failures 1
# of unresolved testcases 1
# of unsupported tests 1
/tmp_mnt/n/test/log/cotia/.ltmp/egcs/gcc/testsuite/../g++ version 3.1 20020422 (prerelease)
=== g77 tests ===
Running target unix
FAIL: g77.f-torture/execute/6367.f execution, -O0
FAIL: g77.f-torture/execute/6367.f execution, -O1
FAIL: g77.f-torture/execute/6367.f execution, -O2
FAIL: g77.f-torture/execute/6367.f execution, -O3 -fomit-frame-pointer
FAIL: g77.f-torture/execute/6367.f execution, -O3 -fomit-frame-pointer -funroll-loops
FAIL: g77.f-torture/execute/6367.f execution, -O3 -fomit-frame-pointer -funroll-all-loops -finline-functions
FAIL: g77.f-torture/execute/6367.f execution, -O3 -g
FAIL: g77.f-torture/execute/6367.f execution, -Os
=== g77 Summary ===
# of expected passes 1618
# of unexpected failures 8
# of unsupported tests 8
/tmp_mnt/n/test/log/cotia/.ltmp/egcs/gcc/testsuite/../g77 version 3.1 20020422 (prerelease)
=== gcc tests ===
Running target unix
FAIL: gcc.c-torture/compile/labels-3.c, -O0
FAIL: gcc.c-torture/compile/labels-3.c, -O1
FAIL: gcc.c-torture/compile/labels-3.c, -O2
FAIL: gcc.c-torture/compile/labels-3.c, -O3 -fomit-frame-pointer
FAIL: gcc.c-torture/compile/labels-3.c, -O3 -g
FAIL: gcc.c-torture/compile/labels-3.c, -Os
FAIL: gcc.c-torture/execute/20020227-1.c execution, -O0
FAIL: gcc.c-torture/execute/20020227-1.c execution, -O1
FAIL: gcc.c-torture/execute/20020227-1.c execution, -O2
FAIL: gcc.c-torture/execute/20020227-1.c execution, -O3 -fomit-frame-pointer
FAIL: gcc.c-torture/execute/20020227-1.c execution, -O3 -g
FAIL: gcc.c-torture/execute/20020227-1.c execution, -Os
FAIL: gcc.c-torture/execute/string-opt-17.c execution, -O1
FAIL: gcc.c-torture/execute/string-opt-17.c execution, -O2
FAIL: gcc.c-torture/execute/string-opt-17.c execution, -O3 -fomit-frame-pointer
FAIL: gcc.c-torture/execute/string-opt-17.c execution, -O3 -g
FAIL: gcc.c-torture/execute/string-opt-17.c execution, -Os
FAIL: gcc.dg/cpp/endif-pedantic1.c bad warning (test for bogus messages, line 14)
FAIL: gcc.dg/cpp/endif-pedantic1.c bad warning (test for bogus messages, line 15)
FAIL: gcc.dg/cpp/extratokens2.c bad warning (test for bogus messages, line 14)
FAIL: gcc.dg/cpp/extratokens2.c bad warning (test for bogus messages, line 15)
FAIL: gcc.dg/cpp/mac-dir-1.c (test for excess errors)
FAIL: gcc.dg/cpp/mac-dir-2.c (test for warnings, line 14)
FAIL: gcc.dg/cpp/mac-dir-2.c (test for excess errors)
FAIL: gcc.dg/cpp/maccom1.c (test for excess errors)
FAIL: gcc.dg/cpp/maccom2.c (test for excess errors)
FAIL: gcc.dg/cpp/maccom3.c (test for excess errors)
FAIL: gcc.dg/cpp/maccom4.c (test for excess errors)
FAIL: maccom4.c: comment in macro expansion with -CC
FAIL: gcc.dg/cpp/maccom5.c (test for excess errors)
FAIL: maccom5.c: C++ comment in macro expansion with -CC
FAIL: gcc.dg/cpp/maccom6.c (test for excess errors)
FAIL: gcc.dg/cpp/wchar-1.c execution test
FAIL: gcc.dg/Wswitch-default.c (test for warnings, line 14)
FAIL: gcc.dg/Wswitch-default.c (test for warnings, line 22)
FAIL: gcc.dg/Wswitch-default.c (test for warnings, line 31)
FAIL: gcc.dg/Wswitch-default.c (test for warnings, line 41)
FAIL: gcc.dg/Wswitch-default.c (test for warnings, line 53)
FAIL: gcc.dg/Wswitch-default.c (test for excess errors)
FAIL: gcc.dg/Wswitch-enum.c enum e1 (test for warnings, line 23)
FAIL: gcc.dg/Wswitch-enum.c enum e2 (test for warnings, line 23)
FAIL: gcc.dg/Wswitch-enum.c enum e1 (test for warnings, line 28)
FAIL: gcc.dg/Wswitch-enum.c enum e2 (test for warnings, line 28)
FAIL: gcc.dg/Wswitch-enum.c enum e2 (test for warnings, line 32)
FAIL: gcc.dg/Wswitch-enum.c enum e2 (test for warnings, line 37)
FAIL: gcc.dg/Wswitch-enum.c excess 3 (test for warnings, line 54)
FAIL: gcc.dg/Wswitch-enum.c excess 3 (test for warnings, line 61)
FAIL: gcc.dg/Wswitch-enum.c (test for excess errors)
XPASS: gcc.dg/c99-intconst-1.c (test for excess errors)
FAIL: gcc.dg/inline-2.c scan-assembler bsr
FAIL: gcc.dg/unordered-1.c (test for errors, line 7)
FAIL: gcc.dg/unordered-1.c (test for errors, line 16)
FAIL: gcc.dg/unordered-1.c (test for errors, line 17)
FAIL: gcc.dg/unordered-1.c (test for excess errors)
FAIL: gcc.dg/unused-4.c (test for warnings, line 4)
FAIL: gcc.dg/unused-4.c (test for warnings, line 5)
=== gcc Summary ===
# of expected passes 18563
# of unexpected failures 55
# of unexpected successes 1
# of expected failures 66
# of unsupported tests 119
/tmp_mnt/n/test/log/cotia/.ltmp/egcs/gcc/xgcc version 3.1 20020422 (prerelease)
=== libjava tests ===
Running target unix
FAIL: cxxtest.c compilation
FAIL: Throw_2 execution from source compiled test
FAIL: Throw_2 execution from bytecode->native test
FAIL: Throw_2 -O execution from source compiled test
FAIL: Throw_2 -O execution from bytecode->native test
FAIL: TLtest compilation from bytecode
FAIL: TLtest -O compilation from bytecode
FAIL: invokethrow execution from source compiled test
FAIL: invokethrow execution from bytecode->native test
FAIL: invokethrow -O execution from source compiled test
FAIL: invokethrow -O execution from bytecode->native test
FAIL: gnu.testlet.java.io.PipedReaderWriter.Test: uncaught exception at number 1: java.lang.InternalError: Thread.start called but threads not available
FAIL: gnu.testlet.java.io.PipedStream.Test: uncaught exception at number 1: java.lang.InternalError: Thread.start called but threads not available
FAIL: gnu.testlet.java.io.PipedStream.receive (number 1)
FAIL: gnu.testlet.java.lang.Float.new_Float (number 7)
FAIL: gnu.testlet.java.lang.Float.new_Float (number 8)
FAIL: gnu.testlet.java.lang.Integer.IntegerTest: Error: test_Basics failed - 1 (number 1)
FAIL: gnu.testlet.java.lang.Math.MathTest: Error : test_abs failed - 9 (number 1)
FAIL: gnu.testlet.java.lang.Math.max (number 28)
FAIL: gnu.testlet.java.lang.Math.max (number 29)
FAIL: gnu.testlet.java.lang.Math.max (number 31)
FAIL: Compile gnu/testlet/java/lang/Math/min.o for gnu.testlet.java.lang.Math.min
FAIL: gnu.testlet.java.lang.StringBuffer.plus (number 1)
FAIL: gnu.testlet.java.net.DatagramPacket.DatagramPacketTest: uncaught exception at "Error : test_Basics failed - 8 The getAddress should return the value that is assigned to it" number 1: java.lang.NullPointerException
FAIL: gnu.testlet.java.net.MulticastSocket.MulticastSocketTest: uncaught exception at "getTTL() should return same value (127) used for setTTL() - 10" number 3: java.lang.InternalError: Thread.start called but threads not available
FAIL: gnu.testlet.java.net.ServerSocket.ServerSocketTest: uncaught exception at "BasicServer" number 1: java.lang.InternalError: Thread.start called but threads not available
FAIL: gnu.testlet.java.net.Socket.SocketTest: Error : test_Basics failed - 4 Unknown host exception should not have been thrown here (number 1)
FAIL: gnu.testlet.java.net.URL.URLTest: Error in test_openConnection - 3 exception should not be thrown here (number 1)
FAIL: gnu.testlet.java.net.URL.URLTest: Error in test_openStream - 2 exception should not be thrown here (number 1)
FAIL: gnu.testlet.java.net.URLConnection.URLConnectionTest: Error in test_getContentFunctions - 5 should not have raised exception here (number 1)
FAIL: gnu.testlet.java.net.URLConnection.URLConnectionTest: Error in test_getHeaderField - 0 0 header field wrong (number 1)
FAIL: gnu.testlet.java.net.URLConnection.URLConnectionTest: Error in test_getHeaderField - 10 should not have raised exception here (number 1)
FAIL: gnu.testlet.java.net.URLConnection.URLConnectionTest: Error in test_streams - 1 should not have raised exception here (number 1)
=== libjava Summary ===
# of expected passes 6510
# of unexpected failures 33
# of expected failures 60
# of untested testcases 102
=== libstdc++-v3 tests ===
Running target unix
XPASS: 22_locale/collate_members_wchar_t.cc execution test
XPASS: 22_locale/money_get_members_wchar_t.cc execution test
XPASS: 22_locale/money_put_members_wchar_t.cc execution test
XPASS: 22_locale/moneypunct_members_wchar_t.cc execution test
XPASS: 22_locale/num_get_members_wchar_t.cc execution test
XPASS: 22_locale/num_put_members_wchar_t.cc execution test
XPASS: 22_locale/numpunct_members_wchar_t.cc execution test
XPASS: 22_locale/time_get_members_wchar_t.cc execution test
XPASS: 22_locale/time_put_members_wchar_t.cc execution test
FAIL: 27_io/istream_extractor_arith.cc execution test
=== libstdc++-v3 Summary ===
# of expected passes 360
# of unexpected failures 1
# of unexpected successes 9
# of expected failures 16
# of unsupported tests 6
=== objc tests ===
Running target unix
=== objc Summary ===
# of expected passes 1036
# of expected failures 6
/tmp_mnt/n/test/log/cotia/.ltmp/egcs/gcc/xgcc version 3.1 20020422 (prerelease)
Compiler version: 3.1 20020422 (prerelease)
Platform: alphaev6-dec-osf4.0f
BOOT_CFLAGS: -g -O9 -W -Wall
Counting all warnings,
there are 155 warnings in stage3 of this bootstrap.
Number of warnings per file:
48 libiberty/md5.c
37 libiberty/regex.c
19 libjava/java/lang/mprec.c
15 cxa_demangle.c
11 dyn-string.c
4 cc1
3 make[2]
3 gcc/unwind-pe.h
2 make[3]
2 libjava/gnu/gcj/runtime/natSharedLibLoader.cc
2 libiberty/getopt.c
1 libsupc++/eh_terminate.cc
1 libstdc++-v3/src/localename.cc
1 libjava/verify.cc
1 libjava/name-finder.cc
1 libjava/gnu/gcj/io/shs.cc
1 libf2c/libI77/open.c
1 include/xregex2.h
1 config.h
1 /home/lsd/oliva/src/tool/egcs/boehm-gc/mark_rts.c
Number of warning types:
32 traditional C rejects string concatenation
16 implicit declaration of function `???'
16 function-like macro `FI' must be used with arguments in traditional C
16 function-like macro `FH' must be used with arguments in traditional C
16 function-like macro `FG' must be used with arguments in traditional C
12 suggest parentheses around + or - inside shift
8 cast to pointer from integer of different size
5 Clock skew detected. Your build may be incomplete.
4 suggest parentheses around assignment used as truth value
4 signed and unsigned type in conditional expression
3 unused parameter `???'
3 suggest parentheses around arithmetic in operand of |
2 unused
2 ignoring command line option '-fno-implicit-templates'
2 control reaches end
2 (it is valid for C++ but not the selected language)
1 unused parameter `
1 unused
1 this is the location of the previous definition
1 function returns address of local variable
1 assignment makes pointer from integer without a cast
1 `void
1 `noreturn'
1 `_XOPEN_SOURCE' redefined
1 `_Unwind_Ptr result
1 `???' defined but not used
1 `
1 ISO C89 does not support `static' or type qualifiers in parameter array declarators