This is the mail archive of the gcc-testresults@gcc.gnu.org mailing list for the GCC project.


Index Nav: [Date Index] [Subject Index] [Author Index] [Thread Index]
Message Nav: [Date Prev] [Date Next] [Thread Prev] [Thread Next]
Other format: [Raw text]

Results for 3.1 20020420 (prerelease) testsuite on mips-sgi-irix6.5


LAST_UPDATED: Sat Apr 20 14:06:02 2002

Native configuration is mips-sgi-irix6.5

		=== g77 tests ===


Running target unix

		=== g77 Summary for unix ===

# of expected passes		1452
# of unsupported tests		8

Running target unix/-mabi=64

		=== g77 Summary for unix/-mabi=64 ===

# of expected passes		1452
# of unsupported tests		8

		=== g77 Summary ===

# of expected passes		2904
# of unsupported tests		16
/exd6/billingd/obj/gcc-3.1/gcc/testsuite/../g77 version 3.1 20020420 (prerelease)

		=== gcc tests ===


Running target unix
FAIL: gcc.c-torture/compile/labels-3.c,  -O0  
FAIL: gcc.c-torture/compile/labels-3.c,  -O1  
FAIL: gcc.c-torture/compile/labels-3.c,  -O2  
FAIL: gcc.c-torture/compile/labels-3.c,  -O3 -fomit-frame-pointer  
FAIL: gcc.c-torture/compile/labels-3.c,  -O3 -g  
FAIL: gcc.c-torture/compile/labels-3.c,  -Os  
WARNING: program timed out.
FAIL: gcc.c-torture/compile/20001226-1.c,  -O2  
WARNING: program timed out.
FAIL: gcc.c-torture/compile/20001226-1.c,  -O3 -fomit-frame-pointer  
WARNING: program timed out.
FAIL: gcc.c-torture/compile/20001226-1.c,  -O3 -g  
WARNING: program timed out.
FAIL: gcc.c-torture/compile/20001226-1.c,  -Os  
FAIL: gcc.c-torture/execute/20020227-1.c execution,  -O0 
FAIL: gcc.c-torture/execute/20020227-1.c execution,  -O1 
FAIL: gcc.c-torture/execute/20020227-1.c execution,  -O2 
FAIL: gcc.c-torture/execute/20020227-1.c execution,  -O3 -fomit-frame-pointer 
FAIL: gcc.c-torture/execute/20020227-1.c execution,  -O3 -g 
FAIL: gcc.c-torture/execute/20020227-1.c execution,  -Os 
FAIL: gcc.c-torture/execute/20020307-2.c execution,  -O0 
FAIL: gcc.c-torture/execute/20020307-2.c execution,  -O1 
FAIL: gcc.c-torture/execute/20020307-2.c execution,  -O2 
FAIL: gcc.c-torture/execute/20020307-2.c execution,  -O3 -fomit-frame-pointer 
FAIL: gcc.c-torture/execute/20020307-2.c execution,  -O3 -fomit-frame-pointer -funroll-loops 
FAIL: gcc.c-torture/execute/20020307-2.c execution,  -O3 -fomit-frame-pointer -funroll-all-loops -finline-functions 
FAIL: gcc.c-torture/execute/20020307-2.c execution,  -O3 -g 
FAIL: gcc.c-torture/execute/20020307-2.c execution,  -Os 

		=== gcc Summary for unix ===

# of expected passes		17761
# of unexpected failures	24
# of expected failures		91
# of unsupported tests		120

Running target unix/-mabi=64
FAIL: gcc.c-torture/compile/labels-3.c,  -O0  
FAIL: gcc.c-torture/compile/labels-3.c,  -O1  
FAIL: gcc.c-torture/compile/labels-3.c,  -O2  
FAIL: gcc.c-torture/compile/labels-3.c,  -O3 -fomit-frame-pointer  
FAIL: gcc.c-torture/compile/labels-3.c,  -O3 -g  
FAIL: gcc.c-torture/compile/labels-3.c,  -Os  
WARNING: program timed out.
FAIL: gcc.c-torture/compile/20001226-1.c,  -O2  
WARNING: program timed out.
FAIL: gcc.c-torture/compile/20001226-1.c,  -O3 -fomit-frame-pointer  
WARNING: program timed out.
FAIL: gcc.c-torture/compile/20001226-1.c,  -O3 -g  
WARNING: program timed out.
FAIL: gcc.c-torture/compile/20001226-1.c,  -Os  
FAIL: gcc.c-torture/execute/20020227-1.c execution,  -O0 
FAIL: gcc.c-torture/execute/20020227-1.c execution,  -O1 
FAIL: gcc.c-torture/execute/20020227-1.c execution,  -O2 
FAIL: gcc.c-torture/execute/20020227-1.c execution,  -O3 -fomit-frame-pointer 
FAIL: gcc.c-torture/execute/20020227-1.c execution,  -O3 -g 
FAIL: gcc.c-torture/execute/20020227-1.c execution,  -Os 
FAIL: gcc.c-torture/execute/20020307-2.c execution,  -O0 
FAIL: gcc.c-torture/execute/20020307-2.c execution,  -O1 
FAIL: gcc.c-torture/execute/20020307-2.c execution,  -O2 
FAIL: gcc.c-torture/execute/20020307-2.c execution,  -O3 -fomit-frame-pointer 
FAIL: gcc.c-torture/execute/20020307-2.c execution,  -O3 -fomit-frame-pointer -funroll-loops 
FAIL: gcc.c-torture/execute/20020307-2.c execution,  -O3 -fomit-frame-pointer -funroll-all-loops -finline-functions 
FAIL: gcc.c-torture/execute/20020307-2.c execution,  -O3 -g 
FAIL: gcc.c-torture/execute/20020307-2.c execution,  -Os 
XPASS: gcc.dg/c99-intconst-1.c (test for excess errors)

		=== gcc Summary for unix/-mabi=64 ===

# of expected passes		17761
# of unexpected failures	24
# of unexpected successes	1
# of expected failures		90
# of unsupported tests		120

		=== gcc Summary ===

# of expected passes		35522
# of unexpected failures	48
# of unexpected successes	1
# of expected failures		181
# of unsupported tests		240
/exd6/billingd/obj/gcc-3.1/gcc/xgcc version 3.1 20020420 (prerelease)

		=== g++ tests ===


Running target unix

		=== g++ Summary for unix ===

# of expected passes		7005
# of expected failures		94
# of untested testcases		23
# of unsupported tests		4

Running target unix/-mabi=64
FAIL: g++.dg/eh/ctor1.C execution test
FAIL: g++.dg/eh/dtor1.C execution test
FAIL: g++.dg/eh/filter1.C execution test
FAIL: g++.dg/eh/loop1.C execution test
FAIL: g++.dg/eh/omit-frame-pointer.C execution test
FAIL: g++.dg/eh/registers1.C execution test
FAIL: g++.dg/eh/template1.C execution test
FAIL: g++.dg/eh/unexpected1.C execution test
FAIL: g++.abi/cxa_vec.C  Execution test
FAIL: g++.brendan/eh1.C  Execution test
FAIL: g++.eh/catch11.C  Execution test
FAIL: g++.eh/catch12.C  Execution test
FAIL: g++.eh/catch3.C  Execution test
FAIL: g++.eh/catch3p.C  Execution test
FAIL: g++.eh/catch4.C  Execution test
FAIL: g++.eh/catch4p.C  Execution test
FAIL: g++.eh/catch5.C  Execution test
FAIL: g++.eh/catch5p.C  Execution test
FAIL: g++.eh/catch6.C  Execution test
FAIL: g++.eh/catch6p.C  Execution test
FAIL: g++.eh/catch7.C  Execution test
FAIL: g++.eh/catch7p.C  Execution test
FAIL: g++.eh/catch8.C  Execution test
FAIL: g++.eh/catch8p.C  Execution test
FAIL: g++.eh/catch9.C  Execution test
FAIL: g++.eh/catch9p.C  Execution test
FAIL: g++.eh/catchptr1.C  Execution test
FAIL: g++.eh/cleanup1.C  Execution test
FAIL: g++.eh/cleanup2.C  Execution test
FAIL: g++.eh/flow1.C  Execution test
FAIL: g++.eh/fntry1.C  Execution test
FAIL: g++.eh/ia64-1.C  Execution test
FAIL: g++.eh/inline2.C  Execution test
FAIL: g++.eh/new1.C  Execution test
FAIL: g++.eh/new2.C  Execution test
FAIL: g++.eh/pdel1.C  Execution test
FAIL: g++.eh/pdel2.C  Execution test
FAIL: g++.eh/ptr1.C  Execution test
FAIL: g++.eh/ptrmem1.C  Execution test
FAIL: g++.eh/rethrow1.C  Execution test
FAIL: g++.eh/rethrow2.C  Execution test
FAIL: g++.eh/rethrow3.C  Execution test
FAIL: g++.eh/rethrow4.C  Execution test
FAIL: g++.eh/rethrow5.C  Execution test
FAIL: g++.eh/rethrow6.C  Execution test
FAIL: g++.eh/spec1.C  Execution test
FAIL: g++.eh/spec2.C  Execution test
FAIL: g++.eh/spec3.C  Execution test
FAIL: g++.eh/tmpl1.C  Execution test
FAIL: g++.eh/unwind1.C  Execution test
FAIL: g++.eh/vbase1.C  Execution test
FAIL: g++.eh/vbase2.C  Execution test
FAIL: g++.eh/vbase4.C  Execution test
FAIL: g++.martin/new1.C  Execution test
FAIL: g++.mike/dyncast1.C  Execution test
FAIL: g++.mike/dyncast2.C  Execution test
FAIL: g++.mike/eh10.C  Execution test
FAIL: g++.mike/eh12.C  Execution test
FAIL: g++.mike/eh14.C  Execution test
FAIL: g++.mike/eh16.C  Execution test
FAIL: g++.mike/eh17.C  Execution test
FAIL: g++.mike/eh18.C  Execution test
FAIL: g++.mike/eh2.C  Execution test
FAIL: g++.mike/eh21.C  Execution test
FAIL: g++.mike/eh24.C  Execution test
FAIL: g++.mike/eh25.C  Execution test
FAIL: g++.mike/eh26.C  Execution test
FAIL: g++.mike/eh27.C  Execution test
FAIL: g++.mike/eh28.C  Execution test
FAIL: g++.mike/eh29.C  Execution test
FAIL: g++.mike/eh3.C  Execution test
FAIL: g++.mike/eh31.C  Execution test
FAIL: g++.mike/eh33.C  Execution test
FAIL: g++.mike/eh34.C  Execution test
FAIL: g++.mike/eh35.C  Execution test
FAIL: g++.mike/eh36.C  Execution test
FAIL: g++.mike/eh37.C  Execution test
FAIL: g++.mike/eh38.C  Execution test
FAIL: g++.mike/eh39.C  Execution test
FAIL: g++.mike/eh40.C  Execution test
FAIL: g++.mike/eh41.C  Execution test
FAIL: g++.mike/eh42.C  Execution test
FAIL: g++.mike/eh44.C  Execution test
FAIL: g++.mike/eh47.C  Execution test
FAIL: g++.mike/eh48.C  Execution test
FAIL: g++.mike/eh49.C  Execution test
FAIL: g++.mike/eh5.C  Execution test
FAIL: g++.mike/eh50.C  Execution test
FAIL: g++.mike/eh51.C  Execution test
FAIL: g++.mike/eh6.C  Execution test
FAIL: g++.mike/eh8.C  Execution test
FAIL: g++.mike/p7912.C  Execution test
FAIL: g++.mike/p9706.C  Execution test
FAIL: g++.oliva/delete3.C  Execution test
FAIL: g++.oliva/new1.C  Execution test
FAIL: g++.other/array1.C  Execution test
FAIL: g++.other/eh3.C  Execution test
FAIL: g++.other/init7.C  Execution test
FAIL: g++.other/new7.C  Execution test
FAIL: g++.other/singleton.C  Execution test
FAIL: g++.other/vbase2.C  Execution test
FAIL: g++.pt/fntry1.C  Execution test
FAIL: g++.robertl/eb31.C  Execution test
FAIL: g++.robertl/eb50.C  Execution test
FAIL: g++.robertl/eb66.C  Execution test
FAIL: g++.robertl/eb88.C  Execution test
FAIL: g++.robertl/eh990323-1.C  Execution test
FAIL: g++.robertl/eh990323-2.C  Execution test
FAIL: g++.robertl/eh990323-3.C  Execution test
FAIL: g++.robertl/eh990323-4.C  Execution test
FAIL: g++.robertl/eh990323-5.C  Execution test
FAIL: g++.robertl/ice990323-2.C  Execution test

		=== g++ Summary for unix/-mabi=64 ===

# of expected passes		6893
# of unexpected failures	112
# of expected failures		94
# of untested testcases		23
# of unsupported tests		4

		=== g++ Summary ===

# of expected passes		13898
# of unexpected failures	112
# of expected failures		188
# of untested testcases		46
# of unsupported tests		8
/exd6/billingd/obj/gcc-3.1/gcc/testsuite/../g++ version 3.1 20020420 (prerelease)

		=== objc tests ===


Running target unix

		=== objc Summary for unix ===

# of expected passes		1036
# of expected failures		6

Running target unix/-mabi=64

		=== objc Summary for unix/-mabi=64 ===

# of expected passes		1036
# of expected failures		6

		=== objc Summary ===

# of expected passes		2072
# of expected failures		12
/exd6/billingd/obj/gcc-3.1/gcc/xgcc version 3.1 20020420 (prerelease)

		=== libjava tests ===


Running target unix
FAIL: TLtest compilation from bytecode
FAIL: TLtest -O compilation from bytecode
FAIL: test_long output from bytecode->native test
FAIL: test_long -O output from bytecode->native test
FAIL: Throw_2 execution from source compiled test
FAIL: Throw_2 execution from bytecode->native test
FAIL: Throw_2 -O execution from source compiled test
FAIL: Throw_2 -O execution from bytecode->native test
FAIL: FileHandleGcTest execution from source compiled test
FAIL: FileHandleGcTest execution from bytecode->native test
FAIL: FileHandleGcTest -O execution from source compiled test
FAIL: FileHandleGcTest -O execution from bytecode->native test
FAIL: invokethrow execution from source compiled test
FAIL: invokethrow execution from bytecode->native test
FAIL: invokethrow -O execution from source compiled test
FAIL: invokethrow -O execution from bytecode->native test

		=== libjava Summary ===

# of expected passes		1967
# of unexpected failures	16
# of expected failures		18
# of untested testcases		106
		=== libstdc++-v3 tests ===


Running target unix
FAIL: 21_strings/ctor_copy_dtor.cc execution test
FAIL: 21_strings/insert.cc execution test
XPASS: 22_locale/collate_members_wchar_t.cc execution test
XPASS: 22_locale/money_get_members_wchar_t.cc execution test
XPASS: 22_locale/money_put_members_wchar_t.cc execution test
XPASS: 22_locale/moneypunct_members_wchar_t.cc execution test
XPASS: 22_locale/num_get_members_wchar_t.cc execution test
XPASS: 22_locale/num_put_members_wchar_t.cc execution test
XPASS: 22_locale/numpunct_members_wchar_t.cc execution test
XPASS: 22_locale/time_get_members_wchar_t.cc execution test
XPASS: 22_locale/time_put_members_wchar_t.cc execution test
FAIL: 27_io/ios_base_storage.cc execution test
FAIL: 27_io/ostream_inserter_arith.cc execution test

		=== libstdc++-v3 Summary ===

# of expected passes		357
# of unexpected failures	4
# of unexpected successes	9
# of expected failures		16
# of unsupported tests		6
		=== libjava tests ===


Running target unix/-mabi=64
FAIL: calls output
FAIL: martin output
FAIL: throwit output
FAIL: TLtest compilation from bytecode
FAIL: TLtest -O compilation from bytecode
FAIL: test_long output from bytecode->native test
FAIL: test_long -O output from bytecode->native test
FAIL: InvokeReturn output from source compiled test
FAIL: InvokeReturn output from bytecode->native test
FAIL: InvokeReturn -O output from source compiled test
FAIL: InvokeReturn -O output from bytecode->native test
FAIL: Throw_2 execution from source compiled test
FAIL: Throw_2 execution from bytecode->native test
FAIL: Throw_2 -O execution from source compiled test
FAIL: Throw_2 -O execution from bytecode->native test
FAIL: FileHandleGcTest execution from source compiled test
FAIL: FileHandleGcTest execution from bytecode->native test
FAIL: FileHandleGcTest -O execution from source compiled test
FAIL: FileHandleGcTest -O execution from bytecode->native test
FAIL: invokethrow output from source compiled test
FAIL: invokethrow output from bytecode->native test
FAIL: invokethrow -O output from source compiled test
FAIL: invokethrow -O output from bytecode->native test

		=== libjava Summary ===

# of expected passes		1964
# of unexpected failures	23
# of expected failures		18
# of untested testcases		102
		=== libstdc++-v3 tests ===


Running target unix/-mabi=64
FAIL: 19_diagnostics/stdexceptions.cc execution test
FAIL: 21_strings/append.cc execution test
FAIL: 21_strings/ctor_copy_dtor.cc execution test
FAIL: 21_strings/element_access.cc execution test
FAIL: 21_strings/insert.cc execution test
FAIL: 21_strings/substr.cc execution test
XPASS: 22_locale/collate_members_wchar_t.cc execution test
XPASS: 22_locale/money_get_members_wchar_t.cc execution test
XPASS: 22_locale/money_put_members_wchar_t.cc execution test
XPASS: 22_locale/moneypunct_members_wchar_t.cc execution test
XPASS: 22_locale/num_get_members_wchar_t.cc execution test
XPASS: 22_locale/num_put_members_wchar_t.cc execution test
XPASS: 22_locale/numpunct_members_wchar_t.cc execution test
XPASS: 22_locale/time_get_members_wchar_t.cc execution test
XPASS: 22_locale/time_put_members_wchar_t.cc execution test
FAIL: 23_containers/bitset_ctor.cc execution test
FAIL: 23_containers/bitset_members.cc execution test
FAIL: 23_containers/list_modifiers.cc execution test
FAIL: 23_containers/vector_element_access.cc execution test
FAIL: 27_io/ios_base_storage.cc execution test
FAIL: 27_io/ios_init.cc execution test
FAIL: 27_io/ios_members.cc execution test
FAIL: 27_io/ostream_inserter_arith.cc execution test

		=== libstdc++-v3 Summary ===

# of expected passes		347
# of unexpected failures	14
# of unexpected successes	9
# of expected failures		16
# of unsupported tests		6

Compiler version: 3.1 20020420 (prerelease) 
Platform: mips-sgi-irix6.5
configure flags: --host=mips-sgi-irix6.5 --enable-shared --enable-haifa --enable-libgcj --enable-threads=single --disable-nls --prefix=/exd6/billingd/tmp/gcc-3.1
Counting all warnings,
there are 59 warnings in stage3 of this bootstrap.

Number of warnings per file:
  18 gcc/combine.c
  11 gcc/config/mips/mips.md
   6 gcc/loop.c
   6 gcc/gcc.c
   4 gcc/reload.c
   4 gcc/optabs.c
   3 gcc/regclass.c
   2 gcc/java/javaop.def
   2 gcc/fold-const.c
   1 gcc/objc/lang-specs.h
   1 gcc/java/jvspec.c
   1 gcc/cp/lang-specs.h

Number of warning types:
  33 comparison between signed and unsigned
   9 string length \`???' is greater than the length \`???' ISO C89 compilers are required to support
   6 operand 1 missing mode?
   5 operand 0 missing mode?
   3 signed and unsigned type in conditional expression
   2 operation on \`???' may be undefined
   1 pointer targets in passing arg ??? of \`???' differ in signedness


Index Nav: [Date Index] [Subject Index] [Author Index] [Thread Index]
Message Nav: [Date Prev] [Date Next] [Thread Prev] [Thread Next]