This is the mail archive of the gcc-testresults@gcc.gnu.org mailing list for the GCC project.


Index Nav: [Date Index] [Subject Index] [Author Index] [Thread Index]
Message Nav: [Date Prev] [Date Next] [Thread Prev] [Thread Next]
Other format: [Raw text]

Results for 3.1 20020420 (prerelease) testsuite on sparc-unknown-linux-gnu


This was on a Debian Woody (test release) sun4m system with these
packages:

binutils                           2.12.90.0.1-1
dejagnu                            1.4.2-1.1
gcc                                2:2.95.4-14 (Debian prerelease)
gcc-2.95			   1:2.95.4-5 (Debian prerelease)
kernel-image-2.2.20-sun4dm-smp     9
libc6                              2.2.5-4

In-tree joined gcc-3.1 and binutils-2.12 cvs branches.

LAST_UPDATED: Sat Apr 20 20:21:41 UTC 2002

Native configuration is sparc-unknown-linux-gnu

		=== binutils tests ===


Running target unix

		=== binutils Summary ===

# of expected passes		31
# of expected failures		1
		=== gas tests ===


Running target unix

		=== gas Summary ===

# of expected passes		91
		=== g++ tests ===


Running target unix

		=== g++ Summary ===

# of expected passes		7147
# of expected failures		86
# of untested testcases		22
# of unsupported tests		4
/share2/gcc-rel/objdir/gcc/testsuite/../g++ version 3.1 20020420 (prerelease)

		=== g77 tests ===


Running target unix

		=== g77 Summary ===

# of expected passes		1452
# of unsupported tests		8
/share2/gcc-rel/objdir/gcc/testsuite/../g77 version 3.1 20020420 (prerelease)

		=== gcc tests ===


Running target unix
WARNING: program timed out.
FAIL: gcc.c-torture/compile/20001226-1.c,  -O1  
WARNING: program timed out.
FAIL: gcc.c-torture/compile/20001226-1.c,  -O2  
WARNING: program timed out.
FAIL: gcc.c-torture/compile/20001226-1.c,  -O3 -fomit-frame-pointer  
WARNING: program timed out.
FAIL: gcc.c-torture/compile/20001226-1.c,  -O3 -g  
WARNING: program timed out.
FAIL: gcc.c-torture/compile/20001226-1.c,  -Os  

		=== gcc Summary ===

# of expected passes		18170
# of unexpected failures	5
# of expected failures		62
# of unsupported tests		106
/share2/gcc-rel/objdir/gcc/xgcc version 3.1 20020420 (prerelease)

		=== objc tests ===


Running target unix

		=== objc Summary ===

# of expected passes		1036
# of expected failures		6
/share2/gcc-rel/objdir/gcc/xgcc version 3.1 20020420 (prerelease)

		=== ld tests ===


Running target unix

		=== ld Summary ===

# of expected passes		129
# of expected failures		13
		=== libjava tests ===


Running target unix
FAIL: TLtest compilation from bytecode
FAIL: TLtest -O compilation from bytecode
FAIL: invokethrow execution from source compiled test
FAIL: invokethrow execution from bytecode->native test
FAIL: invokethrow -O execution from source compiled test
FAIL: invokethrow -O execution from bytecode->native test
FAIL: Throw_2 execution from source compiled test
FAIL: Throw_2 execution from bytecode->native test
FAIL: Throw_2 -O execution from source compiled test
FAIL: Throw_2 -O execution from bytecode->native test

		=== libjava Summary ===

# of expected passes		1977
# of unexpected failures	10
# of expected failures		18
# of untested testcases		102
		=== libstdc++-v3 tests ===


Running target unix
FAIL: 26_numerics/c99_classification_macros_c.cc (test for excess errors)
FAIL: 27_io/filebuf_virtuals.cc execution test
FAIL: 27_io/streambuf.cc execution test
FAIL: 27_io/stringbuf.cc execution test

		=== libstdc++-v3 Summary ===

# of expected passes		369
# of unexpected failures	4
# of expected failures		25

Compiler version: 3.1 20020420 (prerelease) 
Platform: sparc-unknown-linux-gnu
configure flags: --host=sparc-linux --prefix=/usr --enable-shared --with-gnu-as --with-gnu-ld --with-system-zlib --enable-long-long --enable-nls --enable-symvers --without-x --without-included-gettext --disable-checking
Counting all warnings,
there are 220 warnings in stage0 of this bootstrap.

Number of warnings per file:
     96	libiberty/md5.c
     76	libiberty/regex.c
     10	cxa_demangle.c
      8	dyn-string.c
      5	make[3]
      5	libjava/java/lang/natClassLoader.cc
      4	cc1
      3	gcc/unwind-pe.h
      2	make[4]
      2	include/xregex2.h
      1	make[5]
      1	libsupc++/eh_terminate.cc
      1	libstdc++-v3/src/localename.cc
      1	libjava/gnu/gcj/runtime/natSharedLibLoader.cc
      1	libjava/gnu/gcj/io/shs.cc
      1	libf2c/libI77/open.c
      1	lex.yy.c
      1	gcc/boehm-gc/mark_rts.c
      1	config.h

Number of warning types:
     64	traditional C rejects string concatenation
     32	function-like macro \`FI' must be used with arguments in traditional C
     32	function-like macro \`FH' must be used with arguments in traditional C
     32	function-like macro \`FG' must be used with arguments in traditional C
     16	implicit declaration of function \`???'
      8	signed and unsigned type in conditional expression
      8	jobserver unavailable: using -j1.  Add \`???' to parent make rule.
      5	unused 
      4	unused parameter \`???'
      2	ignoring command line option '-fno-implicit-templates'
      2	control reaches end of 
      2	\`???' defined but not used
      2	ISO C89 does not support \`static' or type qualifiers in parameter array declarators
      2	(it is valid for C++ but not the selected language)
      1	unused
      1	this is the location of the previous definition
      1	function returns address of local variable
      1	assignment makes pointer from integer without a cast
      1	\`noreturn'
      1	\`_XOPEN_SOURCE' redefined
      1	\`???' might be 
      1	\`???' 
      1	\`
Counting all warnings,
there are 53 warnings in stage3 of this bootstrap.

Number of warnings per file:
     23	gcc/combine.c
     10	gcc/regclass.c
      4	gcc/optabs.c
      3	gcc/gcc.c
      2	gcc/java/javaop.def
      2	gcc/fold-const.c
      2	gcc/crtstuff.c
      1	gcc/reload.c
      1	gcc/profile.c
      1	gcc/objc/lang-specs.h
      1	gcc/java/jvspec.c
      1	gcc/function.c
      1	gcc/emit-rtl.c
      1	gcc/cp/lang-specs.h

Number of warning types:
     37	comparison between signed and unsigned
      6	string length \`???' is greater than the length \`???' ISO C89 compilers are required to support
      5	signed and unsigned type in conditional expression
      2	operation on \`???' may be undefined
      2	\`???' defined but not used
      1	pointer targets in passing arg ??? of \`???' differ in signedness


Index Nav: [Date Index] [Subject Index] [Author Index] [Thread Index]
Message Nav: [Date Prev] [Date Next] [Thread Prev] [Thread Next]