This is the mail archive of the gcc-testresults@gcc.gnu.org mailing list for the GCC project.


Index Nav: [Date Index] [Subject Index] [Author Index] [Thread Index]
Message Nav: [Date Prev] [Date Next] [Thread Prev] [Thread Next]
Other format: [Raw text]

Results for 3.1 20020420 (prerelease) testsuite on sparcv9-sun-solaris2.8


LAST_UPDATED: Sat Apr 20 17:05:00 UTC 2002

Native configuration is sparcv9-sun-solaris2.8

		=== g++ tests ===


Running target unix
FAIL: g++.dg/special/conpr-2.C execution test
FAIL: g++.dg/special/conpr-3.C execution test
FAIL: g++.dg/special/initp1.C execution test

		=== g++ Summary ===

# of expected passes		7147
# of unexpected failures	3
# of expected failures		86
# of untested testcases		23
# of unsupported tests		3
/export/u3/lucier/programs/gcc/gcc-3.1/objdir-sparcv9/gcc/testsuite/../g++ version 3.1 20020420 (prerelease)

		=== g77 tests ===


Running target unix

		=== g77 Summary ===

# of expected passes		1452
# of unsupported tests		8
/export/u3/lucier/programs/gcc/gcc-3.1/objdir-sparcv9/gcc/testsuite/../g77 version 3.1 20020420 (prerelease)

		=== gcc tests ===


Running target unix
FAIL: gcc.c-torture/execute/20020227-1.c execution,  -O2 
FAIL: gcc.c-torture/execute/20020227-1.c execution,  -O3 -fomit-frame-pointer 
FAIL: gcc.c-torture/execute/20020227-1.c execution,  -O3 -g 
FAIL: gcc.c-torture/execute/20020227-1.c execution,  -Os 
FAIL: gcc.c-torture/execute/regstack-1.c execution,  -O0 
XPASS: gcc.dg/c99-intconst-1.c (test for excess errors)
UNRESOLVED: weak-1.c
UNRESOLVED: weak-2.c
UNRESOLVED: wkali-1.c
UNRESOLVED: wkali-2.c

		=== gcc Summary ===

# of expected passes		18165
# of unexpected failures	5
# of unexpected successes	1
# of expected failures		61
# of unresolved testcases	4
# of unsupported tests		105
/export/u3/lucier/programs/gcc/gcc-3.1/objdir-sparcv9/gcc/xgcc version 3.1 20020420 (prerelease)

		=== objc tests ===


Running target unix

		=== objc Summary ===

# of expected passes		1036
# of expected failures		6
/export/u3/lucier/programs/gcc/gcc-3.1/objdir-sparcv9/gcc/xgcc version 3.1 20020420 (prerelease)

		=== libstdc++-v3 tests ===


Running target unix
FAIL: 21_strings/inserters_extractors.cc execution test
XPASS: 22_locale/collate_members_wchar_t.cc execution test
XPASS: 22_locale/money_get_members_wchar_t.cc execution test
XPASS: 22_locale/money_put_members_wchar_t.cc execution test
XPASS: 22_locale/moneypunct_members_wchar_t.cc execution test
XPASS: 22_locale/num_get_members_wchar_t.cc execution test
XPASS: 22_locale/num_put_members_wchar_t.cc execution test
XPASS: 22_locale/numpunct_members_wchar_t.cc execution test
XPASS: 22_locale/time_get_members_wchar_t.cc execution test
XPASS: 22_locale/time_put_members_wchar_t.cc execution test
FAIL: 24_iterators/istream_iterator.cc execution test
FAIL: 26_numerics/complex_inserters_extractors.cc execution test
FAIL: 27_io/instantiations.cc execution test
FAIL: 27_io/istream_extractor_arith.cc execution test
FAIL: 27_io/istream_extractor_char.cc execution test
FAIL: 27_io/istream_extractor_other.cc execution test
FAIL: 27_io/istream_manip.cc execution test
FAIL: 27_io/istream_seeks.cc execution test
FAIL: 27_io/istream_sentry.cc execution test
FAIL: 27_io/istringstream_members.cc execution test
FAIL: 27_io/ostream_inserter_arith.cc execution test
FAIL: 27_io/ostream_inserter_other.cc execution test
FAIL: 27_io/stringstream_members.cc execution test

		=== libstdc++-v3 Summary ===

# of expected passes		359
# of unexpected failures	14
# of unexpected successes	9
# of expected failures		16

Compiler version: 3.1 20020420 (prerelease) 
Platform: sparcv9-sun-solaris2.8
configure flags: --host=sparcv9-sun-solaris2.8 --prefix=/pkgs/gcc-3.1v9
Counting all warnings,
there are 60 warnings in stage3 of this bootstrap.

Number of warnings per file:
  18 gcc/combine.c
  10 gcc/regclass.c
  10 gcc/gcc.c
   4 gcc/unwind-dw2.c
   4 gcc/optabs.c
   2 gcc/libgcc2.c
   2 gcc/java/javaop.def
   2 gcc/fold-const.c
   1 gcc/reload.c
   1 gcc/objc/lang-specs.h
   1 gcc/java/jvspec.c
   1 gcc/java/jcf-write.c
   1 gcc/ggc-page.c
   1 gcc/emit-rtl.c
   1 gcc/cppexp.c
   1 gcc/cp/lang-specs.h

Number of warning types:
  33 comparison between signed and unsigned
  11 string length \`???' is greater than the length \`???' ISO C89 compilers are required to support
   3 signed and unsigned type in conditional expression
   2 traditional C rejects string concatenation
   2 operation on \`???' may be undefined
   2 missing braces around initializer
   2 implicit declaration of function \`???'
   2 (near initialization for \`???')
   1 pointer targets in passing arg ??? of \`???' differ in signedness
   1 \`long' switch expression not converted to \`int' in ISO C
   1 ??? format, ??? arg (arg ???)


Index Nav: [Date Index] [Subject Index] [Author Index] [Thread Index]
Message Nav: [Date Prev] [Date Next] [Thread Prev] [Thread Next]