This is the mail archive of the
gcc-testresults@gcc.gnu.org
mailing list for the GCC project.
Results for 3.2 20020417(experimental) testsuite on armv5l-unknown-linux-gnu
- From: jeroen dobbelaere <jeroen dot dobbelaere at acunia dot com>
- To: gcc-testresults at gcc dot gnu dot org
- Date: Thu, 18 Apr 2002 09:59:34 +0200
- Subject: Results for 3.2 20020417(experimental) testsuite on armv5l-unknown-linux-gnu
- Organization: ACUNIA
kernel : 2.4.16-rmk1-xng1,
binutils-2.11.92.0.12.3 (+xscale patch)
glibc-2.2.5 + arm patch
LAST_UPDATED: Wed Apr 17 15:19:17 UTC 2002
Native configuration is armv5l-unknown-linux-gnu
=== libjava tests ===
Running target unix
FAIL: PR295 compilation from source
FAIL: PR295 -O compilation from source
FAIL: Statics compilation from source
FAIL: Statics compilation from bytecode
FAIL: Statics -O compilation from source
FAIL: Statics -O compilation from bytecode
FAIL: Class_1 compilation from source
FAIL: Class_1 compilation from bytecode
FAIL: Class_1 -O compilation from source
FAIL: Class_1 -O compilation from bytecode
FAIL: pr179 compilation from source
FAIL: pr179 compilation from bytecode
FAIL: pr179 -O compilation from source
FAIL: pr179 -O compilation from bytecode
=== libjava Summary ===
# of expected passes 2073
# of unexpected failures 14
# of expected failures 18
# of untested testcases 30
=== libstdc++-v3 tests ===
Running target unix
FAIL: 18_support/numeric_limits.cc execution test
FAIL: 26_numerics/c99_classification_macros_c.cc (test for excess errors)
=== libstdc++-v3 Summary ===
# of expected passes 371
# of unexpected failures 2
# of expected failures 25
=== g++ tests ===
Running target unix
FAIL: g++.dg/template/typename2.C (test for excess errors)
FAIL: g++.dg/warn/Wunused-2.C (test for warnings, line 5)
FAIL: g++.dg/gcov/gcov-1.C gcov: 361: expected branch percentages not found: 25
=== g++ Summary ===
# of expected passes 7235
# of unexpected failures 3
# of expected failures 87
# of untested testcases 23
# of unsupported tests 4
/usr/src/build/tmp/build-3.2pre-20020417/gcc/testsuite/../g++ version 3.2 20020417 (experimental)
=== g77 tests ===
Running target unix
=== g77 Summary ===
# of expected passes 1604
# of unsupported tests 8
/usr/src/build/tmp/build-3.2pre-20020417/gcc/testsuite/../g77 version 3.2 20020417 (experimental)
=== gcc tests ===
Running target unix
FAIL: gcc.c-torture/execute/20000808-1.c execution, -O2
FAIL: gcc.c-torture/execute/20000808-1.c execution, -Os
FAIL: gcc.c-torture/execute/20020402-1.c execution, -O2
FAIL: gcc.c-torture/execute/20020402-1.c execution, -O3 -fomit-frame-pointer
FAIL: gcc.c-torture/execute/20020402-1.c execution, -O3 -fomit-frame-pointer -funroll-loops
FAIL: gcc.c-torture/execute/20020402-1.c execution, -O3 -fomit-frame-pointer -funroll-all-loops -finline-functions
FAIL: gcc.c-torture/execute/20020402-1.c execution, -O3 -g
FAIL: gcc.c-torture/execute/20020402-1.c execution, -Os
FAIL: gcc.c-torture/execute/20020404-1.c execution, -O2
FAIL: gcc.c-torture/execute/20020404-1.c execution, -Os
FAIL: gcc.c-torture/execute/20020412-1.c execution, -O0
FAIL: gcc.c-torture/execute/20020412-1.c execution, -O1
FAIL: gcc.c-torture/execute/20020412-1.c execution, -O2
FAIL: gcc.c-torture/execute/20020412-1.c execution, -O3 -fomit-frame-pointer
FAIL: gcc.c-torture/execute/20020412-1.c execution, -O3 -fomit-frame-pointer -funroll-loops
FAIL: gcc.c-torture/execute/20020412-1.c execution, -O3 -fomit-frame-pointer -funroll-all-loops -finline-functions
FAIL: gcc.c-torture/execute/20020412-1.c execution, -O3 -g
FAIL: gcc.c-torture/execute/20020412-1.c execution, -Os
FAIL: gcc.c-torture/execute/961122-1.c compilation, -O3 -fomit-frame-pointer
UNRESOLVED: gcc.c-torture/execute/961122-1.c execution, -O3 -fomit-frame-pointer
FAIL: gcc.c-torture/execute/961122-1.c compilation, -O3 -g
UNRESOLVED: gcc.c-torture/execute/961122-1.c execution, -O3 -g
FAIL: gcc.c-torture/execute/990208-1.c execution, -O3 -fomit-frame-pointer
FAIL: gcc.c-torture/execute/990208-1.c execution, -O3 -g
FAIL: gcc.dg/gnu89-init-1.c (test for excess errors)
FAIL: gcc.dg/pack-test-1.c (test for excess errors)
FAIL: gcc.dg/pack-test-2.c (test for errors, line 7)
FAIL: gcc.dg/pack-test-2.c (test for errors, line 14)
FAIL: gcc.dg/pack-test-2.c (test for errors, line 19)
FAIL: gcc.dg/pack-test-2.c (test for excess errors)
FAIL: gcc.misc-tests/gcov-4b.c gcov: 309: expected branch percentages not found: 25
=== gcc Summary ===
# of expected passes 18249
# of unexpected failures 29
# of expected failures 62
# of unresolved testcases 2
# of unsupported tests 116
/usr/src/build/tmp/build-3.2pre-20020417/gcc/xgcc version 3.2 20020417 (experimental)
=== objc tests ===
Running target unix
=== objc Summary ===
# of expected passes 1036
# of expected failures 6
/usr/src/build/tmp/build-3.2pre-20020417/gcc/xgcc version 3.2 20020417 (experimental)
Compiler version: 3.2 20020417(experimental)
Platform: armv5l-unknown-linux-gnu
configure flags: --host=armv5l-unknown-linux-gnu --prefix=/tmp/gcc32pre --with-cpu=xscale
--
Jeroen Dobbelaere
Embedded Software Engineer
ACUNIA Embedded Solutions
http://www.acunia.com/aes