This is the mail archive of the gcc-testresults@gcc.gnu.org mailing list for the GCC project.


Index Nav: [Date Index] [Subject Index] [Author Index] [Thread Index]
Message Nav: [Date Prev] [Date Next] [Thread Prev] [Thread Next]
Other format: [Raw text]

Results for 3.1 20020415 (prerelease) testsuite on sparc-unknown-linux-gnu


Native configuration is sparc-unknown-linux-gnu

		=== binutils tests ===


Running target unix

		=== binutils Summary ===

# of expected passes		31
# of expected failures		1
		=== g++ tests ===


Running target unix
FAIL: g++.dg/bprob/bprob-1.C execution,    -g  -fprofile-arcs
FAIL: g++.dg/bprob/bprob-1.C execution,    -O0  -fprofile-arcs
FAIL: g++.dg/bprob/bprob-1.C execution,    -O1  -fprofile-arcs
FAIL: g++.dg/bprob/bprob-1.C execution,    -O2  -fprofile-arcs
FAIL: g++.dg/bprob/bprob-1.C execution,    -O3  -fprofile-arcs
FAIL: g++.dg/bprob/bprob-1.C execution,    -O3 -g  -fprofile-arcs
FAIL: g++.dg/bprob/bprob-1.C execution,    -Os  -fprofile-arcs
FAIL: g++.dg/debug/trivial.C execution test
FAIL: g++.dg/debug/trivial.C execution test
FAIL: g++.dg/debug/trivial.C execution test
FAIL: g++.dg/debug/trivial.C execution test
FAIL: g++.dg/debug/trivial.C execution test
FAIL: g++.dg/debug/trivial.C execution test
FAIL: g++.dg/debug/trivial.C execution test
FAIL: g++.dg/debug/trivial.C execution test
FAIL: g++.dg/debug/trivial.C execution test
FAIL: g++.dg/debug/trivial.C execution test
FAIL: g++.dg/debug/trivial.C execution test
FAIL: g++.dg/debug/trivial.C execution test
FAIL: g++.dg/debug/trivial.C execution test
FAIL: g++.dg/debug/trivial.C execution test
FAIL: g++.dg/debug/trivial.C execution test
FAIL: g++.dg/debug/trivial.C execution test
FAIL: g++.dg/debug/trivial.C execution test
FAIL: g++.dg/debug/trivial.C execution test
FAIL: g++.dg/debug/trivial.C execution test
FAIL: g++.dg/debug/trivial.C execution test
FAIL: g++.dg/debug/trivial.C execution test
FAIL: g++.dg/debug/trivial.C execution test
FAIL: g++.dg/debug/trivial.C execution test
FAIL: g++.dg/debug/trivial.C execution test
FAIL: g++.dg/debug/trivial.C execution test
FAIL: g++.dg/debug/trivial.C execution test
FAIL: g++.dg/debug/trivial.C execution test
FAIL: g++.dg/abi/bitfield1.C execution test
FAIL: g++.dg/abi/bitfield2.C execution test
FAIL: g++.dg/abi/empty4.C execution test
FAIL: g++.dg/abi/mangle2.C execution test
FAIL: g++.dg/abi/offsetof.C execution test
FAIL: g++.dg/abi/vbase8-10.C execution test
FAIL: g++.dg/abi/vbase8-21.C execution test
FAIL: g++.dg/abi/vbase8-22.C execution test
FAIL: g++.dg/abi/vbase8-4.C execution test
FAIL: g++.dg/eh/ctor1.C execution test
FAIL: g++.dg/eh/ctor2.C execution test
FAIL: g++.dg/eh/dtor1.C execution test
FAIL: g++.dg/eh/filter1.C execution test
FAIL: g++.dg/eh/filter2.C execution test
FAIL: g++.dg/eh/loop1.C execution test
FAIL: g++.dg/eh/new1.C execution test
FAIL: g++.dg/eh/omit-frame-pointer.C execution test
FAIL: g++.dg/eh/registers1.C execution test
FAIL: g++.dg/eh/spec3.C execution test
FAIL: g++.dg/eh/template1.C execution test
FAIL: g++.dg/eh/unexpected1.C execution test
FAIL: g++.dg/ext/asm1.C (test for excess errors)
FAIL: g++.dg/ext/attrib3.C execution test
FAIL: g++.dg/gcov/gcov-1.C execution test

		=== g++ Summary ===

# of expected passes		284
# of unexpected failures	58
# of expected failures		1
# of unresolved testcases	15
# of unsupported tests		1
/n/test/log/sparc-linux-lsd/.ltmp/egcs/gcc/testsuite/../g++ version 3.1 20020415 (prerelease)

		=== g77 tests ===


Running target unix
FAIL: g77.dg/bprob/bprob-1.f execution,    -g  -fprofile-arcs
FAIL: g77.dg/bprob/bprob-1.f execution,    -O0  -fprofile-arcs
FAIL: g77.dg/bprob/bprob-1.f execution,    -O1  -fprofile-arcs
FAIL: g77.dg/bprob/bprob-1.f execution,    -O2  -fprofile-arcs
FAIL: g77.dg/bprob/bprob-1.f execution,    -O3  -fprofile-arcs
FAIL: g77.dg/bprob/bprob-1.f execution,    -O3 -g  -fprofile-arcs
FAIL: g77.dg/bprob/bprob-1.f execution,    -Os  -fprofile-arcs
FAIL: g77.dg/gcov/gcov-1.f execution test
FAIL: g77.dg/gcov/gcov-1.f gcov: 118 failures in line counts, 32 in branch percentages, 24 in return percentages

		=== g77 Summary ===

# of expected passes		1587
# of unexpected failures	9
# of unresolved testcases	14
# of unsupported tests		8
/n/test/log/sparc-linux-lsd/.ltmp/egcs/gcc/testsuite/../g77 version 3.1 20020415 (prerelease)

		=== gas tests ===


Running target unix

		=== gas Summary ===

# of expected passes		51
		=== gcc tests ===


Running target unix
FAIL: gcc.c-torture/execute/20020225-2.c execution,  -O1 
FAIL: gcc.c-torture/execute/20020225-2.c execution,  -O2 
FAIL: gcc.c-torture/execute/20020225-2.c execution,  -O3 -fomit-frame-pointer 
FAIL: gcc.c-torture/execute/20020225-2.c execution,  -O3 -g 
FAIL: gcc.c-torture/execute/20020225-2.c execution,  -Os 
FAIL: gcc.c-torture/execute/strncmp-1.c execution,  -O0 
FAIL: gcc.c-torture/execute/strncmp-1.c execution,  -O1 
FAIL: gcc.c-torture/execute/strncmp-1.c execution,  -O2 
FAIL: gcc.c-torture/execute/strncmp-1.c execution,  -O3 -fomit-frame-pointer 
FAIL: gcc.c-torture/execute/strncmp-1.c execution,  -O3 -fomit-frame-pointer -funroll-loops 
FAIL: gcc.c-torture/execute/strncmp-1.c execution,  -O3 -fomit-frame-pointer -funroll-all-loops -finline-functions 
FAIL: gcc.c-torture/execute/strncmp-1.c execution,  -O3 -g 
FAIL: gcc.c-torture/execute/strncmp-1.c execution,  -Os 
FAIL: gcc.dg/cpp/endif-pedantic1.c bad warning (test for bogus messages, line 14)
FAIL: gcc.dg/cpp/endif-pedantic1.c bad warning (test for bogus messages, line 15)
FAIL: gcc.dg/cpp/extratokens2.c bad warning (test for bogus messages, line 14)
FAIL: gcc.dg/cpp/extratokens2.c bad warning (test for bogus messages, line 15)
FAIL: gcc.dg/cpp/mac-dir-1.c (test for excess errors)
FAIL: gcc.dg/cpp/mac-dir-2.c  (test for warnings, line 14)
FAIL: gcc.dg/cpp/mac-dir-2.c (test for excess errors)
FAIL: gcc.dg/cpp/maccom1.c (test for excess errors)
FAIL: gcc.dg/cpp/maccom2.c (test for excess errors)
FAIL: gcc.dg/cpp/maccom3.c (test for excess errors)
FAIL: gcc.dg/cpp/maccom4.c (test for excess errors)
FAIL: maccom4.c: comment in macro expansion with -CC
FAIL: gcc.dg/cpp/maccom5.c (test for excess errors)
FAIL: maccom5.c: C++ comment in macro expansion with -CC
FAIL: gcc.dg/cpp/maccom6.c (test for excess errors)
FAIL: gcc.dg/20020201-1.c execution test
FAIL: gcc.dg/Wswitch-default.c  (test for warnings, line 14)
FAIL: gcc.dg/Wswitch-default.c  (test for warnings, line 22)
FAIL: gcc.dg/Wswitch-default.c  (test for warnings, line 31)
FAIL: gcc.dg/Wswitch-default.c  (test for warnings, line 41)
FAIL: gcc.dg/Wswitch-default.c  (test for warnings, line 53)
FAIL: gcc.dg/Wswitch-default.c (test for excess errors)
FAIL: gcc.dg/Wswitch-enum.c enum e1 (test for warnings, line 23)
FAIL: gcc.dg/Wswitch-enum.c enum e2 (test for warnings, line 23)
FAIL: gcc.dg/Wswitch-enum.c enum e1 (test for warnings, line 28)
FAIL: gcc.dg/Wswitch-enum.c enum e2 (test for warnings, line 28)
FAIL: gcc.dg/Wswitch-enum.c enum e2 (test for warnings, line 32)
FAIL: gcc.dg/Wswitch-enum.c enum e2 (test for warnings, line 37)
FAIL: gcc.dg/Wswitch-enum.c excess 3 (test for warnings, line 54)
FAIL: gcc.dg/Wswitch-enum.c excess 3 (test for warnings, line 61)
FAIL: gcc.dg/Wswitch-enum.c (test for excess errors)
FAIL: gcc.dg/unordered-1.c  (test for errors, line 7)
FAIL: gcc.dg/unordered-1.c  (test for errors, line 16)
FAIL: gcc.dg/unordered-1.c  (test for errors, line 17)
FAIL: gcc.dg/unordered-1.c (test for excess errors)
FAIL: gcc.dg/unused-4.c  (test for warnings, line 4)
FAIL: gcc.dg/unused-4.c  (test for warnings, line 5)
FAIL: gcc.misc-tests/bprob-1.c execution,    -g  -fprofile-arcs
FAIL: gcc.misc-tests/bprob-1.c execution,    -O0  -fprofile-arcs
FAIL: gcc.misc-tests/bprob-1.c execution,    -O1  -fprofile-arcs
FAIL: gcc.misc-tests/bprob-1.c execution,    -O2 -DPERFTIME  -fprofile-arcs
FAIL: gcc.misc-tests/bprob-1.c execution,    -O3 -DPERFTIME  -fprofile-arcs
FAIL: gcc.misc-tests/bprob-1.c execution,    -O3 -g -DPERFTIME  -fprofile-arcs
FAIL: gcc.misc-tests/bprob-1.c execution,    -Os  -fprofile-arcs
FAIL: gcc.misc-tests/bprob-2.c execution,    -g  -fprofile-arcs
FAIL: gcc.misc-tests/bprob-2.c execution,    -O0  -fprofile-arcs
FAIL: gcc.misc-tests/bprob-2.c execution,    -O1  -fprofile-arcs
FAIL: gcc.misc-tests/bprob-2.c execution,    -O2 -DPERFTIME  -fprofile-arcs
FAIL: gcc.misc-tests/bprob-2.c execution,    -O3 -DPERFTIME  -fprofile-arcs
FAIL: gcc.misc-tests/bprob-2.c execution,    -O3 -g -DPERFTIME  -fprofile-arcs
FAIL: gcc.misc-tests/bprob-2.c execution,    -Os  -fprofile-arcs
FAIL: gcc.misc-tests/gcov-1.c execution test
FAIL: gcc.misc-tests/gcov-1.c gcov: 3 failures in line counts
FAIL: gcc.misc-tests/gcov-2.c execution test
FAIL: gcc.misc-tests/gcov-2.c gcov: 3 failures in line counts
FAIL: gcc.misc-tests/gcov-3.c execution test
FAIL: gcc.misc-tests/gcov-3.c gcov: 2 failures in line counts
FAIL: gcc.misc-tests/gcov-4.c execution test
FAIL: gcc.misc-tests/gcov-4.c gcov: 50 failures in line counts
FAIL: gcc.misc-tests/gcov-4b.c execution test
FAIL: gcc.misc-tests/gcov-4b.c gcov: 24 failures in branch percentages
FAIL: gcc.misc-tests/gcov-5b.c execution test
FAIL: gcc.misc-tests/gcov-6.c execution test
FAIL: gcc.misc-tests/gcov-6.c gcov: 3 failures in line counts, 1 in branch percentages, 3 in return percentages
FAIL: gcc.misc-tests/gcov-7.c execution test
FAIL: gcc.misc-tests/gcov-7.c gcov: 9 failures in line counts, 3 in branch percentages, 4 in return percentages

		=== gcc Summary ===

# of expected passes		18216
# of unexpected failures	79
# of expected failures		62
# of unresolved testcases	28
# of unsupported tests		110
/n/test/log/sparc-linux-lsd/.ltmp/egcs/gcc/xgcc version 3.1 20020415 (prerelease)

		=== gdb tests ===


Running target unix
FAIL: gdb.base/annota1.exp: continue to printf
FAIL: gdb.base/annota1.exp: backtrace from shlibrary
FAIL: gdb.base/annota1.exp: backtrace @ signal handler
FAIL: gdb.base/call-strs.exp: print str_func1("test string")
FAIL: gdb.base/call-strs.exp: call str_func1("test string")
FAIL: gdb.base/call-strs.exp: print str_func("a","b","c","d","e","f","g")
FAIL: gdb.base/call-strs.exp: call str_func("a","b","c","d","e","f","g")
FAIL: gdb.base/callfuncs.exp: p t_string_values("string 1","string 2")
FAIL: gdb.base/callfuncs.exp: p t_string_values("string 1",string_val2)
FAIL: gdb.base/callfuncs.exp: p t_string_values(string_val1,"string 2")
FAIL: gdb.base/callfuncs.exp: p t_char_array_values("carray 1","carray 2")
FAIL: gdb.base/callfuncs.exp: p t_char_array_values("carray 1",char_array_val2)
FAIL: gdb.base/callfuncs.exp: p t_char_array_values(char_array_val1,"carray 2")
FAIL: gdb.base/callfuncs.exp: p sum_args(1,{2})
FAIL: gdb.base/callfuncs.exp: p sum_args(2,{2,3})
FAIL: gdb.base/callfuncs.exp: p sum_args(3,{2,3,4})
FAIL: gdb.base/callfuncs.exp: p sum_args(4,{2,3,4,5})
FAIL: gdb.base/callfuncs.exp: bt after finishing from call dummy breakpoint
FAIL: gdb.base/callfuncs.exp: back at main after return from call dummy breakpoint
FAIL: gdb.base/callfuncs.exp: backtrace at nested call level 1
FAIL: gdb.base/callfuncs.exp: backtrace at nested call level 2
FAIL: gdb.base/callfuncs.exp: backtrace at nested call level 3
FAIL: gdb.base/callfuncs.exp: backtrace at nested call level 4
FAIL: gdb.base/callfuncs.exp: backtrace after finish from nested call level 4
FAIL: gdb.base/callfuncs.exp: Finish from nested call level 3
FAIL: gdb.base/callfuncs.exp: backtrace after finish from nested call level 3
FAIL: gdb.base/callfuncs.exp: Finish from nested call level 2
FAIL: gdb.base/callfuncs.exp: backtrace after finish from nested call level 2
FAIL: gdb.base/callfuncs.exp: Finish from nested call level 1
FAIL: gdb.base/callfuncs.exp: backtrace after finish from nested call level 1
FAIL: gdb.base/callfuncs.exp: nested call dummies preserve register contents
FAIL: gdb.base/corefile.exp: print func2::coremaker_local
FAIL: gdb.base/corefile.exp: backtrace in corefile.exp
FAIL: gdb.base/dump.exp: reload array as value, srec
FAIL: gdb.base/dump.exp: reload struct as value, srec
FAIL: gdb.base/dump.exp: reload array as memory, srec
FAIL: gdb.base/dump.exp: reload struct as memory, srec
FAIL: gdb.base/dump.exp: reload array as value, intel hex
FAIL: gdb.base/dump.exp: reload struct as value, intel hex
FAIL: gdb.base/dump.exp: reload array as memory, intel hex
FAIL: gdb.base/dump.exp: reload struct as memory, intel hex
FAIL: gdb.base/dump.exp: reload array as value, tekhex
FAIL: gdb.base/dump.exp: reload struct as value, tekhex
FAIL: gdb.base/dump.exp: reload array as memory, tekhex
FAIL: gdb.base/dump.exp: reload struct as memory, tekhex
FAIL: gdb.base/funcargs.exp: run to call5a
FAIL: gdb.base/funcargs.exp: print st
FAIL: gdb.base/funcargs.exp: continue to call5b (sizeof long == sizeof int)
FAIL: gdb.base/funcargs.exp: print un (sizeof long == sizeof int)
FAIL: gdb.base/gcore.exp: where in corefile, pattern 1
FAIL: gdb.base/gcore.exp: corefile restored general registers
FAIL: gdb.base/gcore.exp: corefile restored all registers
FAIL: gdb.base/gcore.exp: capture_command_output failed on print array_func::local_array.
FAIL: gdb.base/gcore.exp: corefile restored stack array
FAIL: gdb.base/gcore.exp: corefile restored backtrace
FAIL: gdb.base/interrupt.exp: child died when we called func1, skipped rest of tests
FAIL: gdb.base/nodebug.exp: p/c array_index("abcdef",2)
FAIL: gdb.base/printcmds.exp: p "a string"
FAIL: gdb.base/printcmds.exp: p "embedded \000 null"
FAIL: gdb.base/printcmds.exp: p "abcd"[2]
FAIL: gdb.base/printcmds.exp: p sizeof ("abcdef")
FAIL: gdb.base/printcmds.exp: ptype "foo"
FAIL: gdb.base/printcmds.exp: p *"foo"
FAIL: gdb.base/printcmds.exp: ptype *"foo"
FAIL: gdb.base/printcmds.exp: p &*"foo"
FAIL: gdb.base/printcmds.exp: p (char *)"foo"
FAIL: gdb.base/printcmds.exp: print {'a','b','c'}
FAIL: gdb.base/printcmds.exp: print {4,5,6}[2]
FAIL: gdb.base/printcmds.exp: print *&{4,5,6}[1]
FAIL: gdb.base/ptype.exp: ptype "abc"
FAIL: gdb.base/ptype.exp: ptype {'a','b','c'}
FAIL: gdb.base/ptype.exp: ptype {0,1,2}
FAIL: gdb.base/ptype.exp: ptype {(long)0,(long)1,(long)2}
FAIL: gdb.base/ptype.exp: ptype {(float)0,(float)1,(float)2}
FAIL: gdb.base/ptype.exp: ptype {{0,1,2},{3,4,5}}
FAIL: gdb.base/ptype.exp: ptype {4,5,6}[2]
FAIL: gdb.base/ptype.exp: ptype *&{4,5,6}[1]
FAIL: gdb.base/recurse.exp: continue to second instance watchpoint, second time
FAIL: gdb.base/recurse.exp: second instance watchpoint deleted when leaving scope
FAIL: gdb.base/recurse.exp: continue to first instance watchpoint, second time: the program is no longer running
FAIL: gdb.base/recurse.exp: first instance watchpoint deleted when leaving scope: the program is no longer running
FAIL: gdb.base/return2.exp: return from char_func
FAIL: gdb.base/return2.exp: char value returned successfully
FAIL: gdb.base/return2.exp: validate result value not equal to program return value
FAIL: gdb.base/return2.exp: return from float_func (timeout)
FAIL: gdb.base/return2.exp: return from double_func (timeout)
FAIL: gdb.base/return2.exp: double value returned successfully (timeout)
FAIL: gdb.base/return2.exp: validate result value not equal to program return value (timeout)
FAIL: gdb.base/selftest.exp: print a string
FAIL: gdb.base/selftest.exp: backtrace through signal handler
FAIL: gdb.base/sigall.exp: get signal LOST
FAIL: gdb.base/signals.exp: backtrace in signals_tests_1
FAIL: gdb.base/signals.exp: bt in signals.exp
FAIL: gdb.base/structs2.exp: structs2 continue1 (PRMS 13536)
FAIL: gdb.base/structs2.exp: structs2 continue2 (PRMS 13536)
FAIL: gdb.c++/annota2.exp: run until main breakpoint
FAIL: gdb.c++/annota2.exp: print class
FAIL: gdb.c++/annota2.exp: continue to exit
FAIL: gdb.c++/annota2.exp: run until main breakpoint
FAIL: gdb.c++/annota2.exp: set watch on a.x
FAIL: gdb.c++/annota2.exp: watch triggered on a.x
FAIL: gdb.c++/anon-union.exp: running to main in runto
FAIL: gdb.c++/classes.exp: running to 'inheritance2' in runto
FAIL: gdb.c++/classes.exp: continue to enums2(\(\)|): the program is no longer running
FAIL: gdb.c++/classes.exp: running to main in runto
FAIL: gdb.c++/classes.exp: running to marker_reg1 in runto
FAIL: gdb.c++/cplusfuncs.exp: running to main in runto
FAIL: gdb.c++/cplusfuncs.exp: print &'hairyfunc5'
FAIL: gdb.c++/cplusfuncs.exp: print &'hairyfunc6'
FAIL: gdb.c++/cplusfuncs.exp: print &'hairyfunc7'
FAIL: gdb.c++/derivation.exp: running to main in runto
FAIL: gdb.c++/inherit.exp: running to main in runto
FAIL: gdb.c++/inherit.exp: ptype vA
FAIL: gdb.c++/inherit.exp: ptype vB
FAIL: gdb.c++/inherit.exp: ptype vC
FAIL: gdb.c++/inherit.exp: ptype vD
FAIL: gdb.c++/inherit.exp: ptype vE
FAIL: gdb.c++/inherit.exp: running to 'inheritance2' in runto
FAIL: gdb.c++/inherit.exp: print g_A.A::a
FAIL: gdb.c++/inherit.exp: print g_A.A::x
FAIL: gdb.c++/inherit.exp: print g_A.a
FAIL: gdb.c++/inherit.exp: print g_A.x
FAIL: gdb.c++/inherit.exp: print g_B.A::a
FAIL: gdb.c++/inherit.exp: print g_B.A::x
FAIL: gdb.c++/inherit.exp: print g_B.B::b
FAIL: gdb.c++/inherit.exp: print g_B.B::x
FAIL: gdb.c++/inherit.exp: print g_B.a
FAIL: gdb.c++/inherit.exp: print g_B.b
FAIL: gdb.c++/inherit.exp: print g_B.x
FAIL: gdb.c++/inherit.exp: print g_C.A::a
FAIL: gdb.c++/inherit.exp: print g_C.A::x
FAIL: gdb.c++/inherit.exp: print g_C.C::c
FAIL: gdb.c++/inherit.exp: print g_C.C::x
FAIL: gdb.c++/inherit.exp: print g_C.a
FAIL: gdb.c++/inherit.exp: print g_C.c
FAIL: gdb.c++/inherit.exp: print g_C.x
FAIL: gdb.c++/inherit.exp: print g_A
FAIL: gdb.c++/inherit.exp: print g_B
FAIL: gdb.c++/inherit.exp: print g_C
FAIL: gdb.c++/inherit.exp: print g_A.A::a
FAIL: gdb.c++/inherit.exp: print g_A.A::x
FAIL: gdb.c++/inherit.exp: print g_B.A::a
FAIL: gdb.c++/inherit.exp: print g_B.A::x
FAIL: gdb.c++/inherit.exp: print g_B.B::b
FAIL: gdb.c++/inherit.exp: print g_B.B::x
FAIL: gdb.c++/inherit.exp: print g_C.A::a
FAIL: gdb.c++/inherit.exp: print g_C.A::x
FAIL: gdb.c++/inherit.exp: print g_C.C::c
FAIL: gdb.c++/inherit.exp: print g_C.C::x
FAIL: gdb.c++/inherit.exp: print g_D.B::b
FAIL: gdb.c++/inherit.exp: print g_D.B::x
FAIL: gdb.c++/inherit.exp: print g_D.C::c
FAIL: gdb.c++/inherit.exp: print g_D.C::x
FAIL: gdb.c++/inherit.exp: print g_D.D::d
FAIL: gdb.c++/inherit.exp: print g_D.D::x
FAIL: gdb.c++/inherit.exp: print g_E.B::b
FAIL: gdb.c++/inherit.exp: print g_E.B::x
FAIL: gdb.c++/inherit.exp: print g_E.C::c
FAIL: gdb.c++/inherit.exp: print g_E.C::x
FAIL: gdb.c++/inherit.exp: print g_E.D::d
FAIL: gdb.c++/inherit.exp: print g_E.D::x
FAIL: gdb.c++/inherit.exp: print g_E.E::e
FAIL: gdb.c++/inherit.exp: print g_E.E::x
FAIL: gdb.c++/inherit.exp: print g_D
FAIL: gdb.c++/inherit.exp: print g_E
FAIL: gdb.c++/inherit.exp: print anonymous union member
FAIL: gdb.c++/inherit.exp: print variable of type anonymous union
FAIL: gdb.c++/inherit.exp: running to 'inheritance4' in runto
FAIL: gdb.c++/inherit.exp: print g_vA.vA::va
FAIL: gdb.c++/inherit.exp: print g_vA.vA::vx
FAIL: gdb.c++/inherit.exp: print g_vA.va
FAIL: gdb.c++/inherit.exp: print g_vA.vx
FAIL: gdb.c++/inherit.exp: print g_vB.vA::va
FAIL: gdb.c++/inherit.exp: print g_vB.vA::vx
FAIL: gdb.c++/inherit.exp: print g_vB.vB::vb
FAIL: gdb.c++/inherit.exp: print g_vB.vB::vx
FAIL: gdb.c++/inherit.exp: print g_vB.va
FAIL: gdb.c++/inherit.exp: print g_vB.vb
FAIL: gdb.c++/inherit.exp: print g_vB.vx
FAIL: gdb.c++/inherit.exp: print g_vC.vA::va
FAIL: gdb.c++/inherit.exp: print g_vC.vA::vx
FAIL: gdb.c++/inherit.exp: print g_vC.vC::vc
FAIL: gdb.c++/inherit.exp: print g_vC.vC::vx
FAIL: gdb.c++/inherit.exp: print g_vC.va
FAIL: gdb.c++/inherit.exp: print g_vC.vc
FAIL: gdb.c++/inherit.exp: print g_vC.vx
FAIL: gdb.c++/inherit.exp: print g_vA
FAIL: gdb.c++/inherit.exp: print g_vB
FAIL: gdb.c++/inherit.exp: print g_vC
FAIL: gdb.c++/inherit.exp: print g_vD.vA::va
FAIL: gdb.c++/inherit.exp: print g_vD.vA::vx
FAIL: gdb.c++/inherit.exp: print g_vD.vB::vb
FAIL: gdb.c++/inherit.exp: print g_vD.vB::vx
FAIL: gdb.c++/inherit.exp: print g_vD.vC::vc
FAIL: gdb.c++/inherit.exp: print g_vD.vC::vx
FAIL: gdb.c++/inherit.exp: print g_vD.vD::vd
FAIL: gdb.c++/inherit.exp: print g_vD.vD::vx
FAIL: gdb.c++/inherit.exp: print g_vE.vA::va
FAIL: gdb.c++/inherit.exp: print g_vE.vA::vx
FAIL: gdb.c++/inherit.exp: print g_vE.vB::vb
FAIL: gdb.c++/inherit.exp: print g_vE.vB::vx
FAIL: gdb.c++/inherit.exp: print g_vE.vC::vc
FAIL: gdb.c++/inherit.exp: print g_vE.vC::vx
FAIL: gdb.c++/inherit.exp: print g_vE.vD::vd
FAIL: gdb.c++/inherit.exp: print g_vE.vD::vx
FAIL: gdb.c++/inherit.exp: print g_vE.vE::ve
FAIL: gdb.c++/inherit.exp: print g_vE.vE::vx
FAIL: gdb.c++/inherit.exp: print g_vD
FAIL: gdb.c++/inherit.exp: print g_vE
FAIL: gdb.c++/local.exp: running to main in runto
FAIL: gdb.c++/misc.exp: running to main in runto
FAIL: gdb.c++/misc.exp: set a bool var (print v_bool)
FAIL: gdb.c++/misc.exp: set a bool array elem (print v_bool_array)
FAIL: gdb.c++/namespace.exp: running to main in runto
FAIL: gdb.c++/templates.exp: ptype T5<int>
FAIL: gdb.c++/templates.exp: ptype t5i
FAIL: gdb.c++/templates.exp: constructor breakpoint (bad menu choices)
FAIL: gdb.c++/templates.exp: destructor breakpoint
FAIL: gdb.c++/templates.exp: running to main in runto
FAIL: gdb.c++/templates.exp: print fint
FAIL: gdb.c++/templates.exp: print fvpchar
FAIL: gdb.c++/templates.exp: ptype fint
FAIL: gdb.c++/templates.exp: ptype fchar
FAIL: gdb.c++/templates.exp: ptype fvpchar
FAIL: gdb.c++/templates.exp: print Foo<volatile char *>::foo
FAIL: gdb.c++/templates.exp: ptype bint
FAIL: gdb.c++/templates.exp: ptype bint2
FAIL: gdb.c++/templates.exp: ptype bazint
FAIL: gdb.c++/templates.exp: ptype bazint2
FAIL: gdb.c++/templates.exp: ptype quxint
FAIL: gdb.c++/templates.exp: ptype siip
FAIL: gdb.c++/templates.exp: print Garply<Garply<char> >::garply
FAIL: gdb.c++/userdef.exp: running to main in runto
FAIL: gdb.c++/virtfunc.exp: ptype VB
FAIL: gdb.c++/virtfunc.exp: ptype V
FAIL: gdb.c++/virtfunc.exp: ptype A
FAIL: gdb.c++/virtfunc.exp: ptype B
FAIL: gdb.c++/virtfunc.exp: ptype C
FAIL: gdb.c++/virtfunc.exp: ptype AD
FAIL: gdb.c++/virtfunc.exp: ptype D
FAIL: gdb.c++/virtfunc.exp: ptype E
FAIL: gdb.c++/virtfunc.exp: running to 'test_calls' in runto
FAIL: gdb.gdb/xfullpath.exp: A filename with ./ as the directory prefix
FAIL: gdb.gdb/xfullpath.exp: A filename with ../ in the directory prefix
FAIL: gdb.gdb/xfullpath.exp: A one-char filename in the current directory
FAIL: gdb.gdb/xfullpath.exp: A filename in the root directory
FAIL: gdb.gdb/xfullpath.exp: A filename without any directory prefix
FAIL: gdb.gdb/xfullpath.exp: A one-char filename without any directory prefix
FAIL: gdb.gdb/xfullpath.exp: An empty filename
FAIL: gdb.mi/mi-break.exp: insert temp breakpoint at "<fullfilename>":6 (callee4)
FAIL: gdb.mi/mi-console.exp: Hello message (known bug)
FAIL: gdb.mi/mi-simplerun.exp: insert breakpoint at "<fullfilename>":6 (callee4)
FAIL: gdb.mi/mi-var-child.exp: get children of struct_declarations
FAIL: gdb.mi/mi-var-child.exp: get children of struct_declarations.s2.u2.u1s1
FAIL: gdb.mi/mi-var-child.exp: create local variable weird
FAIL: gdb.mi/mi-var-child.exp: get children of weird
FAIL: gdb.mi/mi-var-display.exp: create local variable weird
FAIL: gdb.mi/mi-var-display.exp: get children local variable weird
FAIL: gdb.mi/mi0-break.exp: insert temp breakpoint at "<fullfilename>":6 (callee4)
FAIL: gdb.mi/mi0-console.exp: Hello message (known bug)
FAIL: gdb.mi/mi0-simplerun.exp: insert breakpoint at "<fullfilename>":6 (callee4)
FAIL: gdb.mi/mi0-var-child.exp: get children of struct_declarations
FAIL: gdb.mi/mi0-var-child.exp: get children of struct_declarations.s2.u2.u1s1
FAIL: gdb.mi/mi0-var-child.exp: create local variable weird
FAIL: gdb.mi/mi0-var-child.exp: get children of weird
FAIL: gdb.mi/mi0-var-display.exp: create local variable weird
FAIL: gdb.mi/mi0-var-display.exp: get children local variable weird
FAIL: gdb.threads/gcore-thread.exp: re-load generated corefile (file not found)
FAIL: gdb.threads/linux-dp.exp: find line number containing "linuxthreads.exp: create philosopher" (timeout)
FAIL: gdb.threads/linux-dp.exp: setting breakpoint at -1 (timeout)
FAIL: gdb.threads/linux-dp.exp: continue to breakpoint: about to create philosopher: 0 (timeout)
FAIL: gdb.threads/linux-dp.exp: (timeout) create philosopher: 0
FAIL: gdb.threads/linux-dp.exp: continue to breakpoint: about to create philosopher: 1 (timeout)
FAIL: gdb.threads/linux-dp.exp: (timeout) create philosopher: 1
FAIL: gdb.threads/linux-dp.exp: continue to breakpoint: about to create philosopher: 2 (timeout)
FAIL: gdb.threads/linux-dp.exp: (timeout) create philosopher: 2
FAIL: gdb.threads/linux-dp.exp: continue to breakpoint: about to create philosopher: 3 (timeout)
FAIL: gdb.threads/linux-dp.exp: (timeout) create philosopher: 3
FAIL: gdb.threads/linux-dp.exp: continue to breakpoint: about to create philosopher: 4 (timeout)
FAIL: gdb.threads/linux-dp.exp: (timeout) create philosopher: 4
FAIL: gdb.threads/linux-dp.exp: find line number containing "linuxthreads.exp: info threads 2" (timeout)
FAIL: gdb.threads/linux-dp.exp: setting breakpoint at -1 (timeout)
FAIL: gdb.threads/linux-dp.exp: continue to breakpoint: main thread's sleep (timeout)
FAIL: gdb.threads/linux-dp.exp: setting breakpoint at print_philosopher thread 5 (timeout)
FAIL: gdb.threads/linux-dp.exp: continue to breakpoint: thread 5's print (timeout)
FAIL: gdb.threads/linux-dp.exp: continue to breakpoint: thread 5's print, pass: 0 (timeout)
FAIL: gdb.threads/linux-dp.exp: thread-specific breakpoint is thread-specific (timeout)
FAIL: gdb.threads/linux-dp.exp: selected thread: 1 (timeout)
FAIL: gdb.threads/linux-dp.exp: philosopher is distinct: 1 (timeout)
FAIL: gdb.threads/linux-dp.exp: selected thread: 2 (timeout)
FAIL: gdb.threads/linux-dp.exp: philosopher is distinct: 2 (timeout)
FAIL: gdb.threads/linux-dp.exp: selected thread: 3 (timeout)
FAIL: gdb.threads/linux-dp.exp: philosopher is distinct: 3 (timeout)
FAIL: gdb.threads/linux-dp.exp: selected thread: 4 (timeout)
FAIL: gdb.threads/linux-dp.exp: philosopher is distinct: 4 (timeout)
FAIL: gdb.threads/linux-dp.exp: selected thread: 5 (timeout)
FAIL: gdb.threads/linux-dp.exp: philosopher is distinct: 5 (timeout)
FAIL: gdb.threads/linux-dp.exp: selected thread: 6 (timeout)
FAIL: gdb.threads/linux-dp.exp: philosopher is distinct: 6 (timeout)
FAIL: gdb.threads/linux-dp.exp: selected thread: 7 (timeout)
FAIL: gdb.threads/linux-dp.exp: philosopher is distinct: 7 (timeout)
FAIL: gdb.threads/linux-dp.exp: found an interesting thread
FAIL: gdb.threads/pthreads.exp: continue until common routine run 15 times
FAIL: gdb.threads/pthreads.exp: Continue with all threads running (timeout)
FAIL: gdb.threads/pthreads.exp: Stopped with a ^C (timeout)

		=== gdb Summary ===

# of expected passes		7721
# of unexpected failures	305
# of expected failures		69
# of unresolved testcases	45
# of untested testcases		6
/n/test/log/sparc-linux-lsd/.ltmp/egcs/gdb/testsuite/../../gdb/gdb version  2002-04-16-cvs -nx

		=== ld tests ===


Running target unix

		=== ld Summary ===

# of expected passes		119
# of expected failures		23
		=== libjava tests ===


Running target unix
FAIL: calls run
FAIL: final_method run
FAIL: findclass run
FAIL: invoke run
FAIL: martin run
FAIL: noclass run
FAIL: overload run
FAIL: register run
FAIL: simple_int run
FAIL: throwit run
FAIL: virtual run
FAIL: cxxtest run
FAIL: field run
FAIL: Array_1 execution from source compiled test
FAIL: Array_1 execution from bytecode->native test
FAIL: Array_1 -O execution from source compiled test
FAIL: Array_1 -O execution from bytecode->native test
FAIL: Array_2 execution from source compiled test
FAIL: Array_2 execution from bytecode->native test
FAIL: Array_2 -O execution from source compiled test
FAIL: Array_2 -O execution from bytecode->native test
FAIL: Class_1 execution from source compiled test
FAIL: Class_1 execution from bytecode->native test
FAIL: Class_1 -O execution from source compiled test
FAIL: Class_1 -O execution from bytecode->native test
FAIL: Divide_1 execution from source compiled test
FAIL: Divide_1 execution from bytecode->native test
FAIL: Divide_1 -O execution from source compiled test
FAIL: Divide_1 -O execution from bytecode->native test
FAIL: Final execution from source compiled test
FAIL: Final execution from bytecode->native test
FAIL: Final -O execution from source compiled test
FAIL: Final -O execution from bytecode->native test
FAIL: Float_1 execution from source compiled test
FAIL: Float_1 execution from bytecode->native test
FAIL: Float_1 -O execution from source compiled test
FAIL: Float_1 -O execution from bytecode->native test
FAIL: G19990301_01 execution from source compiled test
FAIL: G19990301_01 execution from bytecode->native test
FAIL: G19990301_01 -O execution from source compiled test
FAIL: G19990301_01 -O execution from bytecode->native test
FAIL: G19990302_02 execution from source compiled test
FAIL: G19990302_02 execution from bytecode->native test
FAIL: G19990302_02 -O execution from source compiled test
FAIL: G19990302_02 -O execution from bytecode->native test
FAIL: G19990303_01 execution from source compiled test
FAIL: G19990303_01 execution from bytecode->native test
FAIL: G19990303_01 -O execution from source compiled test
FAIL: G19990303_01 -O execution from bytecode->native test
FAIL: G19990303_02 execution from source compiled test
FAIL: G19990303_02 execution from bytecode->native test
FAIL: G19990303_02 -O execution from source compiled test
FAIL: G19990303_02 -O execution from bytecode->native test
FAIL: G19990304_01 execution from source compiled test
FAIL: G19990304_01 execution from bytecode->native test
FAIL: G19990304_01 -O execution from source compiled test
FAIL: G19990304_01 -O execution from bytecode->native test
FAIL: G19990310_01 execution from source compiled test
FAIL: G19990310_01 execution from bytecode->native test
FAIL: G19990310_01 -O execution from source compiled test
FAIL: G19990310_01 -O execution from bytecode->native test
FAIL: PR55 execution from source compiled test
FAIL: PR55 execution from bytecode->native test
FAIL: PR55 -O execution from source compiled test
FAIL: PR55 -O execution from bytecode->native test
FAIL: InterfaceDispatch execution from source compiled test
FAIL: InterfaceDispatch execution from bytecode->native test
FAIL: InterfaceDispatch -O execution from source compiled test
FAIL: InterfaceDispatch -O execution from bytecode->native test
FAIL: Invoke_1 execution from source compiled test
FAIL: Invoke_1 execution from bytecode->native test
FAIL: Invoke_1 -O execution from source compiled test
FAIL: Invoke_1 -O execution from bytecode->native test
FAIL: Invoke_2 execution from source compiled test
FAIL: Invoke_2 execution from bytecode->native test
FAIL: Invoke_2 -O execution from source compiled test
FAIL: Invoke_2 -O execution from bytecode->native test
FAIL: N19990310_02 execution from source compiled test
FAIL: N19990310_02 execution from bytecode->native test
FAIL: N19990310_02 -O execution from source compiled test
FAIL: N19990310_02 -O execution from bytecode->native test
FAIL: N19990310_3 execution from source compiled test
FAIL: N19990310_3 execution from bytecode->native test
FAIL: N19990310_3 -O execution from source compiled test
FAIL: N19990310_3 -O execution from bytecode->native test
FAIL: N19990310_4 execution from source compiled test
FAIL: N19990310_4 execution from bytecode->native test
FAIL: N19990310_4 -O execution from source compiled test
FAIL: N19990310_4 -O execution from bytecode->native test
FAIL: N19990310_5 execution from source compiled test
FAIL: N19990310_5 execution from bytecode->native test
FAIL: N19990310_5 -O execution from source compiled test
FAIL: N19990310_5 -O execution from bytecode->native test
FAIL: PR141 execution from source compiled test
FAIL: PR141 execution from bytecode->native test
FAIL: PR141 -O execution from source compiled test
FAIL: PR141 -O execution from bytecode->native test
FAIL: PR160 execution from source compiled test
FAIL: PR160 execution from bytecode->native test
FAIL: PR160 -O execution from source compiled test
FAIL: PR160 -O execution from bytecode->native test
FAIL: PR162 execution from source compiled test
FAIL: PR162 execution from bytecode->native test
FAIL: PR162 -O execution from source compiled test
FAIL: PR162 -O execution from bytecode->native test
FAIL: PR218 execution from source compiled test
FAIL: PR218 execution from bytecode->native test
FAIL: PR218 -O execution from source compiled test
FAIL: PR218 -O execution from bytecode->native test
FAIL: PR242 execution from source compiled test
FAIL: PR242 execution from bytecode->native test
FAIL: PR242 -O execution from source compiled test
FAIL: PR242 -O execution from bytecode->native test
FAIL: PR260 execution from source compiled test
FAIL: PR260 execution from bytecode->native test
FAIL: PR260 -O execution from source compiled test
FAIL: PR260 -O execution from bytecode->native test
FAIL: PR56 execution from source compiled test
FAIL: PR56 execution from bytecode->native test
FAIL: PR56 -O execution from source compiled test
FAIL: PR56 -O execution from bytecode->native test
FAIL: Primes execution from source compiled test
FAIL: Primes execution from bytecode->native test
FAIL: Primes -O execution from source compiled test
FAIL: Primes -O execution from bytecode->native test
FAIL: Shazam execution from source compiled test
FAIL: Shazam execution from bytecode->native test
FAIL: Shazam -O execution from source compiled test
FAIL: Shazam -O execution from bytecode->native test
FAIL: StringBuffer_1 execution from source compiled test
FAIL: StringBuffer_1 execution from bytecode->native test
FAIL: StringBuffer_1 -O execution from source compiled test
FAIL: StringBuffer_1 -O execution from bytecode->native test
FAIL: Synch execution from source compiled test
FAIL: Synch execution from bytecode->native test
FAIL: Synch -O execution from source compiled test
FAIL: Synch -O execution from bytecode->native test
FAIL: anfi execution from source compiled test
FAIL: anfi execution from bytecode->native test
FAIL: anfi -O execution from source compiled test
FAIL: anfi -O execution from bytecode->native test
FAIL: Throw_1 execution from source compiled test
FAIL: Throw_1 execution from bytecode->native test
FAIL: Throw_1 -O execution from source compiled test
FAIL: Throw_1 -O execution from bytecode->native test
FAIL: anon execution from source compiled test
FAIL: anon execution from bytecode->native test
FAIL: anon -O execution from source compiled test
FAIL: anon -O execution from bytecode->native test
FAIL: anon2 execution from source compiled test
FAIL: anon2 execution from bytecode->native test
FAIL: anon2 -O execution from source compiled test
FAIL: anon2 -O execution from bytecode->native test
FAIL: anon3 execution from source compiled test
FAIL: anon3 execution from bytecode->native test
FAIL: anon3 -O execution from source compiled test
FAIL: anon3 -O execution from bytecode->native test
FAIL: anon4 execution from source compiled test
FAIL: anon4 execution from bytecode->native test
FAIL: anon4 -O execution from source compiled test
FAIL: anon4 -O execution from bytecode->native test
FAIL: anonarray execution from source compiled test
FAIL: anonarray execution from bytecode->native test
FAIL: anonarray -O execution from source compiled test
FAIL: anonarray -O execution from bytecode->native test
FAIL: anonarray2 execution from source compiled test
FAIL: anonarray2 execution from bytecode->native test
FAIL: anonarray2 -O execution from source compiled test
FAIL: anonarray2 -O execution from bytecode->native test
FAIL: anonarray3 execution from source compiled test
FAIL: anonarray3 execution from bytecode->native test
FAIL: anonarray3 -O execution from source compiled test
FAIL: anonarray3 -O execution from bytecode->native test
FAIL: direct_read execution from source compiled test
FAIL: direct_read execution from bytecode->native test
FAIL: direct_read -O execution from source compiled test
FAIL: direct_read -O execution from bytecode->native test
FAIL: direct_write execution from source compiled test
FAIL: direct_write execution from bytecode->native test
FAIL: direct_write -O execution from source compiled test
FAIL: direct_write -O execution from bytecode->native test
FAIL: err1 execution from source compiled test
FAIL: err1 execution from bytecode->native test
FAIL: err1 -O execution from source compiled test
FAIL: err1 -O execution from bytecode->native test
FAIL: err10 execution from source compiled test
FAIL: err10 execution from bytecode->native test
FAIL: err10 -O execution from source compiled test
FAIL: err10 -O execution from bytecode->native test
FAIL: err11 execution from source compiled test
FAIL: err11 execution from bytecode->native test
FAIL: err11 -O execution from source compiled test
FAIL: err11 -O execution from bytecode->native test
FAIL: err12 execution from source compiled test
FAIL: err12 execution from bytecode->native test
FAIL: err12 -O execution from source compiled test
FAIL: err12 -O execution from bytecode->native test
FAIL: err13 execution from source compiled test
FAIL: err13 execution from bytecode->native test
FAIL: err13 -O execution from source compiled test
FAIL: err13 -O execution from bytecode->native test
FAIL: err2 execution from source compiled test
FAIL: err2 execution from bytecode->native test
FAIL: err2 -O execution from source compiled test
FAIL: err2 -O execution from bytecode->native test
FAIL: err3 execution from source compiled test
FAIL: err3 execution from bytecode->native test
FAIL: err3 -O execution from source compiled test
FAIL: err3 -O execution from bytecode->native test
FAIL: err4 execution from source compiled test
FAIL: err4 execution from bytecode->native test
FAIL: err4 -O execution from source compiled test
FAIL: err4 -O execution from bytecode->native test
FAIL: err5 execution from source compiled test
FAIL: err5 execution from bytecode->native test
FAIL: err5 -O execution from source compiled test
FAIL: err5 -O execution from bytecode->native test
FAIL: err6 execution from source compiled test
FAIL: err6 execution from bytecode->native test
FAIL: err6 -O execution from source compiled test
FAIL: err6 -O execution from bytecode->native test
FAIL: err7 execution from source compiled test
FAIL: err7 execution from bytecode->native test
FAIL: err7 -O execution from source compiled test
FAIL: err7 -O execution from bytecode->native test
FAIL: err8 execution from source compiled test
FAIL: err8 execution from bytecode->native test
FAIL: err8 -O execution from source compiled test
FAIL: err8 -O execution from bytecode->native test
FAIL: Throw_2 execution from source compiled test
FAIL: Throw_2 execution from bytecode->native test
FAIL: Throw_2 -O execution from source compiled test
FAIL: Throw_2 -O execution from bytecode->native test
FAIL: err9 execution from source compiled test
FAIL: err9 execution from bytecode->native test
FAIL: err9 -O execution from source compiled test
FAIL: err9 -O execution from bytecode->native test
FAIL: final_inner execution from source compiled test
FAIL: final_inner execution from bytecode->native test
FAIL: final_inner -O execution from source compiled test
FAIL: final_inner -O execution from bytecode->native test
FAIL: final_int execution from source compiled test
FAIL: final_int execution from bytecode->native test
FAIL: final_int -O execution from source compiled test
FAIL: final_int -O execution from bytecode->native test
FAIL: indirect execution from source compiled test
FAIL: indirect execution from bytecode->native test
FAIL: indirect -O execution from source compiled test
FAIL: indirect -O execution from bytecode->native test
FAIL: final_static_and_friend execution from source compiled test
FAIL: final_static_and_friend execution from bytecode->native test
FAIL: final_static_and_friend -O execution from source compiled test
FAIL: final_static_and_friend -O execution from bytecode->native test
FAIL: indirect_read execution from source compiled test
FAIL: indirect_read execution from bytecode->native test
FAIL: indirect_read -O execution from source compiled test
FAIL: indirect_read -O execution from bytecode->native test
FAIL: indirect_write execution from source compiled test
FAIL: indirect_write execution from bytecode->native test
FAIL: indirect_write -O execution from source compiled test
FAIL: indirect_write -O execution from bytecode->native test
FAIL: inner1 execution from source compiled test
FAIL: inner1 execution from bytecode->native test
FAIL: inner1 -O execution from source compiled test
FAIL: inner1 -O execution from bytecode->native test
FAIL: inner2 execution from source compiled test
FAIL: inner2 execution from bytecode->native test
FAIL: inner2 -O execution from source compiled test
FAIL: inner2 -O execution from bytecode->native test
FAIL: inner3 execution from source compiled test
FAIL: inner3 execution from bytecode->native test
FAIL: inner3 -O execution from source compiled test
FAIL: inner3 -O execution from bytecode->native test
FAIL: inner4 execution from source compiled test
FAIL: inner4 execution from bytecode->native test
FAIL: inner4 -O execution from source compiled test
FAIL: inner4 -O execution from bytecode->native test
FAIL: inner_array execution from source compiled test
FAIL: inner_array execution from bytecode->native test
FAIL: inner_array -O execution from source compiled test
FAIL: inner_array -O execution from bytecode->native test
FAIL: inner_interface execution from source compiled test
FAIL: inner_interface execution from bytecode->native test
FAIL: inner_interface -O execution from source compiled test
FAIL: inner_interface -O execution from bytecode->native test
FAIL: instance execution from source compiled test
FAIL: instance execution from bytecode->native test
FAIL: instance -O execution from source compiled test
FAIL: instance -O execution from bytecode->native test
FAIL: instinit execution from source compiled test
FAIL: instinit execution from bytecode->native test
FAIL: instinit -O execution from source compiled test
FAIL: instinit -O execution from bytecode->native test
FAIL: instinit2 execution from source compiled test
FAIL: instinit2 execution from bytecode->native test
FAIL: instinit2 -O execution from source compiled test
FAIL: instinit2 -O execution from bytecode->native test
FAIL: klass execution from source compiled test
FAIL: klass execution from bytecode->native test
FAIL: klass -O execution from source compiled test
FAIL: klass -O execution from bytecode->native test
FAIL: multiple_finit execution from source compiled test
FAIL: multiple_finit execution from bytecode->native test
FAIL: multiple_finit -O execution from source compiled test
FAIL: multiple_finit -O execution from bytecode->native test
FAIL: nested_with_ctor execution from source compiled test
FAIL: nested_with_ctor execution from bytecode->native test
FAIL: nested_with_ctor -O execution from source compiled test
FAIL: nested_with_ctor -O execution from bytecode->native test
FAIL: pr83 execution from source compiled test
FAIL: pr83 execution from bytecode->native test
FAIL: pr83 -O execution from source compiled test
FAIL: pr83 -O execution from bytecode->native test
FAIL: pr109 execution from source compiled test
FAIL: pr109 execution from bytecode->native test
FAIL: pr109 -O execution from source compiled test
FAIL: pr109 -O execution from bytecode->native test
FAIL: pr133 execution from source compiled test
FAIL: pr133 execution from bytecode->native test
FAIL: pr133 -O execution from source compiled test
FAIL: pr133 -O execution from bytecode->native test
FAIL: pr179 execution from source compiled test
FAIL: pr179 execution from bytecode->native test
FAIL: pr179 -O execution from source compiled test
FAIL: pr179 -O execution from bytecode->native test
FAIL: pr184 execution from source compiled test
FAIL: pr184 execution from bytecode->native test
FAIL: pr184 -O execution from source compiled test
FAIL: pr184 -O execution from bytecode->native test
FAIL: private_direct_read execution from source compiled test
FAIL: private_direct_read execution from bytecode->native test
FAIL: private_direct_read -O execution from source compiled test
FAIL: private_direct_read -O execution from bytecode->native test
FAIL: stub execution from source compiled test
FAIL: stub execution from bytecode->native test
FAIL: stub -O execution from source compiled test
FAIL: stub -O execution from bytecode->native test
FAIL: search_outer execution from source compiled test
FAIL: search_outer execution from bytecode->native test
FAIL: search_outer -O execution from source compiled test
FAIL: search_outer -O execution from bytecode->native test
FAIL: stringconst execution from source compiled test
FAIL: stringconst execution from bytecode->native test
FAIL: stringconst -O execution from source compiled test
FAIL: stringconst -O execution from bytecode->native test
FAIL: stringconst2 execution from source compiled test
FAIL: stringconst2 execution from bytecode->native test
FAIL: stringconst2 -O execution from source compiled test
FAIL: stringconst2 -O execution from bytecode->native test
FAIL: test_long execution from source compiled test
FAIL: test_long execution from bytecode->native test
FAIL: test_long -O execution from source compiled test
FAIL: test_long -O execution from bytecode->native test
FAIL: tmi execution from source compiled test
FAIL: tmi execution from bytecode->native test
FAIL: tmi -O execution from source compiled test
FAIL: tmi -O execution from bytecode->native test
FAIL: tp execution from source compiled test
FAIL: tp execution from bytecode->native test
FAIL: tp -O execution from source compiled test
FAIL: tp -O execution from bytecode->native test
FAIL: II execution from source compiled test
FAIL: II execution from bytecode->native test
FAIL: II -O execution from source compiled test
FAIL: II -O execution from bytecode->native test
FAIL: update_outer execution from source compiled test
FAIL: update_outer execution from bytecode->native test
FAIL: update_outer -O execution from source compiled test
FAIL: update_outer -O execution from bytecode->native test
FAIL: KeepInline execution from source compiled test
FAIL: KeepInline execution from bytecode->native test
FAIL: KeepInline -O execution from source compiled test
FAIL: KeepInline -O execution from bytecode->native test
FAIL: Matrix4f execution from source compiled test
FAIL: Matrix4f execution from bytecode->native test
FAIL: Matrix4f -O execution from source compiled test
FAIL: Matrix4f -O execution from bytecode->native test
FAIL: PR3096 execution from source compiled test
FAIL: PR3096 execution from bytecode->native test
FAIL: PR3096 -O execution from source compiled test
FAIL: PR3096 -O execution from bytecode->native test
FAIL: PR3731 execution from source compiled test
FAIL: PR3731 execution from bytecode->native test
FAIL: PR3731 -O execution from source compiled test
FAIL: PR3731 -O execution from bytecode->native test
FAIL: PR5057 execution from source compiled test
FAIL: PR5057 execution from bytecode->native test
FAIL: PR5057 -O execution from source compiled test
FAIL: PR5057 -O execution from bytecode->native test
FAIL: PR5057_2 execution from source compiled test
FAIL: PR5057_2 execution from bytecode->native test
FAIL: PR5057_2 -O execution from source compiled test
FAIL: PR5057_2 -O execution from bytecode->native test
FAIL: TLtest compilation from bytecode
FAIL: TLtest -O compilation from bytecode
FAIL: anon_ctor_itf_arg execution from source compiled test
FAIL: anon_ctor_itf_arg execution from bytecode->native test
FAIL: anon_ctor_itf_arg -O execution from source compiled test
FAIL: anon_ctor_itf_arg -O execution from bytecode->native test
FAIL: invoke_from_inner execution from source compiled test
FAIL: invoke_from_inner execution from bytecode->native test
FAIL: invoke_from_inner -O execution from source compiled test
FAIL: invoke_from_inner -O execution from bytecode->native test
FAIL: invokethrow execution from source compiled test
FAIL: invokethrow execution from bytecode->native test
FAIL: invokethrow -O execution from source compiled test
FAIL: invokethrow -O execution from bytecode->native test
FAIL: Array_3 execution from source compiled test
FAIL: Array_3 execution from bytecode->native test
FAIL: Array_3 -O execution from source compiled test
FAIL: Array_3 -O execution from bytecode->native test
FAIL: FileHandleGcTest execution from source compiled test
FAIL: FileHandleGcTest execution from bytecode->native test
FAIL: FileHandleGcTest -O execution from source compiled test
FAIL: FileHandleGcTest -O execution from bytecode->native test
FAIL: ArrayStore execution from source compiled test
FAIL: ArrayStore execution from bytecode->native test
FAIL: ArrayStore -O execution from source compiled test
FAIL: ArrayStore -O execution from bytecode->native test
FAIL: ArrayStore2 execution from source compiled test
FAIL: ArrayStore2 execution from bytecode->native test
FAIL: ArrayStore2 -O execution from source compiled test
FAIL: ArrayStore2 -O execution from bytecode->native test
FAIL: InvokeReturn execution from source compiled test
FAIL: InvokeReturn execution from bytecode->native test
FAIL: InvokeReturn -O execution from source compiled test
FAIL: InvokeReturn -O execution from bytecode->native test
FAIL: PR6085 execution from source compiled test
FAIL: PR6085 execution from bytecode->native test
FAIL: PR6085 -O execution from source compiled test
FAIL: PR6085 -O execution from bytecode->native test
FAIL: PR6204 execution from source compiled test
FAIL: PR6204 execution from bytecode->native test
FAIL: PR6204 -O execution from source compiled test
FAIL: PR6204 -O execution from bytecode->native test
FAIL: SyncGlobal execution from source compiled test
FAIL: SyncGlobal execution from bytecode->native test
FAIL: SyncGlobal -O execution from source compiled test
FAIL: SyncGlobal -O execution from bytecode->native test
FAIL: Compile gnu/testlet/java/lang/Math/min.o for gnu.testlet.java.lang.Math.min

		=== libjava Summary ===

# of expected passes		1570
# of unexpected failures	440
# of expected failures		12
# of untested testcases		531
		=== libstdc++-v3 tests ===


Running target unix
FAIL: 17_intro/header_cassert.cc execution test
FAIL: 17_intro/header_cerrno.cc execution test
FAIL: 17_intro/header_csetjmp.cc execution test
FAIL: 17_intro/header_cstdarg.cc execution test
FAIL: 17_intro/header_cstddef.cc execution test
FAIL: 17_intro/header_cstdio.cc execution test
FAIL: 17_intro/header_cstdlib.cc execution test
FAIL: 17_intro/header_cstring.cc execution test
FAIL: 17_intro/header_ctime.cc execution test
FAIL: 17_intro/header_cwchar.cc execution test
FAIL: 17_intro/header_cwctype.cc execution test
FAIL: 17_intro/header_fstream.cc execution test
FAIL: 17_intro/header_iomanip.cc execution test
FAIL: 17_intro/header_ios.cc (test for excess errors)
FAIL: 17_intro/header_iosfwd.cc execution test
FAIL: 17_intro/header_iostream.cc execution test
FAIL: 17_intro/header_istream.cc execution test
FAIL: 17_intro/header_ostream.cc execution test
FAIL: 17_intro/header_sstream.cc execution test
FAIL: 17_intro/header_streambuf.cc execution test
FAIL: 17_intro/headers.cc execution test
FAIL: 17_intro/headers_c++.cc execution test
FAIL: 17_intro/headers_c.cc execution test
FAIL: 18_support/numeric_limits.cc execution test
FAIL: 19_diagnostics/stdexceptions.cc execution test
FAIL: 20_util/allocator_members.cc execution test
FAIL: 20_util/auto_ptr.cc execution test
FAIL: 20_util/binders.cc execution test
FAIL: 20_util/comparisons.cc execution test
FAIL: 20_util/pairs.cc execution test
FAIL: 20_util/raw_storage_iterator.cc execution test
FAIL: 20_util/temporary_buffer.cc execution test
FAIL: 21_strings/append.cc execution test
FAIL: 21_strings/assign.cc execution test
FAIL: 21_strings/c_strings.cc (test for excess errors)
FAIL: 21_strings/capacity.cc (test for excess errors)
FAIL: 21_strings/char_traits_requirements.cc (test for excess errors)
FAIL: 21_strings/char_traits_typedefs.cc (test for excess errors)
FAIL: 21_strings/compare.cc (test for excess errors)
FAIL: 21_strings/ctor_copy_dtor.cc (test for excess errors)
FAIL: 21_strings/element_access.cc (test for excess errors)
FAIL: 21_strings/find.cc execution test
FAIL: 21_strings/insert.cc execution test
FAIL: 21_strings/inserters_extractors.cc execution test
FAIL: 21_strings/invariants.cc execution test
FAIL: 21_strings/nonmember.cc execution test
FAIL: 21_strings/operations.cc execution test
FAIL: 21_strings/replace.cc execution test
FAIL: 21_strings/rfind.cc execution test
FAIL: 21_strings/substr.cc execution test
FAIL: 22_locale/codecvt_members_char_char.cc execution test
FAIL: 22_locale/codecvt_members_unicode_char.cc execution test
FAIL: 22_locale/codecvt_members_unicode_wchar_t.cc execution test
FAIL: 22_locale/codecvt_members_wchar_t_char.cc execution test
FAIL: 22_locale/ctor_copy_dtor.cc execution test
FAIL: 22_locale/ctype_members_wchar_t.cc execution test
FAIL: 22_locale/facet.cc execution test
FAIL: 22_locale/global_templates.cc execution test
FAIL: 22_locale/operators.cc execution test
FAIL: 22_locale/static_members.cc execution test
FAIL: 23_containers/bitset_ctor.cc execution test
FAIL: 23_containers/bitset_members.cc execution test
FAIL: 23_containers/bitset_shift.cc execution test
FAIL: 23_containers/deque_ctor.cc execution test
FAIL: 23_containers/list_capacity.cc execution test
FAIL: 23_containers/list_ctor.cc execution test
FAIL: 23_containers/list_modifiers.cc execution test
FAIL: 23_containers/list_operators.cc execution test
FAIL: 23_containers/map_insert.cc execution test
FAIL: 23_containers/multiset.cc execution test
FAIL: 23_containers/vector_bool.cc execution test
FAIL: 23_containers/vector_capacity.cc execution test
FAIL: 23_containers/vector_ctor.cc execution test
FAIL: 23_containers/vector_element_access.cc execution test
FAIL: 23_containers/vector_modifiers.cc execution test
FAIL: 24_iterators/back_insert_iterator.cc execution test
FAIL: 24_iterators/front_insert_iterator.cc execution test
FAIL: 24_iterators/insert_iterator.cc execution test
FAIL: 24_iterators/istream_iterator.cc execution test
FAIL: 24_iterators/istreambuf_iterator.cc execution test
FAIL: 24_iterators/iterator.cc execution test
FAIL: 24_iterators/ostream_iterator.cc execution test
FAIL: 24_iterators/ostreambuf_iterator.cc execution test
FAIL: 24_iterators/rel_ops.cc (test for excess errors)
FAIL: 24_iterators/reverse_iterator.cc execution test
FAIL: 25_algorithms/binary_search.cc execution test
FAIL: 25_algorithms/copy.cc execution test
FAIL: 25_algorithms/heap.cc execution test
FAIL: 25_algorithms/lower_bound.cc execution test
FAIL: 25_algorithms/min_max.cc execution test
FAIL: 25_algorithms/partition.cc execution test
FAIL: 25_algorithms/rotate.cc execution test
FAIL: 25_algorithms/sort.cc execution test
FAIL: 25_algorithms/unique.cc execution test
FAIL: 26_numerics/binary_closure.cc execution test
FAIL: 26_numerics/buggy_complex.cc execution test
FAIL: 26_numerics/c99_classification_macros_c.cc (test for excess errors)
FAIL: 26_numerics/c_math.cc execution test
FAIL: 26_numerics/complex_inserters_extractors.cc execution test
FAIL: 26_numerics/complex_value.cc execution test
FAIL: 26_numerics/fabs_inline.cc execution test
FAIL: 26_numerics/slice_array_assignment.cc execution test
FAIL: 26_numerics/sum_diff.cc execution test
FAIL: 26_numerics/valarray.cc execution test
FAIL: 26_numerics/valarray_const_bracket.cc execution test
FAIL: 27_io/filebuf_members.cc execution test
FAIL: 27_io/filebuf_virtuals.cc execution test
FAIL: 27_io/fpos.cc execution test
FAIL: 27_io/fstream_members.cc execution test
FAIL: 27_io/ifstream_members.cc execution test
FAIL: 27_io/instantiations.cc execution test
FAIL: 27_io/ios_base_callbacks.cc execution test
FAIL: 27_io/ios_base_members_static.cc execution test
FAIL: 27_io/ios_base_storage.cc execution test
FAIL: 27_io/ios_ctor.cc execution test
FAIL: 27_io/ios_init.cc execution test
FAIL: 27_io/ios_manip_basefield.cc execution test
FAIL: 27_io/ios_manip_fmtflags.cc execution test
FAIL: 27_io/ios_members.cc execution test
FAIL: 27_io/iostream_members.cc execution test
FAIL: 27_io/istream_extractor_arith.cc execution test
FAIL: 27_io/istream_extractor_char.cc execution test
FAIL: 27_io/istream_extractor_other.cc execution test
FAIL: 27_io/istream_manip.cc execution test
FAIL: 27_io/istream_seeks.cc execution test
FAIL: 27_io/istream_sentry.cc execution test
FAIL: 27_io/istream_unformatted.cc execution test
FAIL: 27_io/istringstream_members.cc execution test
FAIL: 27_io/narrow_stream_objects.cc execution test
FAIL: 27_io/ofstream_members.cc execution test
FAIL: 27_io/ostream_inserter_arith.cc execution test
FAIL: 27_io/ostream_inserter_char.cc execution test
FAIL: 27_io/ostream_inserter_other.cc execution test
FAIL: 27_io/ostream_manip.cc execution test
FAIL: 27_io/ostream_seeks.cc execution test
FAIL: 27_io/ostream_unformatted.cc execution test
FAIL: 27_io/ostringstream_members.cc execution test
FAIL: 27_io/standard_manipulators.cc execution test
FAIL: 27_io/streambuf.cc execution test
FAIL: 27_io/stringbuf.cc execution test
FAIL: 27_io/stringbuf_virtuals.cc execution test
FAIL: 27_io/stringstream.cc execution test
FAIL: 27_io/stringstream_members.cc execution test
FAIL: 27_io/wide_stream_objects.cc execution test
FAIL: backward/header_deque_h.cc execution test
FAIL: backward/header_hash_map_h.cc execution test
FAIL: backward/header_hash_set_h.cc execution test
FAIL: backward/header_hashtable_h.cc execution test
FAIL: backward/header_iterator_h.cc execution test
FAIL: backward/header_rope_h.cc execution test
FAIL: backward/header_slist_h.cc execution test
FAIL: backward/header_tempbuf_h.cc execution test
FAIL: ext/allocators.cc execution test
FAIL: ext/concept_checks.cc execution test
FAIL: ext/headers.cc execution test
FAIL: ext/rope.cc execution test
FAIL: thread/pthread1.cc execution test
FAIL: thread/pthread2.cc execution test
FAIL: thread/pthread3.cc execution test
FAIL: thread/pthread4.cc execution test
FAIL: thread/pthread5.cc execution test
FAIL: thread/pthread6.cc execution test

		=== libstdc++-v3 Summary ===

# of expected passes		202
# of unexpected failures	162
# of expected failures		25
		=== objc tests ===


Running target unix

		=== objc Summary ===

# of expected passes		1036
# of expected failures		6
/n/test/log/sparc-linux-lsd/.ltmp/egcs/gcc/xgcc version 3.1 20020415 (prerelease)


Compiler version: 3.1 20020415 (prerelease) 
Platform: sparc-unknown-linux-gnu

BOOT_CFLAGS: -g -O9 -W -Wall

Counting all warnings,
there are 8 warnings in stage3 of this bootstrap.

Number of warnings per file:
      3	gcc/gcc.c
      2	gcc/java/javaop.def
      1	gcc/objc/lang-specs.h
      1	gcc/java/jvspec.c
      1	gcc/cp/lang-specs.h

Number of warning types:
      6	string length `???' is greater than the length `???' ISO C89 compilers are required to support
      2	operation on `???' may be undefined


Index Nav: [Date Index] [Subject Index] [Author Index] [Thread Index]
Message Nav: [Date Prev] [Date Next] [Thread Prev] [Thread Next]