This is the mail archive of the gcc-testresults@gcc.gnu.org mailing list for the GCC project.


Index Nav: [Date Index] [Subject Index] [Author Index] [Thread Index]
Message Nav: [Date Prev] [Date Next] [Thread Prev] [Thread Next]
Other format: [Raw text]

Results for 3.1 20020415 (prerelease) testsuite on i386-unknown-freebsd4.0


Native configuration is i386-unknown-freebsd4.0

		=== binutils tests ===


Running target unix

		=== binutils Summary ===

# of expected passes		26
		=== g++ tests ===


Running target unix
FAIL: g++.dg/ext/asm1.C (test for excess errors)

		=== g++ Summary ===

# of expected passes		355
# of unexpected failures	1
# of expected failures		1
# of unresolved testcases	1
# of unsupported tests		1
/x/oliva/egcs/gcc/testsuite/../g++ version 3.1 20020415 (prerelease)

		=== g77 tests ===


Running target unix

		=== g77 Summary ===

# of expected passes		1610
# of unsupported tests		8
/x/oliva/egcs/gcc/testsuite/../g77 version 3.1 20020415 (prerelease)

		=== gas tests ===


Running target unix

		=== gas Summary ===

# of expected passes		33
		=== gcc tests ===


Running target unix
FAIL: gcc.c-torture/execute/20020402-1.c execution,  -Os 
FAIL: gcc.c-torture/execute/loop-2c.c execution,  -Os 
FAIL: gcc.c-torture/execute/loop-2d.c execution,  -Os 
FAIL: gcc.c-torture/execute/loop-3c.c execution,  -Os 
FAIL: gcc.dg/cpp/endif-pedantic1.c bad warning (test for bogus messages, line 14)
FAIL: gcc.dg/cpp/endif-pedantic1.c bad warning (test for bogus messages, line 15)
FAIL: gcc.dg/cpp/extratokens2.c bad warning (test for bogus messages, line 14)
FAIL: gcc.dg/cpp/extratokens2.c bad warning (test for bogus messages, line 15)
FAIL: gcc.dg/cpp/mac-dir-1.c (test for excess errors)
FAIL: gcc.dg/cpp/mac-dir-2.c  (test for warnings, line 14)
FAIL: gcc.dg/cpp/mac-dir-2.c (test for excess errors)
FAIL: gcc.dg/cpp/maccom1.c (test for excess errors)
FAIL: gcc.dg/cpp/maccom2.c (test for excess errors)
FAIL: gcc.dg/cpp/maccom3.c (test for excess errors)
FAIL: gcc.dg/cpp/maccom4.c (test for excess errors)
FAIL: maccom4.c: comment in macro expansion with -CC
FAIL: gcc.dg/cpp/maccom5.c (test for excess errors)
FAIL: maccom5.c: C++ comment in macro expansion with -CC
FAIL: gcc.dg/cpp/maccom6.c (test for excess errors)
FAIL: gcc.dg/Wswitch-default.c  (test for warnings, line 14)
FAIL: gcc.dg/Wswitch-default.c  (test for warnings, line 22)
FAIL: gcc.dg/Wswitch-default.c  (test for warnings, line 31)
FAIL: gcc.dg/Wswitch-default.c  (test for warnings, line 41)
FAIL: gcc.dg/Wswitch-default.c  (test for warnings, line 53)
FAIL: gcc.dg/Wswitch-default.c (test for excess errors)
FAIL: gcc.dg/Wswitch-enum.c enum e1 (test for warnings, line 23)
FAIL: gcc.dg/Wswitch-enum.c enum e2 (test for warnings, line 23)
FAIL: gcc.dg/Wswitch-enum.c enum e1 (test for warnings, line 28)
FAIL: gcc.dg/Wswitch-enum.c enum e2 (test for warnings, line 28)
FAIL: gcc.dg/Wswitch-enum.c enum e2 (test for warnings, line 32)
FAIL: gcc.dg/Wswitch-enum.c enum e2 (test for warnings, line 37)
FAIL: gcc.dg/Wswitch-enum.c excess 3 (test for warnings, line 54)
FAIL: gcc.dg/Wswitch-enum.c excess 3 (test for warnings, line 61)
FAIL: gcc.dg/Wswitch-enum.c (test for excess errors)
FAIL: gcc.dg/unordered-1.c  (test for errors, line 7)
FAIL: gcc.dg/unordered-1.c  (test for errors, line 16)
FAIL: gcc.dg/unordered-1.c  (test for errors, line 17)
FAIL: gcc.dg/unordered-1.c (test for excess errors)
FAIL: gcc.dg/unused-4.c  (test for warnings, line 4)
FAIL: gcc.dg/unused-4.c  (test for warnings, line 5)
FAIL: gcc.dg/wchar_t-1.c (test for excess errors)
FAIL: gcc.dg/wint_t-1.c (test for excess errors)
FAIL: gcc.dg/format/c99-scanf-3.c vfscanf (test for warnings, line 21)
FAIL: gcc.dg/format/c99-scanf-3.c vfscanf (test for warnings, line 21)
FAIL: gcc.dg/format/ext-6.c vfscanf (test for warnings, line 42)
FAIL: gcc.dg/format/ext-6.c vfscanf (test for warnings, line 42)
FAIL: gcc.dg/special/gcsec-1.c execution test

		=== gcc Summary ===

# of expected passes		18418
# of unexpected failures	47
# of expected failures		62
# of unsupported tests		49
/x/oliva/egcs/gcc/xgcc version 3.1 20020415 (prerelease)

		=== gdb tests ===


Running target unix
FAIL: gdb.asm/asm-source.exp: f at main
FAIL: gdb.asm/asm-source.exp: next over macro
FAIL: gdb.asm/asm-source.exp: step into foo2
FAIL: gdb.asm/asm-source.exp: info target (timeout)
FAIL: gdb.asm/asm-source.exp: info symbol (timeout)
FAIL: gdb.asm/asm-source.exp: list
FAIL: gdb.asm/asm-source.exp: search
FAIL: gdb.asm/asm-source.exp: f in foo2
FAIL: gdb.asm/asm-source.exp: n in foo2
FAIL: gdb.asm/asm-source.exp: bt ALL in foo2
FAIL: gdb.asm/asm-source.exp: bt 2 in foo2
FAIL: gdb.asm/asm-source.exp: s 2
FAIL: gdb.asm/asm-source.exp: n 2
FAIL: gdb.asm/asm-source.exp: bt 3 in foo3
FAIL: gdb.asm/asm-source.exp: info source asmsrc1.s
FAIL: gdb.asm/asm-source.exp: finish from foo3
FAIL: gdb.asm/asm-source.exp: info source asmsrc2.s
FAIL: gdb.asm/asm-source.exp: info sources (timeout)
FAIL: gdb.asm/asm-source.exp: info line
FAIL: gdb.asm/asm-source.exp: next over foo3
FAIL: gdb.asm/asm-source.exp: return from foo2
FAIL: gdb.asm/asm-source.exp: look at global variable
FAIL: gdb.asm/asm-source.exp: look at static variable
FAIL: gdb.asm/asm-source.exp: look at static function
FAIL: gdb.base/attach.exp: (timeout) attach2
FAIL: gdb.base/attach.exp: (timeout) after attach2, set should_exit
FAIL: gdb.base/attach.exp: (timeout) after attach2, set tbreak postloop
FAIL: gdb.base/attach.exp: (timeout) after attach2, reach tbreak postloop
FAIL: gdb.base/attach.exp: (timeout) after attach2, exit
FAIL: gdb.base/attach.exp: set source path
FAIL: gdb.base/attach.exp: cd away from process' a.out
FAIL: gdb.base/attach.exp: before attach3, flush symbols
FAIL: gdb.base/attach.exp: before attach3, flush exec
FAIL: gdb.base/attach.exp: attach when process' a.out not in cwd
FAIL: gdb.base/attach.exp: after attach3, exit
FAIL: gdb.base/callfuncs.exp: p t_float_values(3.14159,-2.3765)
FAIL: gdb.base/callfuncs.exp: p t_float_values(float_val1,float_val2)
FAIL: gdb.base/callfuncs.exp: p t_float_values(3.14159,float_val2)
FAIL: gdb.base/callfuncs.exp: p t_float_values(float_val1,-2.3765)
FAIL: gdb.base/corefile.exp: print func2::coremaker_local
FAIL: gdb.base/funcargs.exp: run to call5a
FAIL: gdb.base/funcargs.exp: print st
FAIL: gdb.base/huge.exp: print a very large data object (timeout)
FAIL: gdb.base/interrupt.exp: call function when asleep (stays asleep)
XPASS: gdb.base/return.exp: correct value returned double test (known problem with i*86 and sparc solaris
FAIL: gdb.base/selftest.exp: unknown source line near main
FAIL: gdb.base/selftest.exp: step into xmalloc call
FAIL: gdb.base/selftest.exp: backtrace through signal handler
FAIL: gdb.base/shlib-call.exp: (timeout) print g
FAIL: gdb.base/shlib-call.exp: next over shr1 (timeout)
FAIL: gdb.base/shlib-call.exp: (timeout) print g
FAIL: gdb.base/shlib-call.exp: (timeout) print shr1(1)
FAIL: gdb.base/shlib-call.exp: (timeout) print shr1(g)
FAIL: gdb.base/shlib-call.exp: breakpoint function shr2
FAIL: gdb.base/shlib-call.exp: run until breakpoint set at a function
FAIL: gdb.base/shlib-call.exp: (timeout) print shr1(1) 2nd time
FAIL: gdb.base/shlib-call.exp: (timeout) print mainshr1(1) from shlib func
FAIL: gdb.base/shlib-call.exp: step inside shr2 (shlib func) (timeout)
FAIL: gdb.base/shlib-call.exp: step out of shr2 to main (timeout)
FAIL: gdb.base/shlib-call.exp: (timeout) print mainshr1(1) from main
FAIL: gdb.base/shlib-call.exp: step into mainshr1 (timeout)
FAIL: gdb.base/shlib-call.exp: run to bp in shared library
FAIL: gdb.base/shlib-call.exp: cont
FAIL: gdb.base/shlib-call.exp: re-run to bp in shared library (PR's 16495, 18213)
FAIL: gdb.base/shlib-call.exp: cont
FAIL: gdb.base/signals.exp: next to 2nd alarm (1)
FAIL: gdb.base/signals.exp: next to 2nd ++count in signals_tests_1
FAIL: gdb.base/signals.exp: next to handler in signals_tests_1
FAIL: gdb.base/signals.exp: backtrace in signals_tests_1
FAIL: gdb.c++/annota2.exp: run until main breakpoint
FAIL: gdb.c++/annota2.exp: print class
FAIL: gdb.c++/annota2.exp: continue to exit
FAIL: gdb.c++/annota2.exp: run until main breakpoint
FAIL: gdb.c++/annota2.exp: set watch on a.x
FAIL: gdb.c++/annota2.exp: watch triggered on a.x
FAIL: gdb.c++/anon-union.exp: running to main in runto
FAIL: gdb.c++/classes.exp: running to 'inheritance2' in runto
FAIL: gdb.c++/classes.exp: continue to enums2(\(\)|): the program is no longer running
FAIL: gdb.c++/classes.exp: running to main in runto
FAIL: gdb.c++/classes.exp: running to marker_reg1 in runto
FAIL: gdb.c++/cplusfuncs.exp: running to main in runto
FAIL: gdb.c++/cplusfuncs.exp: print &'hairyfunc5'
FAIL: gdb.c++/cplusfuncs.exp: print &'hairyfunc6'
FAIL: gdb.c++/cplusfuncs.exp: print &'hairyfunc7'
FAIL: gdb.c++/derivation.exp: running to main in runto
FAIL: gdb.c++/inherit.exp: running to main in runto
FAIL: gdb.c++/inherit.exp: ptype vA
FAIL: gdb.c++/inherit.exp: ptype vB
FAIL: gdb.c++/inherit.exp: ptype vC
FAIL: gdb.c++/inherit.exp: ptype vD
FAIL: gdb.c++/inherit.exp: ptype vE
FAIL: gdb.c++/inherit.exp: running to 'inheritance2' in runto
FAIL: gdb.c++/inherit.exp: print g_A.A::a
FAIL: gdb.c++/inherit.exp: print g_A.A::x
FAIL: gdb.c++/inherit.exp: print g_A.a
FAIL: gdb.c++/inherit.exp: print g_A.x
FAIL: gdb.c++/inherit.exp: print g_B.A::a
FAIL: gdb.c++/inherit.exp: print g_B.A::x
FAIL: gdb.c++/inherit.exp: print g_B.B::b
FAIL: gdb.c++/inherit.exp: print g_B.B::x
FAIL: gdb.c++/inherit.exp: print g_B.a
FAIL: gdb.c++/inherit.exp: print g_B.b
FAIL: gdb.c++/inherit.exp: print g_B.x
FAIL: gdb.c++/inherit.exp: print g_C.A::a
FAIL: gdb.c++/inherit.exp: print g_C.A::x
FAIL: gdb.c++/inherit.exp: print g_C.C::c
FAIL: gdb.c++/inherit.exp: print g_C.C::x
FAIL: gdb.c++/inherit.exp: print g_C.a
FAIL: gdb.c++/inherit.exp: print g_C.c
FAIL: gdb.c++/inherit.exp: print g_C.x
FAIL: gdb.c++/inherit.exp: print g_A
FAIL: gdb.c++/inherit.exp: print g_B
FAIL: gdb.c++/inherit.exp: print g_C
FAIL: gdb.c++/inherit.exp: print g_A.A::a
FAIL: gdb.c++/inherit.exp: print g_A.A::x
FAIL: gdb.c++/inherit.exp: print g_B.A::a
FAIL: gdb.c++/inherit.exp: print g_B.A::x
FAIL: gdb.c++/inherit.exp: print g_B.B::b
FAIL: gdb.c++/inherit.exp: print g_B.B::x
FAIL: gdb.c++/inherit.exp: print g_C.A::a
FAIL: gdb.c++/inherit.exp: print g_C.A::x
FAIL: gdb.c++/inherit.exp: print g_C.C::c
FAIL: gdb.c++/inherit.exp: print g_C.C::x
FAIL: gdb.c++/inherit.exp: print g_D.B::b
FAIL: gdb.c++/inherit.exp: print g_D.B::x
FAIL: gdb.c++/inherit.exp: print g_D.C::c
FAIL: gdb.c++/inherit.exp: print g_D.C::x
FAIL: gdb.c++/inherit.exp: print g_D.D::d
FAIL: gdb.c++/inherit.exp: print g_D.D::x
FAIL: gdb.c++/inherit.exp: print g_E.B::b
FAIL: gdb.c++/inherit.exp: print g_E.B::x
FAIL: gdb.c++/inherit.exp: print g_E.C::c
FAIL: gdb.c++/inherit.exp: print g_E.C::x
FAIL: gdb.c++/inherit.exp: print g_E.D::d
FAIL: gdb.c++/inherit.exp: print g_E.D::x
FAIL: gdb.c++/inherit.exp: print g_E.E::e
FAIL: gdb.c++/inherit.exp: print g_E.E::x
FAIL: gdb.c++/inherit.exp: print g_D
FAIL: gdb.c++/inherit.exp: print g_E
FAIL: gdb.c++/inherit.exp: print anonymous union member
FAIL: gdb.c++/inherit.exp: print variable of type anonymous union
FAIL: gdb.c++/inherit.exp: running to 'inheritance4' in runto
FAIL: gdb.c++/inherit.exp: print g_vA.vA::va
FAIL: gdb.c++/inherit.exp: print g_vA.vA::vx
FAIL: gdb.c++/inherit.exp: print g_vA.va
FAIL: gdb.c++/inherit.exp: print g_vA.vx
FAIL: gdb.c++/inherit.exp: print g_vB.vA::va
FAIL: gdb.c++/inherit.exp: print g_vB.vA::vx
FAIL: gdb.c++/inherit.exp: print g_vB.vB::vb
FAIL: gdb.c++/inherit.exp: print g_vB.vB::vx
FAIL: gdb.c++/inherit.exp: print g_vB.va
FAIL: gdb.c++/inherit.exp: print g_vB.vb
FAIL: gdb.c++/inherit.exp: print g_vB.vx
FAIL: gdb.c++/inherit.exp: print g_vC.vA::va
FAIL: gdb.c++/inherit.exp: print g_vC.vA::vx
FAIL: gdb.c++/inherit.exp: print g_vC.vC::vc
FAIL: gdb.c++/inherit.exp: print g_vC.vC::vx
FAIL: gdb.c++/inherit.exp: print g_vC.va
FAIL: gdb.c++/inherit.exp: print g_vC.vc
FAIL: gdb.c++/inherit.exp: print g_vC.vx
FAIL: gdb.c++/inherit.exp: print g_vA
FAIL: gdb.c++/inherit.exp: print g_vB
FAIL: gdb.c++/inherit.exp: print g_vC
FAIL: gdb.c++/inherit.exp: print g_vD.vA::va
FAIL: gdb.c++/inherit.exp: print g_vD.vA::vx
FAIL: gdb.c++/inherit.exp: print g_vD.vB::vb
FAIL: gdb.c++/inherit.exp: print g_vD.vB::vx
FAIL: gdb.c++/inherit.exp: print g_vD.vC::vc
FAIL: gdb.c++/inherit.exp: print g_vD.vC::vx
FAIL: gdb.c++/inherit.exp: print g_vD.vD::vd
FAIL: gdb.c++/inherit.exp: print g_vD.vD::vx
FAIL: gdb.c++/inherit.exp: print g_vE.vA::va
FAIL: gdb.c++/inherit.exp: print g_vE.vA::vx
FAIL: gdb.c++/inherit.exp: print g_vE.vB::vb
FAIL: gdb.c++/inherit.exp: print g_vE.vB::vx
FAIL: gdb.c++/inherit.exp: print g_vE.vC::vc
FAIL: gdb.c++/inherit.exp: print g_vE.vC::vx
FAIL: gdb.c++/inherit.exp: print g_vE.vD::vd
FAIL: gdb.c++/inherit.exp: print g_vE.vD::vx
FAIL: gdb.c++/inherit.exp: print g_vE.vE::ve
FAIL: gdb.c++/inherit.exp: print g_vE.vE::vx
FAIL: gdb.c++/inherit.exp: print g_vD
FAIL: gdb.c++/inherit.exp: print g_vE
FAIL: gdb.c++/local.exp: running to main in runto
FAIL: gdb.c++/misc.exp: running to main in runto
FAIL: gdb.c++/misc.exp: set a bool var (print v_bool)
FAIL: gdb.c++/misc.exp: set a bool array elem (print v_bool_array)
FAIL: gdb.c++/namespace.exp: running to main in runto
FAIL: gdb.c++/templates.exp: ptype T5<int>
FAIL: gdb.c++/templates.exp: ptype t5i
FAIL: gdb.c++/templates.exp: constructor breakpoint (timeout)
FAIL: gdb.c++/templates.exp: (timeout) print fint
FAIL: gdb.c++/templates.exp: (timeout) print fvpchar
FAIL: gdb.c++/templates.exp: (timeout) ptype fint
FAIL: gdb.c++/templates.exp: (timeout) ptype fchar
FAIL: gdb.c++/templates.exp: (timeout) ptype fvpchar
FAIL: gdb.c++/templates.exp: (timeout) print Foo<volatile char *>::foo
FAIL: gdb.c++/templates.exp: (timeout) ptype bint
FAIL: gdb.c++/templates.exp: (timeout) ptype bint2
FAIL: gdb.c++/templates.exp: (timeout) ptype bazint
FAIL: gdb.c++/templates.exp: (timeout) ptype bazint2
FAIL: gdb.c++/templates.exp: (timeout) ptype quxint
FAIL: gdb.c++/templates.exp: (timeout) ptype siip
FAIL: gdb.c++/templates.exp: (timeout) ptype Garply<int>
FAIL: gdb.c++/templates.exp: (timeout) ptype Garply<Garply<char> >
FAIL: gdb.c++/templates.exp: print Garply<Garply<char> >::garply (timeout)
FAIL: gdb.c++/templates.exp: break Garply<Garply<char> >::garply (timeout)
FAIL: gdb.c++/userdef.exp: running to main in runto
FAIL: gdb.c++/virtfunc.exp: ptype VB
FAIL: gdb.c++/virtfunc.exp: ptype V
FAIL: gdb.c++/virtfunc.exp: ptype A
FAIL: gdb.c++/virtfunc.exp: ptype B
FAIL: gdb.c++/virtfunc.exp: ptype C
FAIL: gdb.c++/virtfunc.exp: ptype AD
FAIL: gdb.c++/virtfunc.exp: ptype D
FAIL: gdb.c++/virtfunc.exp: ptype E
FAIL: gdb.c++/virtfunc.exp: running to 'test_calls' in runto
FAIL: gdb.gdbtk/c_variable.exp: check whether llong -- lsimple.character changed (c_variable-2.6)
FAIL: gdb.gdbtk/c_variable.exp: type of weird and children (c_variable-6.22)
FAIL cpp_variable-1.2 {create variable v} {}
FAIL cpp_variable-1.6a {step over "V *v = new V;"} {}
FAIL cpp_variable-1.7 {check value of v changed} {}
FAIL cpp_variable-2.2a {set variable v.v_pub_int=2112} {}
FAIL cpp_variable-2.3 {value of v.v_pub_int changed} {}
FAIL cpp_variable-2.22a {set variable v->v_priv_charp=2112} {}
FAIL cpp_variable-2.23 {value of v.v_priv_charp changed} {}
FAIL cpp_variable-2.71a {set variable v->v_pub_int=2112} {}
FAIL cpp_variable-2.72 {value of v.vb_pub_int changed} {}
FAIL: gdb.gdbtk/cpp_variable.exp: create variable v (cpp_variable-1.2)
FAIL: gdb.gdbtk/cpp_variable.exp: check value of v changed (cpp_variable-1.7)
FAIL: gdb.gdbtk/cpp_variable.exp: value of v.v_pub_int changed (cpp_variable-2.3)
FAIL: gdb.gdbtk/cpp_variable.exp: value of v.v_priv_charp changed (cpp_variable-2.23)
FAIL: gdb.gdbtk/cpp_variable.exp: value of v.vb_pub_int changed (cpp_variable-2.72)
FAIL: gdb.gdbtk/srcwin.exp: check contents of filename combobox (srcwin-2.1)
FAIL: gdb.gdbtk/srcwin.exp: variable balloon test (srcwin-5.1)
FAIL: gdb.gdbtk/srcwin.exp: mixed mode disassembly of include file (srcwin-6.1)
FAIL: gdb.gdbtk/srcwin.exp: assembly->mixed mode change (srcwin2-1.3)
FAIL: gdb.gdbtk/srcwin.exp: check contents of filename combobox (srcwin2-2.1)
FAIL: gdb.mi/mi-break.exp: insert temp breakpoint at "<fullfilename>":6 (callee4)
FAIL: gdb.mi/mi-console.exp: Hello message (known bug)
FAIL: gdb.mi/mi-simplerun.exp: insert breakpoint at "<fullfilename>":6 (callee4)
FAIL: gdb.mi/mi-stack.exp: stack args listing 0
FAIL: gdb.mi/mi-stack.exp: stack args listing 1
FAIL: gdb.mi/mi-stack.exp: stack info-depth
FAIL: gdb.mi/mi-stack.exp: stack info-depth 99
FAIL: gdb.mi/mi-var-child.exp: get children of struct_declarations
FAIL: gdb.mi/mi-var-child.exp: get children of struct_declarations.s2.u2.u1s1
FAIL: gdb.mi/mi-var-child.exp: create local variable weird
FAIL: gdb.mi/mi-var-child.exp: get children of weird
FAIL: gdb.mi/mi-var-display.exp: create local variable weird
FAIL: gdb.mi/mi-var-display.exp: get children local variable weird
FAIL: gdb.mi/mi0-break.exp: insert temp breakpoint at "<fullfilename>":6 (callee4)
FAIL: gdb.mi/mi0-console.exp: Hello message (known bug)
FAIL: gdb.mi/mi0-simplerun.exp: insert breakpoint at "<fullfilename>":6 (callee4)
FAIL: gdb.mi/mi0-stack.exp: stack args listing 0
FAIL: gdb.mi/mi0-stack.exp: stack args listing 1
FAIL: gdb.mi/mi0-stack.exp: stack info-depth
FAIL: gdb.mi/mi0-stack.exp: stack info-depth 99
FAIL: gdb.mi/mi0-var-child.exp: get children of struct_declarations
FAIL: gdb.mi/mi0-var-child.exp: get children of struct_declarations.s2.u2.u1s1
FAIL: gdb.mi/mi0-var-child.exp: create local variable weird
FAIL: gdb.mi/mi0-var-child.exp: get children of weird
FAIL: gdb.mi/mi0-var-display.exp: create local variable weird
FAIL: gdb.mi/mi0-var-display.exp: get children local variable weird

		=== gdb Summary ===

# of expected passes		8052
# of unexpected failures	254
# of unexpected successes	1
# of expected failures		65
# of unresolved testcases	24
# of unsupported tests		3
/x/oliva/egcs/gdb/testsuite/../../gdb/gdb version  2002-04-16-cvs -nx

		=== ld tests ===


Running target unix
FAIL: bootstrap
FAIL: bootstrap with strip
FAIL: bootstrap with --static
FAIL: bootstrap with --traditional-format
FAIL: bootstrap with --no-keep-memory
FAIL: cdtest
FAIL: cdtest with -Ur
XPASS: undefined line

		=== ld Summary ===

# of expected passes		17
# of unexpected failures	7
# of unexpected successes	1
# of expected failures		1
		=== libjava tests ===


Running target unix
FAIL: G19990210_1 compilation from source
FAIL: G19990210_1 -O compilation from source
FAIL: ArrayClass compilation from source
FAIL: ArrayClass -O compilation from source
FAIL: Case compilation from source
FAIL: Case -O compilation from source
FAIL: G19990210_2 compilation from source
FAIL: G19990210_2 -O compilation from source
FAIL: G19990210_3 compilation from source
FAIL: G19990210_3 -O compilation from source
FAIL: G19990217_01 compilation from source
FAIL: G19990217_01 -O compilation from source
FAIL: G19990225_01 compilation from source
FAIL: G19990225_01 -O compilation from source
FAIL: N19990310_01 compilation from source
FAIL: N19990310_01 -O compilation from source
FAIL: N19990317 compilation from source
FAIL: N19990317 -O compilation from source
FAIL: OperatorBenchmark compilation from source
FAIL: OperatorBenchmark -O compilation from source
FAIL: assignment_2 compilation from source
FAIL: assignment_2 -O compilation from source
FAIL: PR206 compilation from source
FAIL: PR206 -O compilation from source
FAIL: PR209 compilation from source
FAIL: PR209 -O compilation from source
FAIL: PR232 compilation from source
FAIL: PR232 -O compilation from source
FAIL: PR232B compilation from source
FAIL: PR232B -O compilation from source
FAIL: PR234 compilation from source
FAIL: PR234 -O compilation from source
FAIL: PR235 compilation from source
FAIL: PR235 -O compilation from source
FAIL: PR295 compilation from source
FAIL: PR295 -O compilation from source
FAIL: PR374 compilation from source
FAIL: PR374 -O compilation from source
FAIL: PR375 compilation from source
FAIL: PR375 -O compilation from source
FAIL: Semi compilation from source
FAIL: Semi -O compilation from source
FAIL: Statics compilation from source
FAIL: Statics -O compilation from source
FAIL: Twice compilation from source
FAIL: Twice -O compilation from source
FAIL: assignment compilation from source
FAIL: assignment -O compilation from source
FAIL: comment compilation from source
FAIL: comment -O compilation from source
FAIL: iface compilation from source
FAIL: iface -O compilation from source
FAIL: inner_inherit compilation from source
FAIL: inner_inherit -O compilation from source
FAIL: inner_data compilation from source
FAIL: inner_data -O compilation from source
FAIL: inner_priv compilation from source
FAIL: inner_priv -O compilation from source
FAIL: inner_pub compilation from source
FAIL: inner_pub -O compilation from source
FAIL: perc compilation from source
FAIL: perc -O compilation from source
FAIL: plusplus compilation from source
FAIL: plusplus -O compilation from source
FAIL: pr172 compilation from source
FAIL: pr172 -O compilation from source
FAIL: pr174 compilation from source
FAIL: pr174 -O compilation from source
FAIL: pr176 compilation from source
FAIL: pr176 -O compilation from source
FAIL: static_init2 compilation from source
FAIL: static_init2 -O compilation from source
FAIL: static_inner compilation from source
FAIL: static_inner -O compilation from source
FAIL: XercesBug compilation from source
FAIL: XercesBug -O compilation from source
FAIL: SuperConstr compilation from source
FAIL: SuperConstr -O compilation from source
FAIL: final_local_switch compilation from source
FAIL: final_local_switch -O compilation from source
FAIL: final_initialization_in_ctor compilation from source
FAIL: final_initialization_in_ctor -O compilation from source
FAIL: PR4766 compilation from source
FAIL: PR4766 -O compilation from source
FAIL: PR5902 compilation from source
FAIL: PR5902 -O compilation from source
FAIL: PR6026 compilation from source
FAIL: PR6026 -O compilation from source
FAIL: linking calls
FAIL: linking final_method
FAIL: linking findclass
FAIL: linking invoke
FAIL: linking noclass
FAIL: linking overload
FAIL: linking register
FAIL: linking simple_int
FAIL: linking throwit
FAIL: linking virtual
FAIL: linking martin
FAIL: linking field
FAIL: linking cxxtest
FAIL: Array_1 compilation from source
FAIL: Array_1 compilation from bytecode
FAIL: Array_1 -O compilation from source
FAIL: Array_1 -O compilation from bytecode
FAIL: Array_2 compilation from source
FAIL: Array_2 compilation from bytecode
FAIL: Array_2 -O compilation from source
FAIL: Array_2 -O compilation from bytecode
FAIL: Class_1 compilation from source
FAIL: Class_1 compilation from bytecode
FAIL: Class_1 -O compilation from source
FAIL: Class_1 -O compilation from bytecode
FAIL: Divide_1 compilation from source
FAIL: Divide_1 compilation from bytecode
FAIL: Divide_1 -O compilation from source
FAIL: Divide_1 -O compilation from bytecode
FAIL: Final compilation from source
FAIL: Final compilation from bytecode
FAIL: Final -O compilation from source
FAIL: Final -O compilation from bytecode
FAIL: Float_1 compilation from source
FAIL: Float_1 compilation from bytecode
FAIL: Float_1 -O compilation from source
FAIL: Float_1 -O compilation from bytecode
FAIL: G19990301_01 compilation from source
FAIL: G19990301_01 compilation from bytecode
FAIL: G19990301_01 -O compilation from source
FAIL: G19990301_01 -O compilation from bytecode
FAIL: G19990302_02 compilation from source
FAIL: G19990302_02 compilation from bytecode
FAIL: G19990302_02 -O compilation from source
FAIL: G19990302_02 -O compilation from bytecode
FAIL: G19990303_01 compilation from source
FAIL: G19990303_01 compilation from bytecode
FAIL: G19990303_01 -O compilation from source
FAIL: G19990303_01 -O compilation from bytecode
FAIL: G19990303_02 compilation from source
FAIL: G19990303_02 compilation from bytecode
FAIL: G19990303_02 -O compilation from source
FAIL: G19990303_02 -O compilation from bytecode
FAIL: G19990304_01 compilation from source
FAIL: G19990304_01 compilation from bytecode
FAIL: G19990304_01 -O compilation from source
FAIL: G19990304_01 -O compilation from bytecode
FAIL: G19990310_01 compilation from source
FAIL: G19990310_01 compilation from bytecode
FAIL: G19990310_01 -O compilation from source
FAIL: G19990310_01 -O compilation from bytecode
FAIL: InterfaceDispatch compilation from source
FAIL: InterfaceDispatch compilation from bytecode
FAIL: InterfaceDispatch -O compilation from source
FAIL: InterfaceDispatch -O compilation from bytecode
FAIL: Invoke_1 compilation from source
FAIL: Invoke_1 compilation from bytecode
FAIL: Invoke_1 -O compilation from source
FAIL: Invoke_1 -O compilation from bytecode
FAIL: Invoke_2 compilation from source
FAIL: Invoke_2 compilation from bytecode
FAIL: Invoke_2 -O compilation from source
FAIL: Invoke_2 -O compilation from bytecode
FAIL: N19990310_02 compilation from source
FAIL: N19990310_02 compilation from bytecode
FAIL: N19990310_02 -O compilation from source
FAIL: N19990310_02 -O compilation from bytecode
FAIL: N19990310_3 compilation from source
FAIL: N19990310_3 compilation from bytecode
FAIL: N19990310_3 -O compilation from source
FAIL: N19990310_3 -O compilation from bytecode
FAIL: Throw_1 compilation from source
FAIL: Throw_1 compilation from bytecode
FAIL: Throw_1 -O compilation from source
FAIL: Throw_1 -O compilation from bytecode
FAIL: N19990310_4 compilation from source
FAIL: N19990310_4 compilation from bytecode
FAIL: N19990310_4 -O compilation from source
FAIL: N19990310_4 -O compilation from bytecode
FAIL: N19990310_5 compilation from source
FAIL: N19990310_5 compilation from bytecode
FAIL: N19990310_5 -O compilation from source
FAIL: N19990310_5 -O compilation from bytecode
FAIL: PR141 compilation from source
FAIL: PR141 compilation from bytecode
FAIL: PR141 -O compilation from source
FAIL: PR141 -O compilation from bytecode
FAIL: PR160 compilation from source
FAIL: PR160 compilation from bytecode
FAIL: PR160 -O compilation from source
FAIL: PR160 -O compilation from bytecode
FAIL: PR162 compilation from source
FAIL: PR162 compilation from bytecode
FAIL: PR162 -O compilation from source
FAIL: PR162 -O compilation from bytecode
FAIL: PR218 compilation from source
FAIL: PR218 compilation from bytecode
FAIL: PR218 -O compilation from source
FAIL: PR218 -O compilation from bytecode
FAIL: PR242 compilation from source
FAIL: PR242 compilation from bytecode
FAIL: PR242 -O compilation from source
FAIL: PR242 -O compilation from bytecode
FAIL: PR260 compilation from source
FAIL: PR260 compilation from bytecode
FAIL: PR260 -O compilation from source
FAIL: PR260 -O compilation from bytecode
FAIL: PR55 compilation from source
FAIL: PR55 compilation from bytecode
FAIL: PR55 -O compilation from source
FAIL: PR55 -O compilation from bytecode
FAIL: PR56 compilation from source
FAIL: PR56 compilation from bytecode
FAIL: PR56 -O compilation from source
FAIL: PR56 -O compilation from bytecode
FAIL: Primes compilation from source
FAIL: Primes compilation from bytecode
FAIL: Primes -O compilation from source
FAIL: Primes -O compilation from bytecode
FAIL: Shazam compilation from source
FAIL: Shazam compilation from bytecode
FAIL: Shazam -O compilation from source
FAIL: Shazam -O compilation from bytecode
FAIL: StringBuffer_1 compilation from source
FAIL: StringBuffer_1 compilation from bytecode
FAIL: StringBuffer_1 -O compilation from source
FAIL: StringBuffer_1 -O compilation from bytecode
FAIL: Synch compilation from source
FAIL: Synch compilation from bytecode
FAIL: Synch -O compilation from source
FAIL: Synch -O compilation from bytecode
FAIL: II compilation from source
FAIL: II compilation from bytecode
FAIL: II -O compilation from source
FAIL: II -O compilation from bytecode
FAIL: Thread_Alive compilation from source
FAIL: Thread_Alive compilation from bytecode
FAIL: Thread_Alive -O compilation from source
FAIL: Thread_Alive -O compilation from bytecode
FAIL: Thread_Interrupt compilation from source
FAIL: Thread_Interrupt compilation from bytecode
FAIL: Thread_Interrupt -O compilation from source
FAIL: Thread_Interrupt -O compilation from bytecode
FAIL: Thread_Join compilation from source
FAIL: Thread_Join compilation from bytecode
FAIL: Thread_Join -O compilation from source
FAIL: Thread_Join -O compilation from bytecode
FAIL: Thread_Monitor compilation from source
FAIL: Thread_Monitor compilation from bytecode
FAIL: Thread_Monitor -O compilation from source
FAIL: Thread_Monitor -O compilation from bytecode
FAIL: Thread_Sleep compilation from source
FAIL: Thread_Sleep compilation from bytecode
FAIL: Thread_Sleep -O compilation from source
FAIL: Thread_Sleep -O compilation from bytecode
FAIL: Thread_Wait compilation from source
FAIL: Thread_Wait compilation from bytecode
FAIL: Thread_Wait -O compilation from source
FAIL: Thread_Wait -O compilation from bytecode
FAIL: Thread_Wait_2 compilation from source
FAIL: Thread_Wait_2 compilation from bytecode
FAIL: Thread_Wait_2 -O compilation from source
FAIL: Thread_Wait_2 -O compilation from bytecode
FAIL: Thread_Wait_Interrupt compilation from source
FAIL: Thread_Wait_Interrupt compilation from bytecode
FAIL: Thread_Wait_Interrupt -O compilation from source
FAIL: Thread_Wait_Interrupt -O compilation from bytecode
FAIL: anfi compilation from source
FAIL: anfi compilation from bytecode
FAIL: anfi -O compilation from source
FAIL: anfi -O compilation from bytecode
FAIL: anon compilation from source
FAIL: anon compilation from bytecode
FAIL: anon -O compilation from source
FAIL: anon -O compilation from bytecode
FAIL: anon2 compilation from source
FAIL: anon2 compilation from bytecode
FAIL: anon2 -O compilation from source
FAIL: anon2 -O compilation from bytecode
FAIL: anon3 compilation from source
FAIL: anon3 compilation from bytecode
FAIL: anon3 -O compilation from source
FAIL: anon3 -O compilation from bytecode
FAIL: anon4 compilation from source
FAIL: anon4 compilation from bytecode
FAIL: anon4 -O compilation from source
FAIL: anon4 -O compilation from bytecode
FAIL: anonarray compilation from source
FAIL: anonarray compilation from bytecode
FAIL: anonarray -O compilation from source
FAIL: anonarray -O compilation from bytecode
FAIL: anonarray2 compilation from source
FAIL: anonarray2 compilation from bytecode
FAIL: anonarray2 -O compilation from source
FAIL: anonarray2 -O compilation from bytecode
FAIL: anonarray3 compilation from source
FAIL: anonarray3 compilation from bytecode
FAIL: anonarray3 -O compilation from source
FAIL: anonarray3 -O compilation from bytecode
FAIL: final_static_and_friend compilation from source
FAIL: final_static_and_friend compilation from bytecode
FAIL: final_static_and_friend -O compilation from source
FAIL: final_static_and_friend -O compilation from bytecode
FAIL: direct_read compilation from source
FAIL: direct_read compilation from bytecode
FAIL: direct_read -O compilation from source
FAIL: direct_read -O compilation from bytecode
FAIL: direct_write compilation from source
FAIL: direct_write compilation from bytecode
FAIL: direct_write -O compilation from source
FAIL: direct_write -O compilation from bytecode
FAIL: err1 compilation from source
FAIL: err1 compilation from bytecode
FAIL: err1 -O compilation from source
FAIL: err1 -O compilation from bytecode
FAIL: err10 compilation from source
FAIL: err10 compilation from bytecode
FAIL: err10 -O compilation from source
FAIL: err10 -O compilation from bytecode
FAIL: err11 compilation from source
FAIL: err11 compilation from bytecode
FAIL: err11 -O compilation from source
FAIL: err11 -O compilation from bytecode
FAIL: err12 compilation from source
FAIL: err12 compilation from bytecode
FAIL: err12 -O compilation from source
FAIL: err12 -O compilation from bytecode
FAIL: err13 compilation from source
FAIL: err13 compilation from bytecode
FAIL: err13 -O compilation from source
FAIL: err13 -O compilation from bytecode
FAIL: err2 compilation from source
FAIL: err2 compilation from bytecode
FAIL: err2 -O compilation from source
FAIL: err2 -O compilation from bytecode
FAIL: err3 compilation from source
FAIL: err3 compilation from bytecode
FAIL: err3 -O compilation from source
FAIL: err3 -O compilation from bytecode
FAIL: err4 compilation from source
FAIL: err4 compilation from bytecode
FAIL: err4 -O compilation from source
FAIL: err4 -O compilation from bytecode
FAIL: err5 compilation from source
FAIL: err5 compilation from bytecode
FAIL: err5 -O compilation from source
FAIL: err5 -O compilation from bytecode
FAIL: err6 compilation from source
FAIL: err6 compilation from bytecode
FAIL: err6 -O compilation from source
FAIL: err6 -O compilation from bytecode
FAIL: err7 compilation from source
FAIL: err7 compilation from bytecode
FAIL: err7 -O compilation from source
FAIL: err7 -O compilation from bytecode
FAIL: tmi compilation from source
FAIL: tmi compilation from bytecode
FAIL: tmi -O compilation from source
FAIL: tmi -O compilation from bytecode
FAIL: err8 compilation from source
FAIL: err8 compilation from bytecode
FAIL: err8 -O compilation from source
FAIL: err8 -O compilation from bytecode
FAIL: err9 compilation from source
FAIL: err9 compilation from bytecode
FAIL: err9 -O compilation from source
FAIL: err9 -O compilation from bytecode
FAIL: final_inner compilation from source
FAIL: final_inner compilation from bytecode
FAIL: final_inner -O compilation from source
FAIL: final_inner -O compilation from bytecode
FAIL: final_int compilation from source
FAIL: final_int compilation from bytecode
FAIL: final_int -O compilation from source
FAIL: final_int -O compilation from bytecode
FAIL: indirect compilation from source
FAIL: indirect compilation from bytecode
FAIL: indirect -O compilation from source
FAIL: indirect -O compilation from bytecode
FAIL: indirect_read compilation from source
FAIL: indirect_read compilation from bytecode
FAIL: indirect_read -O compilation from source
FAIL: indirect_read -O compilation from bytecode
FAIL: indirect_write compilation from source
FAIL: indirect_write compilation from bytecode
FAIL: indirect_write -O compilation from source
FAIL: indirect_write -O compilation from bytecode
FAIL: inner1 compilation from source
FAIL: inner1 compilation from bytecode
FAIL: inner1 -O compilation from source
FAIL: inner1 -O compilation from bytecode
FAIL: inner2 compilation from source
FAIL: inner2 compilation from bytecode
FAIL: inner2 -O compilation from source
FAIL: inner2 -O compilation from bytecode
FAIL: inner3 compilation from source
FAIL: inner3 compilation from bytecode
FAIL: inner3 -O compilation from source
FAIL: inner3 -O compilation from bytecode
FAIL: inner4 compilation from source
FAIL: inner4 compilation from bytecode
FAIL: inner4 -O compilation from source
FAIL: inner4 -O compilation from bytecode
FAIL: inner_array compilation from source
FAIL: inner_array compilation from bytecode
FAIL: inner_array -O compilation from source
FAIL: inner_array -O compilation from bytecode
FAIL: inner_interface compilation from source
FAIL: inner_interface compilation from bytecode
FAIL: inner_interface -O compilation from source
FAIL: inner_interface -O compilation from bytecode
FAIL: instance compilation from source
FAIL: instance compilation from bytecode
FAIL: instance -O compilation from source
FAIL: instance -O compilation from bytecode
FAIL: instinit compilation from source
FAIL: instinit compilation from bytecode
FAIL: instinit -O compilation from source
FAIL: instinit -O compilation from bytecode
FAIL: instinit2 compilation from source
FAIL: instinit2 compilation from bytecode
FAIL: instinit2 -O compilation from source
FAIL: instinit2 -O compilation from bytecode
FAIL: klass compilation from source
FAIL: klass compilation from bytecode
FAIL: klass -O compilation from source
FAIL: klass -O compilation from bytecode
FAIL: multiple_finit compilation from source
FAIL: multiple_finit compilation from bytecode
FAIL: multiple_finit -O compilation from source
FAIL: multiple_finit -O compilation from bytecode
FAIL: nested_with_ctor compilation from source
FAIL: nested_with_ctor compilation from bytecode
FAIL: nested_with_ctor -O compilation from source
FAIL: nested_with_ctor -O compilation from bytecode
FAIL: pr109 compilation from source
FAIL: pr109 compilation from bytecode
FAIL: pr109 -O compilation from source
FAIL: pr109 -O compilation from bytecode
FAIL: pr133 compilation from source
FAIL: pr133 compilation from bytecode
FAIL: pr133 -O compilation from source
FAIL: pr133 -O compilation from bytecode
FAIL: pr179 compilation from source
FAIL: pr179 compilation from bytecode
FAIL: pr179 -O compilation from source
FAIL: pr179 -O compilation from bytecode
FAIL: pr184 compilation from source
FAIL: pr184 compilation from bytecode
FAIL: pr184 -O compilation from source
FAIL: pr184 -O compilation from bytecode
FAIL: pr83 compilation from source
FAIL: pr83 compilation from bytecode
FAIL: pr83 -O compilation from source
FAIL: pr83 -O compilation from bytecode
FAIL: private_direct_read compilation from source
FAIL: private_direct_read compilation from bytecode
FAIL: private_direct_read -O compilation from source
FAIL: private_direct_read -O compilation from bytecode
FAIL: search_outer compilation from source
FAIL: search_outer compilation from bytecode
FAIL: search_outer -O compilation from source
FAIL: search_outer -O compilation from bytecode
FAIL: stringconst compilation from source
FAIL: stringconst compilation from bytecode
FAIL: stringconst -O compilation from source
FAIL: stringconst -O compilation from bytecode
FAIL: stringconst2 compilation from source
FAIL: stringconst2 compilation from bytecode
FAIL: stringconst2 -O compilation from source
FAIL: stringconst2 -O compilation from bytecode
FAIL: stub compilation from source
FAIL: stub compilation from bytecode
FAIL: stub -O compilation from source
FAIL: stub -O compilation from bytecode
FAIL: test_long compilation from source
FAIL: test_long compilation from bytecode
FAIL: test_long -O compilation from source
FAIL: test_long -O compilation from bytecode
FAIL: tp compilation from source
FAIL: tp compilation from bytecode
FAIL: tp -O compilation from source
FAIL: tp -O compilation from bytecode
FAIL: update_outer compilation from source
FAIL: update_outer compilation from bytecode
FAIL: update_outer -O compilation from source
FAIL: update_outer -O compilation from bytecode
FAIL: PR6204 compilation from source
FAIL: PR6204 compilation from bytecode
FAIL: PR6204 -O compilation from source
FAIL: PR6204 -O compilation from bytecode
FAIL: KeepInline compilation from source
FAIL: KeepInline compilation from bytecode
FAIL: KeepInline -O compilation from source
FAIL: KeepInline -O compilation from bytecode
FAIL: Matrix4f compilation from source
FAIL: Matrix4f compilation from bytecode
FAIL: Matrix4f -O compilation from source
FAIL: Matrix4f -O compilation from bytecode
FAIL: PR3096 compilation from source
FAIL: PR3096 compilation from bytecode
FAIL: PR3096 -O compilation from source
FAIL: PR3096 -O compilation from bytecode
FAIL: PR3731 compilation from source
FAIL: PR3731 compilation from bytecode
FAIL: PR3731 -O compilation from source
FAIL: PR3731 -O compilation from bytecode
FAIL: SyncTest compilation from source
FAIL: SyncTest compilation from bytecode
FAIL: SyncTest -O compilation from source
FAIL: SyncTest -O compilation from bytecode
FAIL: TLtest compilation from source
FAIL: TLtest compilation from bytecode
FAIL: TLtest -O compilation from source
FAIL: TLtest -O compilation from bytecode
FAIL: anon_ctor_itf_arg compilation from source
FAIL: anon_ctor_itf_arg compilation from bytecode
FAIL: anon_ctor_itf_arg -O compilation from source
FAIL: anon_ctor_itf_arg -O compilation from bytecode
FAIL: invoke_from_inner compilation from source
FAIL: invoke_from_inner compilation from bytecode
FAIL: invoke_from_inner -O compilation from source
FAIL: invoke_from_inner -O compilation from bytecode
FAIL: invokethrow compilation from source
FAIL: invokethrow compilation from bytecode
FAIL: invokethrow -O compilation from source
FAIL: invokethrow -O compilation from bytecode
FAIL: PR5057 compilation from source
FAIL: PR5057 compilation from bytecode
FAIL: PR5057 -O compilation from source
FAIL: PR5057 -O compilation from bytecode
FAIL: PR5057_2 compilation from source
FAIL: PR5057_2 compilation from bytecode
FAIL: PR5057_2 -O compilation from source
FAIL: PR5057_2 -O compilation from bytecode
FAIL: Array_3 compilation from source
FAIL: Array_3 compilation from bytecode
FAIL: Array_3 -O compilation from source
FAIL: Array_3 -O compilation from bytecode
FAIL: FileHandleGcTest compilation from source
FAIL: FileHandleGcTest compilation from bytecode
FAIL: FileHandleGcTest -O compilation from source
FAIL: FileHandleGcTest -O compilation from bytecode
FAIL: ArrayStore compilation from source
FAIL: ArrayStore compilation from bytecode
FAIL: ArrayStore -O compilation from source
FAIL: ArrayStore -O compilation from bytecode
FAIL: ArrayStore2 compilation from source
FAIL: ArrayStore2 compilation from bytecode
FAIL: ArrayStore2 -O compilation from source
FAIL: ArrayStore2 -O compilation from bytecode
FAIL: InvokeReturn compilation from source
FAIL: InvokeReturn compilation from bytecode
FAIL: InvokeReturn -O compilation from source
FAIL: InvokeReturn -O compilation from bytecode
FAIL: Throw_2 compilation from source
FAIL: Throw_2 compilation from bytecode
FAIL: Throw_2 -O compilation from source
FAIL: Throw_2 -O compilation from bytecode
FAIL: PR6085 compilation from source
FAIL: PR6085 compilation from bytecode
FAIL: PR6085 -O compilation from source
FAIL: PR6085 -O compilation from bytecode
FAIL: SyncGlobal compilation from source
FAIL: SyncGlobal compilation from bytecode
FAIL: SyncGlobal -O compilation from source
FAIL: SyncGlobal -O compilation from bytecode
FAIL: Mauve configure

		=== libjava Summary ===

# of expected passes		603
# of unexpected failures	566
# of expected failures		25
# of untested testcases		942
		=== libstdc++-v3 tests ===


Running target unix
XPASS: 22_locale/collate_members_wchar_t.cc execution test
XPASS: 22_locale/money_get_members_wchar_t.cc execution test
XPASS: 22_locale/money_put_members_wchar_t.cc execution test
XPASS: 22_locale/moneypunct_members_wchar_t.cc execution test
XPASS: 22_locale/num_get_members_wchar_t.cc execution test
XPASS: 22_locale/num_put_members_wchar_t.cc execution test
XPASS: 22_locale/numpunct_members_wchar_t.cc execution test
XPASS: 22_locale/time_get_members_wchar_t.cc execution test
XPASS: 22_locale/time_put_members_wchar_t.cc execution test
FAIL: 24_iterators/rel_ops.cc (test for excess errors)

		=== libstdc++-v3 Summary ===

# of expected passes		371
# of unexpected failures	1
# of unexpected successes	9
# of expected failures		16
		=== objc tests ===


Running target unix

		=== objc Summary ===

# of expected passes		1036
# of expected failures		6
/x/oliva/egcs/gcc/xgcc version 3.1 20020415 (prerelease)


Compiler version: 3.1 20020415 (prerelease) 
Platform: i386-unknown-freebsd4.0

BOOT_CFLAGS: -g -O9 -W -Wall

Counting all warnings,
there are 52 warnings in stage3 of this bootstrap.

Number of warnings per file:
  23 gcc/combine.c
  10 gcc/regclass.c
   4 gcc/optabs.c
   4 gcc/gcc.c
   2 gcc/java/javaop.def
   2 gcc/fold-const.c
   1 gcc/reload.c
   1 gcc/objc/lang-specs.h
   1 gcc/java/jvspec.c
   1 gcc/function.c
   1 gcc/emit-rtl.c
   1 gcc/cp/lang-specs.h
   1 gcc/config/i386/i386.c

Number of warning types:
  38 comparison between signed and unsigned
   7 string length `???' is greater than the length `???' ISO C89 compilers are required to support
   4 signed and unsigned type in conditional expression
   2 operation on `???' may be undefined
   1 pointer targets in passing arg ??? of `???' differ in signedness


Index Nav: [Date Index] [Subject Index] [Author Index] [Thread Index]
Message Nav: [Date Prev] [Date Next] [Thread Prev] [Thread Next]