This is the mail archive of the gcc-testresults@gcc.gnu.org mailing list for the GCC project.


Index Nav: [Date Index] [Subject Index] [Author Index] [Thread Index]
Message Nav: [Date Prev] [Date Next] [Thread Prev] [Thread Next]
Other format: [Raw text]

Results for 3.2 20020416 (experimental) testsuite on i686-pc-linux-gnu


LAST_UPDATED: Tue Apr 16 08:57:03 UTC 2002

Native configuration is i686-pc-linux-gnu

		=== g++ tests ===


Running target unix
FAIL: g++.dg/template/typename2.C (test for excess errors)
FAIL: g++.dg/warn/Wunused-2.C  (test for warnings, line 5)

		=== g++ Summary ===

# of expected passes		7258
# of unexpected failures	2
# of expected failures		87
# of untested testcases		9
# of unsupported tests		3
/usr/local/src/build/gcc/gcc/testsuite/../g++ version 3.2 20020416 (experimental)

		=== g77 tests ===


Running target unix

		=== g77 Summary ===

# of expected passes		1620
/usr/local/src/build/gcc/gcc/testsuite/../g77 version 3.2 20020416 (experimental)

		=== gcc tests ===


Running target unix
FAIL: gcc.c-torture/execute/20020402-1.c execution,  -Os 
FAIL: gcc.c-torture/execute/20020412-1.c execution,  -O1 
FAIL: gcc.c-torture/execute/20020412-1.c execution,  -O2 
FAIL: gcc.c-torture/execute/20020412-1.c execution,  -O3 -fomit-frame-pointer 
FAIL: gcc.c-torture/execute/20020412-1.c execution,  -O3 -fomit-frame-pointer -funroll-loops 
FAIL: gcc.c-torture/execute/20020412-1.c execution,  -O3 -fomit-frame-pointer -funroll-all-loops -finline-functions 
FAIL: gcc.c-torture/execute/20020412-1.c execution,  -O3 -g 

		=== gcc Summary ===

# of expected passes		18433
# of unexpected failures	7
# of expected failures		66
# of unsupported tests		46
/usr/local/src/build/gcc/gcc/xgcc version 3.2 20020416 (experimental)

		=== objc tests ===


Running target unix

		=== objc Summary ===

# of expected passes		1036
# of expected failures		6
/usr/local/src/build/gcc/gcc/xgcc version 3.2 20020416 (experimental)

		=== libjava tests ===


Running target unix
FAIL: Primes execution from source compiled test
FAIL: SyncGlobal execution from source compiled test
FAIL: SyncGlobal -O execution from source compiled test

		=== libjava Summary ===

# of expected passes		2097
# of unexpected failures	3
# of expected failures		18
# of untested testcases		17
		=== libstdc++-v3 tests ===


Running target unix
FAIL: 26_numerics/c99_classification_macros_c.cc (test for excess errors)

		=== libstdc++-v3 Summary ===

# of expected passes		372
# of unexpected failures	1
# of expected failures		25

Compiler version: 3.2 20020416 (experimental) 
Platform: i686-pc-linux-gnu
configure flags: --host=i686-pc-linux-gnu --verbose --enable-threads=posix --with-system-zlib --enable-shared --disable-nls --enable-checking
Counting all warnings,
there are 534 warnings in stage3 of this bootstrap.

Number of warnings per file:
    330	gcc/ada/sinfo.h
    126	gcc/ada/types.h
     23	gcc/combine.c
     12	gcc/ada/einfo.h
     10	gcc/regclass.c
      4	gcc/optabs.c
      3	gcc/unroll.c
      3	gcc/gcc.c
      2	gcc/real.c
      2	gcc/java/lex.c
      2	gcc/java/javaop.def
      2	gcc/fold-const.c
      2	gcc/crtstuff.c
      1	gcc/varasm.c
      1	gcc/tree.c
      1	gcc/reload.c
      1	gcc/profile.c
      1	gcc/java/jvspec.c
      1	gcc/function.c
      1	gcc/emit-rtl.c
      1	gcc/cp/lang-specs.h
      1	gcc/config/i386/i386.c
      1	gcc/cfgrtl.c
      1	gcc/ada/tracebak.c
      1	gcc/ada/sem_ch7.adb
      1	b_gnatb.c

Number of warning types:
    473	\`???' defined but not used
     41	comparison between signed and unsigned
      5	string length \`???' is greater than the length \`???' ISO C89 compilers are required to support
      5	signed and unsigned type in conditional expression
      4	\`???' might be used uninitialized in this function
      2	operation on \`???' may be undefined
      1	unused variable \`???'
      1	pointer targets in passing arg ??? of \`???' differ in signedness
      1	function declaration isn't a prototype
      1	comparison of unsigned expression < 0 is always false


Index Nav: [Date Index] [Subject Index] [Author Index] [Thread Index]
Message Nav: [Date Prev] [Date Next] [Thread Prev] [Thread Next]