This is the mail archive of the gcc-testresults@gcc.gnu.org mailing list for the GCC project.


Index Nav: [Date Index] [Subject Index] [Author Index] [Thread Index]
Message Nav: [Date Prev] [Date Next] [Thread Prev] [Thread Next]
Other format: [Raw text]

Results for 3.2 20020413 (experimental) testsuite on arm-unknown-elf



The following results are for a build of the gcc main development
trunk for C/C++ using the binutils 2.12 branch as checked out this
morning and newlib 1.10.0 with minor patches.

Joel Sherrill
   
LAST_UPDATED: 
Target is arm-unknown-elf
Host   is i686-pc-linux-gnu

		=== gcc tests ===


Running target arm-sim
FAIL: gcc.c-torture/execute/20000808-1.c execution,  -O2 
FAIL: gcc.c-torture/execute/20000808-1.c execution,  -Os 
FAIL: gcc.c-torture/execute/20020402-1.c execution,  -O2 
FAIL: gcc.c-torture/execute/20020402-1.c execution,  -O3 -fomit-frame-pointer 
FAIL: gcc.c-torture/execute/20020402-1.c execution,  -O3 -fomit-frame-pointer -funroll-loops 
FAIL: gcc.c-torture/execute/20020402-1.c execution,  -O3 -fomit-frame-pointer -funroll-all-loops -finline-functions 
FAIL: gcc.c-torture/execute/20020402-1.c execution,  -O3 -g 
FAIL: gcc.c-torture/execute/20020402-1.c execution,  -Os 
FAIL: gcc.c-torture/execute/20020404-1.c execution,  -O2 
FAIL: gcc.c-torture/execute/20020404-1.c execution,  -Os 
FAIL: gcc.c-torture/execute/20020412-1.c execution,  -O0 
FAIL: gcc.c-torture/execute/20020412-1.c execution,  -O1 
FAIL: gcc.c-torture/execute/20020412-1.c execution,  -O2 
FAIL: gcc.c-torture/execute/20020412-1.c execution,  -O3 -fomit-frame-pointer 
FAIL: gcc.c-torture/execute/20020412-1.c execution,  -O3 -fomit-frame-pointer -funroll-loops 
FAIL: gcc.c-torture/execute/20020412-1.c execution,  -O3 -fomit-frame-pointer -funroll-all-loops -finline-functions 
FAIL: gcc.c-torture/execute/20020412-1.c execution,  -O3 -g 
FAIL: gcc.c-torture/execute/20020412-1.c execution,  -Os 
FAIL: gcc.c-torture/execute/990208-1.c execution,  -O3 -fomit-frame-pointer 
FAIL: gcc.c-torture/execute/990208-1.c execution,  -O3 -g 
FAIL: gcc.dg/gnu89-init-1.c (test for excess errors)
XPASS: gcc.dg/setjmp-1.c spurious clobbered warning (test for bogus messages, line 16)
FAIL: gcc.dg/wchar_t-1.c (test for excess errors)
FAIL: gcc.dg/wint_t-1.c (test for excess errors)
FAIL: gcc.misc-tests/bprob-1.c compilation,  -g  -fprofile-arcs
UNRESOLVED: gcc.misc-tests/bprob-1.c execution,    -g  -fprofile-arcs
UNRESOLVED: gcc.misc-tests/bprob-1.c compilation,  -g  -fbranch-probabilities
UNRESOLVED: gcc.misc-tests/bprob-1.c execution,    -g  -fbranch-probabilities
FAIL: gcc.misc-tests/bprob-1.c compilation,  -O0  -fprofile-arcs
UNRESOLVED: gcc.misc-tests/bprob-1.c execution,    -O0  -fprofile-arcs
UNRESOLVED: gcc.misc-tests/bprob-1.c compilation,  -O0  -fbranch-probabilities
UNRESOLVED: gcc.misc-tests/bprob-1.c execution,    -O0  -fbranch-probabilities
FAIL: gcc.misc-tests/bprob-1.c compilation,  -O1  -fprofile-arcs
UNRESOLVED: gcc.misc-tests/bprob-1.c execution,    -O1  -fprofile-arcs
UNRESOLVED: gcc.misc-tests/bprob-1.c compilation,  -O1  -fbranch-probabilities
UNRESOLVED: gcc.misc-tests/bprob-1.c execution,    -O1  -fbranch-probabilities
FAIL: gcc.misc-tests/bprob-1.c compilation,  -O2 -DPERFTIME  -fprofile-arcs
UNRESOLVED: gcc.misc-tests/bprob-1.c execution,    -O2 -DPERFTIME  -fprofile-arcs
UNRESOLVED: gcc.misc-tests/bprob-1.c compilation,  -O2 -DPERFTIME  -fbranch-probabilities
UNRESOLVED: gcc.misc-tests/bprob-1.c execution,    -O2 -DPERFTIME  -fbranch-probabilities
FAIL: gcc.misc-tests/bprob-1.c compilation,  -O3 -DPERFTIME  -fprofile-arcs
UNRESOLVED: gcc.misc-tests/bprob-1.c execution,    -O3 -DPERFTIME  -fprofile-arcs
UNRESOLVED: gcc.misc-tests/bprob-1.c compilation,  -O3 -DPERFTIME  -fbranch-probabilities
UNRESOLVED: gcc.misc-tests/bprob-1.c execution,    -O3 -DPERFTIME  -fbranch-probabilities
FAIL: gcc.misc-tests/bprob-1.c compilation,  -O3 -g -DPERFTIME  -fprofile-arcs
UNRESOLVED: gcc.misc-tests/bprob-1.c execution,    -O3 -g -DPERFTIME  -fprofile-arcs
UNRESOLVED: gcc.misc-tests/bprob-1.c compilation,  -O3 -g -DPERFTIME  -fbranch-probabilities
UNRESOLVED: gcc.misc-tests/bprob-1.c execution,    -O3 -g -DPERFTIME  -fbranch-probabilities
FAIL: gcc.misc-tests/bprob-1.c compilation,  -Os  -fprofile-arcs
UNRESOLVED: gcc.misc-tests/bprob-1.c execution,    -Os  -fprofile-arcs
UNRESOLVED: gcc.misc-tests/bprob-1.c compilation,  -Os  -fbranch-probabilities
UNRESOLVED: gcc.misc-tests/bprob-1.c execution,    -Os  -fbranch-probabilities
FAIL: gcc.misc-tests/bprob-2.c compilation,  -g  -fprofile-arcs
UNRESOLVED: gcc.misc-tests/bprob-2.c execution,    -g  -fprofile-arcs
UNRESOLVED: gcc.misc-tests/bprob-2.c compilation,  -g  -fbranch-probabilities
UNRESOLVED: gcc.misc-tests/bprob-2.c execution,    -g  -fbranch-probabilities
FAIL: gcc.misc-tests/bprob-2.c compilation,  -O0  -fprofile-arcs
UNRESOLVED: gcc.misc-tests/bprob-2.c execution,    -O0  -fprofile-arcs
UNRESOLVED: gcc.misc-tests/bprob-2.c compilation,  -O0  -fbranch-probabilities
UNRESOLVED: gcc.misc-tests/bprob-2.c execution,    -O0  -fbranch-probabilities
FAIL: gcc.misc-tests/bprob-2.c compilation,  -O1  -fprofile-arcs
UNRESOLVED: gcc.misc-tests/bprob-2.c execution,    -O1  -fprofile-arcs
UNRESOLVED: gcc.misc-tests/bprob-2.c compilation,  -O1  -fbranch-probabilities
UNRESOLVED: gcc.misc-tests/bprob-2.c execution,    -O1  -fbranch-probabilities
FAIL: gcc.misc-tests/bprob-2.c compilation,  -O2 -DPERFTIME  -fprofile-arcs
UNRESOLVED: gcc.misc-tests/bprob-2.c execution,    -O2 -DPERFTIME  -fprofile-arcs
UNRESOLVED: gcc.misc-tests/bprob-2.c compilation,  -O2 -DPERFTIME  -fbranch-probabilities
UNRESOLVED: gcc.misc-tests/bprob-2.c execution,    -O2 -DPERFTIME  -fbranch-probabilities
FAIL: gcc.misc-tests/bprob-2.c compilation,  -O3 -DPERFTIME  -fprofile-arcs
UNRESOLVED: gcc.misc-tests/bprob-2.c execution,    -O3 -DPERFTIME  -fprofile-arcs
UNRESOLVED: gcc.misc-tests/bprob-2.c compilation,  -O3 -DPERFTIME  -fbranch-probabilities
UNRESOLVED: gcc.misc-tests/bprob-2.c execution,    -O3 -DPERFTIME  -fbranch-probabilities
FAIL: gcc.misc-tests/bprob-2.c compilation,  -O3 -g -DPERFTIME  -fprofile-arcs
UNRESOLVED: gcc.misc-tests/bprob-2.c execution,    -O3 -g -DPERFTIME  -fprofile-arcs
UNRESOLVED: gcc.misc-tests/bprob-2.c compilation,  -O3 -g -DPERFTIME  -fbranch-probabilities
UNRESOLVED: gcc.misc-tests/bprob-2.c execution,    -O3 -g -DPERFTIME  -fbranch-probabilities
FAIL: gcc.misc-tests/bprob-2.c compilation,  -Os  -fprofile-arcs
UNRESOLVED: gcc.misc-tests/bprob-2.c execution,    -Os  -fprofile-arcs
UNRESOLVED: gcc.misc-tests/bprob-2.c compilation,  -Os  -fbranch-probabilities
UNRESOLVED: gcc.misc-tests/bprob-2.c execution,    -Os  -fbranch-probabilities

		=== gcc Summary ===

# of expected passes		18165
# of unexpected failures	37
# of unexpected successes	1
# of expected failures		61
# of unresolved testcases	42
# of unsupported tests		126
/opt/usr3/ftp_archive/gnu/gcc/ss/bCVS/b-arm-elf/gcc/xgcc version 3.2 20020413 (experimental)

Host   is i686-pc-linux-gnu

		=== g++ tests ===


Running target arm-sim
FAIL: g++.dg/bprob/bprob-1.C compilation,  -g  -fprofile-arcs
UNRESOLVED: g++.dg/bprob/bprob-1.C execution,    -g  -fprofile-arcs
UNRESOLVED: g++.dg/bprob/bprob-1.C compilation,  -g  -fbranch-probabilities
UNRESOLVED: g++.dg/bprob/bprob-1.C execution,    -g  -fbranch-probabilities
FAIL: g++.dg/bprob/bprob-1.C compilation,  -O0  -fprofile-arcs
UNRESOLVED: g++.dg/bprob/bprob-1.C execution,    -O0  -fprofile-arcs
UNRESOLVED: g++.dg/bprob/bprob-1.C compilation,  -O0  -fbranch-probabilities
UNRESOLVED: g++.dg/bprob/bprob-1.C execution,    -O0  -fbranch-probabilities
FAIL: g++.dg/bprob/bprob-1.C compilation,  -O1  -fprofile-arcs
UNRESOLVED: g++.dg/bprob/bprob-1.C execution,    -O1  -fprofile-arcs
UNRESOLVED: g++.dg/bprob/bprob-1.C compilation,  -O1  -fbranch-probabilities
UNRESOLVED: g++.dg/bprob/bprob-1.C execution,    -O1  -fbranch-probabilities
FAIL: g++.dg/bprob/bprob-1.C compilation,  -O2  -fprofile-arcs
UNRESOLVED: g++.dg/bprob/bprob-1.C execution,    -O2  -fprofile-arcs
UNRESOLVED: g++.dg/bprob/bprob-1.C compilation,  -O2  -fbranch-probabilities
UNRESOLVED: g++.dg/bprob/bprob-1.C execution,    -O2  -fbranch-probabilities
FAIL: g++.dg/bprob/bprob-1.C compilation,  -O3  -fprofile-arcs
UNRESOLVED: g++.dg/bprob/bprob-1.C execution,    -O3  -fprofile-arcs
UNRESOLVED: g++.dg/bprob/bprob-1.C compilation,  -O3  -fbranch-probabilities
UNRESOLVED: g++.dg/bprob/bprob-1.C execution,    -O3  -fbranch-probabilities
FAIL: g++.dg/bprob/bprob-1.C compilation,  -O3 -g  -fprofile-arcs
UNRESOLVED: g++.dg/bprob/bprob-1.C execution,    -O3 -g  -fprofile-arcs
UNRESOLVED: g++.dg/bprob/bprob-1.C compilation,  -O3 -g  -fbranch-probabilities
UNRESOLVED: g++.dg/bprob/bprob-1.C execution,    -O3 -g  -fbranch-probabilities
FAIL: g++.dg/bprob/bprob-1.C compilation,  -Os  -fprofile-arcs
UNRESOLVED: g++.dg/bprob/bprob-1.C execution,    -Os  -fprofile-arcs
UNRESOLVED: g++.dg/bprob/bprob-1.C compilation,  -Os  -fbranch-probabilities
UNRESOLVED: g++.dg/bprob/bprob-1.C execution,    -Os  -fbranch-probabilities
FAIL: g++.dg/template/typename2.C (test for excess errors)
FAIL: g++.dg/warn/Wunused-2.C  (test for warnings, line 5)
FAIL: g++.pt/static11.C  Execution test

		=== g++ Summary ===

# of expected passes		7188
# of unexpected failures	10
# of expected failures		87
# of unresolved testcases	21
# of untested testcases		29
# of unsupported tests		6
/opt/usr3/ftp_archive/gnu/gcc/ss/bCVS/b-arm-elf/gcc/testsuite/../g++ version 3.2 20020413 (experimental)


Compiler version: 3.2 20020413 (experimental) 
Platform: arm-unknown-elf
configure flags: --target=arm-elf --prefix=/opt/gnucross --with-gnu-as --with-gnu-ld --with-newlib --verbose --enable-languages=c,c++%g


Index Nav: [Date Index] [Subject Index] [Author Index] [Thread Index]
Message Nav: [Date Prev] [Date Next] [Thread Prev] [Thread Next]