This is the mail archive of the gcc-testresults@gcc.gnu.org mailing list for the GCC project.


Index Nav: [Date Index] [Subject Index] [Author Index] [Thread Index]
Message Nav: [Date Prev] [Date Next] [Thread Prev] [Thread Next]
Other format: [Raw text]

Results for 3.1 20020414 (prerelease) testsuite on sparcv9-sun-solaris2.7


LAST_UPDATED: 
Native configuration is sparcv9-sun-solaris2.7

		=== g++ tests ===


Running target unix/-m64
FAIL: g++.dg/opt/cleanup1.C execution test
FAIL: g++.dg/special/conpr-2.C execution test
FAIL: g++.dg/special/conpr-3.C execution test
FAIL: g++.dg/special/initp1.C execution test
FAIL: g++.pt/crash58.C unresolved (test for errors, line 19)
FAIL: g++.pt/crash58.C unresolved (test for errors, line 20)

		=== g++ Summary for unix/-m64 ===

# of expected passes		7141
# of unexpected failures	6
# of expected failures		86
# of untested testcases		23
# of unsupported tests		3

Running target unix/-fPIC
FAIL: g++.dg/opt/cleanup1.C execution test
FAIL: g++.dg/special/conpr-2.C execution test
FAIL: g++.dg/special/conpr-3.C execution test
FAIL: g++.dg/special/initp1.C execution test

		=== g++ Summary for unix/-fPIC ===

# of expected passes		7143
# of unexpected failures	4
# of expected failures		86
# of untested testcases		23
# of unsupported tests		3

Running target unix/-fpic
FAIL: g++.dg/opt/cleanup1.C execution test
FAIL: g++.dg/special/conpr-2.C execution test
FAIL: g++.dg/special/conpr-3.C execution test
FAIL: g++.dg/special/initp1.C execution test

		=== g++ Summary for unix/-fpic ===

# of expected passes		7143
# of unexpected failures	4
# of expected failures		86
# of untested testcases		23
# of unsupported tests		3

Running target unix
FAIL: g++.dg/opt/cleanup1.C execution test
FAIL: g++.dg/special/conpr-2.C execution test
FAIL: g++.dg/special/conpr-3.C execution test
FAIL: g++.dg/special/initp1.C execution test

		=== g++ Summary for unix ===

# of expected passes		7143
# of unexpected failures	4
# of expected failures		86
# of untested testcases		23
# of unsupported tests		3

		=== g++ Summary ===

# of expected passes		28570
# of unexpected failures	18
# of expected failures		344
# of untested testcases		92
# of unsupported tests		12
/teal/caip5/ghazi/gcc-testing/branch/build/gcc/testsuite/../g++ version 3.1 20020414 (prerelease)

		=== g77 tests ===


Running target unix/-m64

		=== g77 Summary for unix/-m64 ===

# of expected passes		1452
# of unsupported tests		8

Running target unix/-fPIC

		=== g77 Summary for unix/-fPIC ===

# of expected passes		1452
# of unsupported tests		8

Running target unix/-fpic

		=== g77 Summary for unix/-fpic ===

# of expected passes		1452
# of unsupported tests		8

Running target unix

		=== g77 Summary for unix ===

# of expected passes		1452
# of unsupported tests		8

		=== g77 Summary ===

# of expected passes		5808
# of unsupported tests		32
/teal/caip5/ghazi/gcc-testing/branch/build/gcc/testsuite/../g77 version 3.1 20020414 (prerelease)

		=== gcc tests ===


Running target unix/-m64
FAIL: gcc.c-torture/execute/20020227-1.c execution,  -O2 
FAIL: gcc.c-torture/execute/20020227-1.c execution,  -O3 -fomit-frame-pointer 
FAIL: gcc.c-torture/execute/20020227-1.c execution,  -O3 -g 
FAIL: gcc.c-torture/execute/20020227-1.c execution,  -Os 
FAIL: gcc.c-torture/execute/20020413-1.c execution,  -O1 
FAIL: gcc.c-torture/execute/20020413-1.c execution,  -O2 
FAIL: gcc.c-torture/execute/20020413-1.c execution,  -Os 
FAIL: gcc.c-torture/execute/regstack-1.c execution,  -O0 
FAIL: gcc.dg/20001013-1.c (test for excess errors)
FAIL: gcc.dg/20001101-1.c (test for excess errors)
FAIL: gcc.dg/20001101-1.c execution test
FAIL: gcc.dg/20001102-1.c (test for excess errors)
XPASS: gcc.dg/c99-intconst-1.c (test for excess errors)
FAIL: gcc.dg/sparc-ret.c (test for excess errors)
FAIL: gcc.dg/sparc-ret.c scan-assembler return[ 	]*%i7\\+8
UNRESOLVED: weak-1.c
UNRESOLVED: weak-2.c
UNRESOLVED: wkali-1.c
UNRESOLVED: wkali-2.c

		=== gcc Summary for unix/-m64 ===

# of expected passes		18118
# of unexpected failures	14
# of unexpected successes	1
# of expected failures		61
# of unresolved testcases	4
# of unsupported tests		105

Running target unix/-fPIC
FAIL: gcc.c-torture/execute/20020413-1.c execution,  -O1 
FAIL: gcc.c-torture/execute/20020413-1.c execution,  -O2 
FAIL: gcc.c-torture/execute/20020413-1.c execution,  -Os 
FAIL: gcc.c-torture/execute/950511-1.c execution,  -O1 
FAIL: gcc.dg/cpp/charconst.c (test for excess errors)
FAIL: gcc.dg/20020312-2.c (test for excess errors)
WARNING: gcc.dg/20020312-2.c compilation failed to produce executable
UNRESOLVED: weak-1.c
UNRESOLVED: weak-2.c
UNRESOLVED: wkali-1.c
UNRESOLVED: wkali-2.c

		=== gcc Summary for unix/-fPIC ===

# of expected passes		18125
# of unexpected failures	6
# of expected failures		62
# of unresolved testcases	4
# of unsupported tests		105

Running target unix/-fpic
FAIL: gcc.c-torture/execute/20020413-1.c execution,  -O1 
FAIL: gcc.c-torture/execute/20020413-1.c execution,  -O2 
FAIL: gcc.c-torture/execute/20020413-1.c execution,  -Os 
FAIL: gcc.c-torture/execute/950511-1.c execution,  -O1 
FAIL: gcc.dg/cpp/charconst.c (test for excess errors)
FAIL: gcc.dg/20020312-2.c (test for excess errors)
WARNING: gcc.dg/20020312-2.c compilation failed to produce executable
UNRESOLVED: weak-1.c
UNRESOLVED: weak-2.c
UNRESOLVED: wkali-1.c
UNRESOLVED: wkali-2.c

		=== gcc Summary for unix/-fpic ===

# of expected passes		18125
# of unexpected failures	6
# of expected failures		62
# of unresolved testcases	4
# of unsupported tests		105

Running target unix
FAIL: gcc.c-torture/execute/20020413-1.c execution,  -O1 
FAIL: gcc.c-torture/execute/20020413-1.c execution,  -O2 
FAIL: gcc.c-torture/execute/20020413-1.c execution,  -Os 
FAIL: gcc.c-torture/execute/950511-1.c execution,  -O1 
FAIL: gcc.dg/cpp/charconst.c (test for excess errors)
UNRESOLVED: weak-1.c
UNRESOLVED: weak-2.c
UNRESOLVED: wkali-1.c
UNRESOLVED: wkali-2.c

		=== gcc Summary for unix ===

# of expected passes		18127
# of unexpected failures	5
# of expected failures		62
# of unresolved testcases	4
# of unsupported tests		105

		=== gcc Summary ===

# of expected passes		72495
# of unexpected failures	31
# of unexpected successes	1
# of expected failures		247
# of unresolved testcases	16
# of unsupported tests		420
/teal/caip5/ghazi/gcc-testing/branch/build/gcc/xgcc version 3.1 20020414 (prerelease)

		=== objc tests ===


Running target unix/-m64

		=== objc Summary for unix/-m64 ===

# of expected passes		1036
# of expected failures		6

Running target unix/-fPIC

		=== objc Summary for unix/-fPIC ===

# of expected passes		1036
# of expected failures		6

Running target unix/-fpic

		=== objc Summary for unix/-fpic ===

# of expected passes		1036
# of expected failures		6

Running target unix

		=== objc Summary for unix ===

# of expected passes		1036
# of expected failures		6

		=== objc Summary ===

# of expected passes		4144
# of expected failures		24
/teal/caip5/ghazi/gcc-testing/branch/build/gcc/xgcc version 3.1 20020414 (prerelease)

		=== libstdc++-v3 tests ===


Running target unix/-m64
XPASS: 22_locale/collate_members_wchar_t.cc execution test
XPASS: 22_locale/money_get_members_wchar_t.cc execution test
XPASS: 22_locale/money_put_members_wchar_t.cc execution test
XPASS: 22_locale/moneypunct_members_wchar_t.cc execution test
XPASS: 22_locale/num_get_members_wchar_t.cc execution test
XPASS: 22_locale/num_put_members_wchar_t.cc execution test
XPASS: 22_locale/numpunct_members_wchar_t.cc execution test
XPASS: 22_locale/time_get_members_wchar_t.cc execution test
XPASS: 22_locale/time_put_members_wchar_t.cc execution test
WARNING: program timed out.
FAIL: 27_io/ios_base_storage.cc execution test
FAIL: 27_io/istream_extractor_arith.cc execution test

		=== libstdc++-v3 Summary for unix/-m64 ===

# of expected passes		369
# of unexpected failures	2
# of unexpected successes	9
# of expected failures		16

Running target unix/-fPIC
FAIL: 18_support/numeric_limits.cc execution test
XPASS: 22_locale/collate_members_wchar_t.cc execution test
XPASS: 22_locale/money_get_members_wchar_t.cc execution test
XPASS: 22_locale/money_put_members_wchar_t.cc execution test
XPASS: 22_locale/moneypunct_members_wchar_t.cc execution test
XPASS: 22_locale/num_get_members_wchar_t.cc execution test
XPASS: 22_locale/num_put_members_wchar_t.cc execution test
XPASS: 22_locale/numpunct_members_wchar_t.cc execution test
XPASS: 22_locale/time_get_members_wchar_t.cc execution test
XPASS: 22_locale/time_put_members_wchar_t.cc execution test
FAIL: 27_io/filebuf_virtuals.cc execution test
FAIL: 27_io/istream_extractor_arith.cc execution test
FAIL: 27_io/streambuf.cc execution test
FAIL: 27_io/stringbuf.cc execution test

		=== libstdc++-v3 Summary for unix/-fPIC ===

# of expected passes		366
# of unexpected failures	5
# of unexpected successes	9
# of expected failures		16

Running target unix/-fpic
FAIL: 18_support/numeric_limits.cc execution test
XPASS: 22_locale/collate_members_wchar_t.cc execution test
XPASS: 22_locale/money_get_members_wchar_t.cc execution test
XPASS: 22_locale/money_put_members_wchar_t.cc execution test
XPASS: 22_locale/moneypunct_members_wchar_t.cc execution test
XPASS: 22_locale/num_get_members_wchar_t.cc execution test
XPASS: 22_locale/num_put_members_wchar_t.cc execution test
XPASS: 22_locale/numpunct_members_wchar_t.cc execution test
XPASS: 22_locale/time_get_members_wchar_t.cc execution test
XPASS: 22_locale/time_put_members_wchar_t.cc execution test
FAIL: 27_io/filebuf_virtuals.cc execution test
FAIL: 27_io/istream_extractor_arith.cc execution test
FAIL: 27_io/streambuf.cc execution test
FAIL: 27_io/stringbuf.cc execution test

		=== libstdc++-v3 Summary for unix/-fpic ===

# of expected passes		366
# of unexpected failures	5
# of unexpected successes	9
# of expected failures		16

Running target unix
FAIL: 18_support/numeric_limits.cc execution test
XPASS: 22_locale/collate_members_wchar_t.cc execution test
XPASS: 22_locale/money_get_members_wchar_t.cc execution test
XPASS: 22_locale/money_put_members_wchar_t.cc execution test
XPASS: 22_locale/moneypunct_members_wchar_t.cc execution test
XPASS: 22_locale/num_get_members_wchar_t.cc execution test
XPASS: 22_locale/num_put_members_wchar_t.cc execution test
XPASS: 22_locale/numpunct_members_wchar_t.cc execution test
XPASS: 22_locale/time_get_members_wchar_t.cc execution test
XPASS: 22_locale/time_put_members_wchar_t.cc execution test
FAIL: 27_io/filebuf_virtuals.cc execution test
FAIL: 27_io/istream_extractor_arith.cc execution test
FAIL: 27_io/streambuf.cc execution test
FAIL: 27_io/stringbuf.cc execution test

		=== libstdc++-v3 Summary for unix ===

# of expected passes		366
# of unexpected failures	5
# of unexpected successes	9
# of expected failures		16

		=== libstdc++-v3 Summary ===

# of expected passes		1467
# of unexpected failures	17
# of unexpected successes	36
# of expected failures		64

Compiler version: 3.1 20020414 (prerelease) 
Platform: sparcv9-sun-solaris2.7
configure flags: --host=sparcv9-sun-solaris2.7 --verbose --enable-checking=misc,tree,rtl,gc


Index Nav: [Date Index] [Subject Index] [Author Index] [Thread Index]
Message Nav: [Date Prev] [Date Next] [Thread Prev] [Thread Next]