This is the mail archive of the gcc-testresults@gcc.gnu.org mailing list for the GCC project.


Index Nav: [Date Index] [Subject Index] [Author Index] [Thread Index]
Message Nav: [Date Prev] [Date Next] [Thread Prev] [Thread Next]
Other format: [Raw text]

Results for 3.1 20020413 (prerelease) testsuite on i486-suse-linux-gnu


LAST_UPDATED: 
Native configuration is i486-suse-linux-gnu

		=== g++ tests ===


Running target unix
FAIL: g++.dg/opt/cleanup1.C execution test

		=== g++ Summary ===

# of expected passes		7163
# of unexpected failures	1
# of expected failures		86
# of untested testcases		9
# of unsupported tests		3
/local/gccbuild/gcc/testsuite/../g++ version 3.1 20020413 (prerelease)

		=== g77 tests ===


Running target unix

		=== g77 Summary ===

# of expected passes		1452
# of unsupported tests		8
/local/gccbuild/gcc/testsuite/../g77 version 3.1 20020413 (prerelease)

		=== gcc tests ===


Running target unix
FAIL: gcc.c-torture/execute/20020402-1.c execution,  -Os 
FAIL: gcc.c-torture/execute/loop-2c.c execution,  -Os 
FAIL: gcc.c-torture/execute/loop-2d.c execution,  -Os 
FAIL: gcc.c-torture/execute/loop-2e.c execution,  -Os 
FAIL: gcc.c-torture/execute/loop-3c.c execution,  -Os 

		=== gcc Summary ===

# of expected passes		18284
# of unexpected failures	5
# of expected failures		62
# of unsupported tests		42
/local/gccbuild/gcc/xgcc version 3.1 20020413 (prerelease)

		=== objc tests ===


Running target unix

		=== objc Summary ===

# of expected passes		1036
# of expected failures		6
/local/gccbuild/gcc/xgcc version 3.1 20020413 (prerelease)

		=== libjava tests ===


Running target unix
FAIL: Thread_Interrupt -O output from source compiled test

		=== libjava Summary ===

# of expected passes		2060
# of unexpected failures	1
# of expected failures		18
# of untested testcases		14
		=== libstdc++-v3 tests ===


Running target unix
XPASS: 22_locale/time_put_members_char.cc execution test
XPASS: 22_locale/time_put_members_wchar_t.cc execution test
FAIL: 26_numerics/c99_classification_macros_c.cc (test for excess errors)

		=== libstdc++-v3 Summary ===

# of expected passes		370
# of unexpected failures	1
# of unexpected successes	2
# of expected failures		23

Compiler version: 3.1 20020413 (prerelease) 
Platform: i486-suse-linux-gnu
configure flags: --host=i486-suse-linux --enable-threads=posix --enable-long-long --prefix=/opt/Pkg/Linux/i686/gcc31 --enable-languages=c,c++,f77,objc,java --disable-nls --enable-shared


Index Nav: [Date Index] [Subject Index] [Author Index] [Thread Index]
Message Nav: [Date Prev] [Date Next] [Thread Prev] [Thread Next]