This is the mail archive of the gcc-testresults@gcc.gnu.org mailing list for the GCC project.


Index Nav: [Date Index] [Subject Index] [Author Index] [Thread Index]
Message Nav: [Date Prev] [Date Next] [Thread Prev] [Thread Next]
Other format: [Raw text]

Results for 3.2 20020411 (experimental) testsuite on hppa64-hp-hpux11.11


LAST_UPDATED: Thu Apr 11 21:47:41 UTC 2002

Native configuration is hppa64-hp-hpux11.11

		=== g++ tests ===


Running target unix
FAIL: g++.dg/abi/vague1.C scan-assembler-not _ZN1AIiE1tE
FAIL: g++.dg/template/typename2.C (test for excess errors)
FAIL: g++.dg/warn/Wunused-2.C  (test for warnings, line 5)
FAIL: g++.dg/special/conpr-1.C execution test
FAIL: g++.dg/special/conpr-2.C execution test
FAIL: g++.dg/special/conpr-3.C execution test
FAIL: g++.dg/special/conpr-3.C execution test
FAIL: g++.dg/special/initp1.C execution test
FAIL: g++.abi/cxa_vec.C  Execution test
FAIL: g++.brendan/new3.C  Execution test
FAIL: g++.ext/attrib5.C (test for excess errors)
FAIL: g++.ext/attrib5.C  Execution test
FAIL: g++.law/profile1.C (test for excess errors)
XPASS: g++.mike/eh33.C (test for excess errors)
XPASS: g++.mike/eh33.C  Execution test
XPASS: g++.mike/eh50.C (test for excess errors)
XPASS: g++.mike/eh50.C  Execution test
XPASS: g++.pt/static3.C (test for excess errors)
XPASS: g++.pt/static3.C  Execution test
XPASS: g++.pt/static6.C (test for excess errors)

		=== g++ Summary ===

# of expected passes		7058
# of unexpected failures	13
# of unexpected successes	7
# of expected failures		88
# of untested testcases		23
# of unsupported tests		3
/xxx/gnu/gcc-3.2/objdir/gcc/testsuite/../g++ version 3.2 20020411 (experimental)

		=== g77 tests ===


Running target unix
FAIL: g77.dg/f77-edit-apostrophe-out.f output pattern test, is /usr/lib/pa20_64/dld.sl: '/xxx/gnu/gcc-3.2/objdir/hppa64-hp-hpux11.11//libf2c/.libs/libg2c.sl.0' is not a valid load module.
FAIL: g77.dg/f77-edit-apostrophe-out.f output pattern test, is /usr/lib/pa20_64/dld.sl: '/xxx/gnu/gcc-3.2/objdir/hppa64-hp-hpux11.11//libf2c/.libs/libg2c.sl.0' is not a valid load module.
FAIL: g77.dg/f77-edit-apostrophe-out.f output pattern test, is /usr/lib/pa20_64/dld.sl: '/xxx/gnu/gcc-3.2/objdir/hppa64-hp-hpux11.11//libf2c/.libs/libg2c.sl.0' is not a valid load module.
FAIL: g77.dg/f77-edit-apostrophe-out.f output pattern test, is /usr/lib/pa20_64/dld.sl: '/xxx/gnu/gcc-3.2/objdir/hppa64-hp-hpux11.11//libf2c/.libs/libg2c.sl.0' is not a valid load module.
FAIL: g77.dg/f77-edit-apostrophe-out.f output pattern test, is /usr/lib/pa20_64/dld.sl: '/xxx/gnu/gcc-3.2/objdir/hppa64-hp-hpux11.11//libf2c/.libs/libg2c.sl.0' is not a valid load module.
FAIL: g77.dg/f77-edit-apostrophe-out.f output pattern test, is /usr/lib/pa20_64/dld.sl: '/xxx/gnu/gcc-3.2/objdir/hppa64-hp-hpux11.11//libf2c/.libs/libg2c.sl.0' is not a valid load module.
FAIL: g77.dg/f77-edit-colon-out.f output pattern test, is /usr/lib/pa20_64/dld.sl: '/xxx/gnu/gcc-3.2/objdir/hppa64-hp-hpux11.11//libf2c/.libs/libg2c.sl.0' is not a valid load module.
FAIL: g77.dg/f77-edit-colon-out.f output pattern test, is /usr/lib/pa20_64/dld.sl: '/xxx/gnu/gcc-3.2/objdir/hppa64-hp-hpux11.11//libf2c/.libs/libg2c.sl.0' is not a valid load module.
FAIL: g77.dg/f77-edit-colon-out.f output pattern test, is /usr/lib/pa20_64/dld.sl: '/xxx/gnu/gcc-3.2/objdir/hppa64-hp-hpux11.11//libf2c/.libs/libg2c.sl.0' is not a valid load module.
FAIL: g77.dg/f77-edit-colon-out.f output pattern test, is /usr/lib/pa20_64/dld.sl: '/xxx/gnu/gcc-3.2/objdir/hppa64-hp-hpux11.11//libf2c/.libs/libg2c.sl.0' is not a valid load module.
FAIL: g77.dg/f77-edit-colon-out.f output pattern test, is /usr/lib/pa20_64/dld.sl: '/xxx/gnu/gcc-3.2/objdir/hppa64-hp-hpux11.11//libf2c/.libs/libg2c.sl.0' is not a valid load module.
FAIL: g77.dg/f77-edit-colon-out.f output pattern test, is /usr/lib/pa20_64/dld.sl: '/xxx/gnu/gcc-3.2/objdir/hppa64-hp-hpux11.11//libf2c/.libs/libg2c.sl.0' is not a valid load module.
FAIL: g77.dg/f77-edit-h-out.f output pattern test, is /usr/lib/pa20_64/dld.sl: '/xxx/gnu/gcc-3.2/objdir/hppa64-hp-hpux11.11//libf2c/.libs/libg2c.sl.0' is not a valid load module.
FAIL: g77.dg/f77-edit-h-out.f output pattern test, is /usr/lib/pa20_64/dld.sl: '/xxx/gnu/gcc-3.2/objdir/hppa64-hp-hpux11.11//libf2c/.libs/libg2c.sl.0' is not a valid load module.
FAIL: g77.dg/f77-edit-h-out.f output pattern test, is /usr/lib/pa20_64/dld.sl: '/xxx/gnu/gcc-3.2/objdir/hppa64-hp-hpux11.11//libf2c/.libs/libg2c.sl.0' is not a valid load module.
FAIL: g77.dg/f77-edit-h-out.f output pattern test, is /usr/lib/pa20_64/dld.sl: '/xxx/gnu/gcc-3.2/objdir/hppa64-hp-hpux11.11//libf2c/.libs/libg2c.sl.0' is not a valid load module.
FAIL: g77.dg/f77-edit-h-out.f output pattern test, is /usr/lib/pa20_64/dld.sl: '/xxx/gnu/gcc-3.2/objdir/hppa64-hp-hpux11.11//libf2c/.libs/libg2c.sl.0' is not a valid load module.
FAIL: g77.dg/f77-edit-h-out.f output pattern test, is /usr/lib/pa20_64/dld.sl: '/xxx/gnu/gcc-3.2/objdir/hppa64-hp-hpux11.11//libf2c/.libs/libg2c.sl.0' is not a valid load module.
FAIL: g77.dg/f77-edit-i-out.f output pattern test, is /usr/lib/pa20_64/dld.sl: '/xxx/gnu/gcc-3.2/objdir/hppa64-hp-hpux11.11//libf2c/.libs/libg2c.sl.0' is not a valid load module.
FAIL: g77.dg/f77-edit-i-out.f output pattern test, is /usr/lib/pa20_64/dld.sl: '/xxx/gnu/gcc-3.2/objdir/hppa64-hp-hpux11.11//libf2c/.libs/libg2c.sl.0' is not a valid load module.
FAIL: g77.dg/f77-edit-i-out.f output pattern test, is /usr/lib/pa20_64/dld.sl: '/xxx/gnu/gcc-3.2/objdir/hppa64-hp-hpux11.11//libf2c/.libs/libg2c.sl.0' is not a valid load module.
FAIL: g77.dg/f77-edit-i-out.f output pattern test, is /usr/lib/pa20_64/dld.sl: '/xxx/gnu/gcc-3.2/objdir/hppa64-hp-hpux11.11//libf2c/.libs/libg2c.sl.0' is not a valid load module.
FAIL: g77.dg/f77-edit-i-out.f output pattern test, is /usr/lib/pa20_64/dld.sl: '/xxx/gnu/gcc-3.2/objdir/hppa64-hp-hpux11.11//libf2c/.libs/libg2c.sl.0' is not a valid load module.
FAIL: g77.dg/f77-edit-i-out.f output pattern test, is /usr/lib/pa20_64/dld.sl: '/xxx/gnu/gcc-3.2/objdir/hppa64-hp-hpux11.11//libf2c/.libs/libg2c.sl.0' is not a valid load module.
FAIL: g77.dg/f77-edit-slash-out.f output pattern test, is /usr/lib/pa20_64/dld.sl: '/xxx/gnu/gcc-3.2/objdir/hppa64-hp-hpux11.11//libf2c/.libs/libg2c.sl.0' is not a valid load module.
FAIL: g77.dg/f77-edit-slash-out.f output pattern test, is /usr/lib/pa20_64/dld.sl: '/xxx/gnu/gcc-3.2/objdir/hppa64-hp-hpux11.11//libf2c/.libs/libg2c.sl.0' is not a valid load module.
FAIL: g77.dg/f77-edit-slash-out.f output pattern test, is /usr/lib/pa20_64/dld.sl: '/xxx/gnu/gcc-3.2/objdir/hppa64-hp-hpux11.11//libf2c/.libs/libg2c.sl.0' is not a valid load module.
FAIL: g77.dg/f77-edit-slash-out.f output pattern test, is /usr/lib/pa20_64/dld.sl: '/xxx/gnu/gcc-3.2/objdir/hppa64-hp-hpux11.11//libf2c/.libs/libg2c.sl.0' is not a valid load module.
FAIL: g77.dg/f77-edit-slash-out.f output pattern test, is /usr/lib/pa20_64/dld.sl: '/xxx/gnu/gcc-3.2/objdir/hppa64-hp-hpux11.11//libf2c/.libs/libg2c.sl.0' is not a valid load module.
FAIL: g77.dg/f77-edit-slash-out.f output pattern test, is /usr/lib/pa20_64/dld.sl: '/xxx/gnu/gcc-3.2/objdir/hppa64-hp-hpux11.11//libf2c/.libs/libg2c.sl.0' is not a valid load module.
		=== gcc tests ===


Running target unix
FAIL: gcc.c-torture/execute/20020227-1.c execution,  -O0 
FAIL: gcc.c-torture/execute/20020227-1.c execution,  -O1 
FAIL: gcc.c-torture/execute/20020227-1.c execution,  -O2 
FAIL: gcc.c-torture/execute/20020227-1.c execution,  -O3 -fomit-frame-pointer 
FAIL: gcc.c-torture/execute/20020227-1.c execution,  -O3 -g 
FAIL: gcc.c-torture/execute/20020227-1.c execution,  -Os 
FAIL: gcc.c-torture/execute/20020307-2.c compilation,  -O0 
UNRESOLVED: gcc.c-torture/execute/20020307-2.c execution,  -O0 
FAIL: gcc.c-torture/execute/20020307-2.c compilation,  -O1 
UNRESOLVED: gcc.c-torture/execute/20020307-2.c execution,  -O1 
FAIL: gcc.c-torture/execute/20020307-2.c compilation,  -O2 
UNRESOLVED: gcc.c-torture/execute/20020307-2.c execution,  -O2 
FAIL: gcc.c-torture/execute/20020307-2.c compilation,  -O3 -fomit-frame-pointer 
UNRESOLVED: gcc.c-torture/execute/20020307-2.c execution,  -O3 -fomit-frame-pointer 
FAIL: gcc.c-torture/execute/20020307-2.c compilation,  -O3 -fomit-frame-pointer -funroll-loops 
UNRESOLVED: gcc.c-torture/execute/20020307-2.c execution,  -O3 -fomit-frame-pointer -funroll-loops 
FAIL: gcc.c-torture/execute/20020307-2.c compilation,  -O3 -fomit-frame-pointer -funroll-all-loops -finline-functions 
UNRESOLVED: gcc.c-torture/execute/20020307-2.c execution,  -O3 -fomit-frame-pointer -funroll-all-loops -finline-functions 
FAIL: gcc.c-torture/execute/20020307-2.c compilation,  -O3 -g 
UNRESOLVED: gcc.c-torture/execute/20020307-2.c execution,  -O3 -g 
FAIL: gcc.c-torture/execute/20020307-2.c compilation,  -Os 
UNRESOLVED: gcc.c-torture/execute/20020307-2.c execution,  -Os 
XPASS: gcc.c-torture/execute/strct-stdarg-1.c execution,  -O0 
XPASS: gcc.c-torture/execute/strct-stdarg-1.c execution,  -O1 
XPASS: gcc.c-torture/execute/strct-stdarg-1.c execution,  -O2 
XPASS: gcc.c-torture/execute/strct-stdarg-1.c execution,  -O3 -fomit-frame-pointer 
XPASS: gcc.c-torture/execute/strct-stdarg-1.c execution,  -O3 -fomit-frame-pointer -funroll-loops 
XPASS: gcc.c-torture/execute/strct-stdarg-1.c execution,  -O3 -fomit-frame-pointer -funroll-all-loops -finline-functions 
XPASS: gcc.c-torture/execute/strct-stdarg-1.c execution,  -O3 -g 
XPASS: gcc.c-torture/execute/strct-stdarg-1.c execution,  -Os 
FAIL: gcc.c-torture/execute/va-arg-22.c execution,  -O0 
FAIL: gcc.c-torture/execute/va-arg-22.c execution,  -O1 
FAIL: gcc.c-torture/execute/va-arg-22.c execution,  -O2 
FAIL: gcc.c-torture/execute/va-arg-22.c execution,  -O3 -fomit-frame-pointer 
FAIL: gcc.c-torture/execute/va-arg-22.c execution,  -O3 -fomit-frame-pointer -funroll-loops 
FAIL: gcc.c-torture/execute/va-arg-22.c execution,  -O3 -fomit-frame-pointer -funroll-all-loops -finline-functions 
FAIL: gcc.c-torture/execute/va-arg-22.c execution,  -O3 -g 
FAIL: gcc.c-torture/execute/va-arg-22.c execution,  -Os 
FAIL: gcc.c-torture/execute/ieee/rbug.c execution,  -O3 -fomit-frame-pointer 
FAIL: gcc.c-torture/execute/ieee/rbug.c execution,  -O3 -g 
FAIL: gcc.c-torture/execute/ieee/rbug.c execution,  -O3 -fomit-frame-pointer 
FAIL: gcc.c-torture/execute/ieee/rbug.c execution,  -O3 -g 
FAIL: gcc.dg/cpp/wchar-1.c execution test
FAIL: gcc.dg/20020219-1.c execution test
FAIL: gcc.dg/20020312-2.c (test for excess errors)
WARNING: gcc.dg/20020312-2.c compilation failed to produce executable
FAIL: gcc.dg/asm-fs-1.c scan-assembler-not \\*_bar
FAIL: gcc.dg/asm-fs-1.c scan-assembler-not \\*_baz
FAIL: gcc.dg/asm-names.c (test for excess errors)
XPASS: gcc.dg/c99-intconst-1.c (test for excess errors)
FAIL: gcc.dg/inline-1.c scan-assembler-not xyzzy
FAIL: gcc.dg/weak-1.c scan-assembler weak[^ 	]*[ 	]_?a
FAIL: gcc.dg/weak-1.c scan-assembler weak[^ 	]*[ 	]_?b
FAIL: gcc.dg/weak-1.c scan-assembler weak[^ 	]*[ 	]_?c
FAIL: gcc.dg/weak-1.c scan-assembler weak[^ 	]*[ 	]_?d
FAIL: gcc.dg/weak-1.c scan-assembler weak[^ 	]*[ 	]_?e
FAIL: gcc.dg/weak-1.c scan-assembler weak[^ 	]*[ 	]_?g
FAIL: gcc.dg/weak-1.c scan-assembler weak[^ 	]*[ 	]_?j
FAIL: alias-1.c
FAIL: alias-2.c
FAIL: wkali-1.c
FAIL: wkali-2a.o
FAIL: gcc.dg/special/gcsec-1.c (test for excess errors)
WARNING: gcc.dg/special/gcsec-1.c compilation failed to produce executable
FAIL: 20000419-2.c

		=== gcc Summary ===

# of expected passes		18077
# of unexpected failures	46
# of unexpected successes	9
# of expected failures		61
# of unresolved testcases	8
# of unsupported tests		117
/xxx/gnu/gcc-3.2/objdir/gcc/xgcc version 3.2 20020411 (experimental)

		=== libstdc++-v3 tests ===


Running target unix
FAIL: 21_strings/capacity.cc execution test
XPASS: 22_locale/collate_members_wchar_t.cc execution test
XPASS: 22_locale/money_get_members_wchar_t.cc execution test
XPASS: 22_locale/money_put_members_wchar_t.cc execution test
XPASS: 22_locale/moneypunct_members_wchar_t.cc execution test
XPASS: 22_locale/num_get_members_wchar_t.cc execution test
XPASS: 22_locale/num_put_members_wchar_t.cc execution test
XPASS: 22_locale/numpunct_members_wchar_t.cc execution test
XPASS: 22_locale/time_get_members_wchar_t.cc execution test
XPASS: 22_locale/time_put_members_wchar_t.cc execution test
FAIL: 26_numerics/c99_classification_macros_c.cc (test for excess errors)
FAIL: 26_numerics/complex_inserters_extractors.cc execution test
FAIL: 27_io/istream_extractor_arith.cc execution test
FAIL: 27_io/ostream_inserter_arith.cc execution test

		=== libstdc++-v3 Summary ===

# of expected passes		354
# of unexpected failures	5
# of unexpected successes	9
# of expected failures		16
# of unsupported tests		6

Compiler version: 3.2 20020411 (experimental) 
Platform: hppa64-hp-hpux11.11
configure flags: --host=hppa64-hp-hpux11.11 --with-gnu-as --with-as=/opt/gnu64/bin/as --with-gnu-ld --with-ld=/opt/gnu64/bin/ld --disable-nls --prefix=/opt/gnu64


Index Nav: [Date Index] [Subject Index] [Author Index] [Thread Index]
Message Nav: [Date Prev] [Date Next] [Thread Prev] [Thread Next]