This is the mail archive of the gcc-testresults@gcc.gnu.org mailing list for the GCC project.


Index Nav: [Date Index] [Subject Index] [Author Index] [Thread Index]
Message Nav: [Date Prev] [Date Next] [Thread Prev] [Thread Next]
Other format: [Raw text]

Results for 3.2 20020410 (experimental) testsuite on i686-pc-cygwin


LAST_UPDATED: Thu Apr 11 01:29:20  2002

Native configuration is i686-pc-cygwin

		=== g++ tests ===


Running target unix
FAIL: g++.dg/ext/instantiate3.C scan-assembler-not 
FAIL: g++.dg/template/typename2.C (test for excess errors)
FAIL: g++.dg/warn/Wunused-2.C  (test for warnings, line 5)
FAIL: g++.dg/special/conpr-1.C execution test
FAIL: g++.dg/special/conpr-2.C execution test
FAIL: g++.dg/special/conpr-3.C execution test
FAIL: g++.dg/special/conpr-3.C execution test
FAIL: g++.dg/special/initp1.C execution test
FAIL: g++.eh/badalloc1.C  Execution test
XPASS: g++.ext/attrib5.C  Execution test
XPASS: g++.jason/template18.C (test for excess errors)
XPASS: g++.jason/template18.C  Execution test

		=== g++ Summary ===

# of expected passes		7226
# of unexpected failures	9
# of unexpected successes	3
# of expected failures		86
# of untested testcases		15
# of unsupported tests		3
/usr/local/obj/gcc/gcc/testsuite/../g++ version 3.2 20020410 (experimental)

		=== g77 tests ===


Running target unix
FAIL: g77.f-torture/execute/6177.f compilation,  -O1 
FAIL: g77.f-torture/execute/6177.f compilation,  -O2 
FAIL: g77.f-torture/execute/6177.f compilation,  -O3 -fomit-frame-pointer 
FAIL: g77.f-torture/execute/6177.f compilation,  -O3 -g 
FAIL: g77.f-torture/execute/6177.f compilation,  -Os 

		=== g77 Summary ===

# of expected passes		1616
# of unexpected failures	5
# of untested testcases		5
/usr/local/obj/gcc/gcc/testsuite/../g77 version 3.2 20020410 (experimental)

		=== gcc tests ===


Running target unix
FAIL: gcc.c-torture/execute/20020307-2.c execution,  -O1 
FAIL: gcc.c-torture/execute/20020307-2.c execution,  -O2 
FAIL: gcc.c-torture/execute/20020307-2.c execution,  -O3 -fomit-frame-pointer 
FAIL: gcc.c-torture/execute/20020307-2.c execution,  -O3 -fomit-frame-pointer -funroll-loops 
FAIL: gcc.c-torture/execute/20020307-2.c execution,  -O3 -fomit-frame-pointer -funroll-all-loops -finline-functions 
FAIL: gcc.c-torture/execute/20020307-2.c execution,  -O3 -g 
FAIL: gcc.c-torture/execute/20020402-1.c execution,  -Os 
XPASS: gcc.c-torture/execute/loop-2e.c execution,  -Os 
FAIL: gcc.dg/i386-387-1.c scan-assembler call	sin
FAIL: gcc.dg/i386-387-1.c scan-assembler call	cos
FAIL: gcc.dg/i386-387-1.c scan-assembler call	sqrt

		=== gcc Summary ===

# of expected passes		18384
# of unexpected failures	10
# of unexpected successes	1
# of expected failures		65
# of unsupported tests		50
/usr/local/obj/gcc/gcc/xgcc version 3.2 20020410 (experimental)

		=== objc tests ===


Running target unix

		=== objc Summary ===

# of expected passes		1036
# of expected failures		6
/usr/local/obj/gcc/gcc/xgcc version 3.2 20020410 (experimental)

		=== libstdc++-v3 tests ===


Running target unix
FAIL: 21_strings/capacity.cc execution test
XPASS: 22_locale/collate_members_wchar_t.cc execution test
FAIL: 22_locale/ctype_members_char.cc (test for excess errors)
WARNING: 22_locale/ctype_members_char.cc compilation failed to produce executable
XPASS: 22_locale/money_get_members_wchar_t.cc execution test
XPASS: 22_locale/money_put_members_wchar_t.cc execution test
XPASS: 22_locale/moneypunct_members_wchar_t.cc execution test
XPASS: 22_locale/num_get_members_wchar_t.cc execution test
XPASS: 22_locale/num_put_members_wchar_t.cc execution test
XPASS: 22_locale/numpunct_members_wchar_t.cc execution test
XPASS: 22_locale/time_get_members_wchar_t.cc execution test
XPASS: 22_locale/time_put_members_wchar_t.cc execution test
FAIL: 24_iterators/iterator.cc (test for excess errors)
WARNING: 24_iterators/iterator.cc compilation failed to produce executable
FAIL: 27_io/filebuf_members.cc execution test
FAIL: 27_io/ios_base_storage.cc execution test
FAIL: ext/rope.cc (test for excess errors)
WARNING: ext/rope.cc compilation failed to produce executable
FAIL: thread/pthread4.cc (test for excess errors)
WARNING: thread/pthread4.cc compilation failed to produce executable

		=== libstdc++-v3 Summary ===

# of expected passes		361
# of unexpected failures	7
# of unexpected successes	9
# of expected failures		15

Compiler version: 3.2 20020410 (experimental) 
Platform: i686-pc-cygwin
configure flags: --host=i686-pc-cygwin --enable-threads=posix --disable-libgcj --enable-sjlj-exceptions --with-system-zlib --enable-nls --without-included-gettext --disable-shared
Counting all warnings,
there are 72 warnings in stage3 of this bootstrap.

Number of warnings per file:
     23	gcc/combine.c
     10	gcc/regclass.c
      9	gcc/gcc.c
      4	gcc/optabs.c
      3	gcc/unroll.c
      3	gcc/cp/lang-specs.h
      2	gcc/varasm.c
      2	gcc/real.c
      2	gcc/java/lex.c
      2	gcc/java/javaop.def
      2	gcc/fold-const.c
      1	gcc/unwind-pe.h
      1	gcc/tree.c
      1	gcc/sdbout.c
      1	gcc/reload.c
      1	gcc/java/parse.y
      1	gcc/java/jvspec.c
      1	gcc/function.c
      1	gcc/emit-rtl.c
      1	gcc/config/i386/i386.c
      1	gcc/cfgrtl.c

Number of warning types:
     41	comparison between signed and unsigned
      7	string length \`???' is greater than the length \`???' ISO C89 compilers are required to support
      4	traditional C rejects string concatenation
      4	signed and unsigned type in conditional expression
      4	\`???' defined but not used
      3	\`???' might be used uninitialized in this function
      2	operation on \`???' may be undefined
      2	assignment of read-only location
      1	unused variable \`???'
      1	pointer targets in passing arg ??? of \`???' differ in signedness
      1	function declaration isn't a prototype
      1	assignment discards qualifiers from pointer target type
      1	\`???' declared \`static' but never defined


Index Nav: [Date Index] [Subject Index] [Author Index] [Thread Index]
Message Nav: [Date Prev] [Date Next] [Thread Prev] [Thread Next]