This is the mail archive of the gcc-testresults@gcc.gnu.org mailing list for the GCC project.


Index Nav: [Date Index] [Subject Index] [Author Index] [Thread Index]
Message Nav: [Date Prev] [Date Next] [Thread Prev] [Thread Next]
Other format: [Raw text]

Results for 3.1 20020410 (prerelease) testsuite on mips-sgi-irix6.5


LAST_UPDATED: Wed Apr 10 23:10:42 2002

Native configuration is mips-sgi-irix6.5

		=== g77 tests ===


Running target unix

		=== g77 Summary for unix ===

# of expected passes		1452
# of unsupported tests		8

Running target unix/-mabi=64

		=== g77 Summary for unix/-mabi=64 ===

# of expected passes		1452
# of unsupported tests		8

		=== g77 Summary ===

# of expected passes		2904
# of unsupported tests		16
/exd6/billingd/obj/gcc-3.1/gcc/testsuite/../g77 version 3.1 20020410 (prerelease)

		=== gcc tests ===


Running target unix
FAIL: gcc.c-torture/compile/labels-3.c,  -O0  
FAIL: gcc.c-torture/compile/labels-3.c,  -O1  
FAIL: gcc.c-torture/compile/labels-3.c,  -O2  
FAIL: gcc.c-torture/compile/labels-3.c,  -O3 -fomit-frame-pointer  
FAIL: gcc.c-torture/compile/labels-3.c,  -O3 -g  
FAIL: gcc.c-torture/compile/labels-3.c,  -Os  
WARNING: program timed out.
FAIL: gcc.c-torture/compile/20001226-1.c,  -O3 -fomit-frame-pointer  
WARNING: program timed out.
FAIL: gcc.c-torture/compile/20001226-1.c,  -O3 -g  
WARNING: program timed out.
FAIL: gcc.c-torture/compile/20001226-1.c,  -Os  
FAIL: gcc.c-torture/execute/20010122-1.c execution,  -O0 
FAIL: gcc.c-torture/execute/20010122-1.c execution,  -O1 
FAIL: gcc.c-torture/execute/20010122-1.c execution,  -O2 
FAIL: gcc.c-torture/execute/20010122-1.c execution,  -O3 -fomit-frame-pointer 
FAIL: gcc.c-torture/execute/20010122-1.c execution,  -O3 -fomit-frame-pointer -funroll-loops 
FAIL: gcc.c-torture/execute/20010122-1.c execution,  -O3 -fomit-frame-pointer -funroll-all-loops -finline-functions 
FAIL: gcc.c-torture/execute/20010122-1.c execution,  -O3 -g 
FAIL: gcc.c-torture/execute/20010122-1.c execution,  -Os 
FAIL: gcc.c-torture/execute/20020227-1.c execution,  -O0 
FAIL: gcc.c-torture/execute/20020227-1.c execution,  -O1 
FAIL: gcc.c-torture/execute/20020227-1.c execution,  -O2 
FAIL: gcc.c-torture/execute/20020227-1.c execution,  -O3 -fomit-frame-pointer 
FAIL: gcc.c-torture/execute/20020227-1.c execution,  -O3 -g 
FAIL: gcc.c-torture/execute/20020227-1.c execution,  -Os 
FAIL: gcc.c-torture/execute/20020307-2.c execution,  -O0 
FAIL: gcc.c-torture/execute/20020307-2.c execution,  -O1 
FAIL: gcc.c-torture/execute/20020307-2.c execution,  -O2 
FAIL: gcc.c-torture/execute/20020307-2.c execution,  -O3 -fomit-frame-pointer 
FAIL: gcc.c-torture/execute/20020307-2.c execution,  -O3 -fomit-frame-pointer -funroll-loops 
FAIL: gcc.c-torture/execute/20020307-2.c execution,  -O3 -fomit-frame-pointer -funroll-all-loops -finline-functions 
FAIL: gcc.c-torture/execute/20020307-2.c execution,  -O3 -g 
FAIL: gcc.c-torture/execute/20020307-2.c execution,  -Os 
WARNING: program timed out.
FAIL: gcc.c-torture/execute/20020406-1.c execution,  -O0 
WARNING: program timed out.
FAIL: gcc.c-torture/execute/20020406-1.c execution,  -O1 
WARNING: program timed out.
FAIL: gcc.c-torture/execute/20020406-1.c execution,  -O2 
WARNING: program timed out.
FAIL: gcc.c-torture/execute/20020406-1.c execution,  -O3 -fomit-frame-pointer 
WARNING: program timed out.
FAIL: gcc.c-torture/execute/20020406-1.c execution,  -O3 -fomit-frame-pointer -funroll-loops 
WARNING: program timed out.
FAIL: gcc.c-torture/execute/20020406-1.c execution,  -O3 -fomit-frame-pointer -funroll-all-loops -finline-functions 
WARNING: program timed out.
FAIL: gcc.c-torture/execute/20020406-1.c execution,  -O3 -g 
WARNING: program timed out.
FAIL: gcc.c-torture/execute/20020406-1.c execution,  -Os 
FAIL: gcc.c-torture/execute/950607-2.c execution,  -O2 
FAIL: gcc.c-torture/execute/950607-2.c execution,  -Os 
WARNING: program timed out.
FAIL: gcc.c-torture/execute/conversion.c compilation,  -O2 
UNRESOLVED: gcc.c-torture/execute/conversion.c execution,  -O2 

		=== gcc Summary for unix ===

# of expected passes		17685
# of unexpected failures	42
# of expected failures		83
# of unresolved testcases	1
# of unsupported tests		119

Running target unix/-mabi=64
FAIL: gcc.c-torture/compile/labels-3.c,  -O0  
FAIL: gcc.c-torture/compile/labels-3.c,  -O1  
FAIL: gcc.c-torture/compile/labels-3.c,  -O2  
FAIL: gcc.c-torture/compile/labels-3.c,  -O3 -fomit-frame-pointer  
FAIL: gcc.c-torture/compile/labels-3.c,  -O3 -g  
FAIL: gcc.c-torture/compile/labels-3.c,  -Os  
WARNING: program timed out.
FAIL: gcc.c-torture/compile/20001226-1.c,  -O2  
WARNING: program timed out.
FAIL: gcc.c-torture/compile/20001226-1.c,  -O3 -fomit-frame-pointer  
WARNING: program timed out.
FAIL: gcc.c-torture/compile/20001226-1.c,  -O3 -g  
WARNING: program timed out.
FAIL: gcc.c-torture/compile/20001226-1.c,  -Os  
FAIL: gcc.c-torture/execute/20010122-1.c execution,  -O0 
FAIL: gcc.c-torture/execute/20010122-1.c execution,  -O1 
FAIL: gcc.c-torture/execute/20010122-1.c execution,  -O2 
FAIL: gcc.c-torture/execute/20010122-1.c execution,  -O3 -fomit-frame-pointer 
FAIL: gcc.c-torture/execute/20010122-1.c execution,  -O3 -fomit-frame-pointer -funroll-loops 
FAIL: gcc.c-torture/execute/20010122-1.c execution,  -O3 -fomit-frame-pointer -funroll-all-loops -finline-functions 
FAIL: gcc.c-torture/execute/20010122-1.c execution,  -O3 -g 
FAIL: gcc.c-torture/execute/20010122-1.c execution,  -Os 
FAIL: gcc.c-torture/execute/20020227-1.c execution,  -O0 
FAIL: gcc.c-torture/execute/20020227-1.c execution,  -O1 
FAIL: gcc.c-torture/execute/20020227-1.c execution,  -O2 
FAIL: gcc.c-torture/execute/20020227-1.c execution,  -O3 -fomit-frame-pointer 
FAIL: gcc.c-torture/execute/20020227-1.c execution,  -O3 -g 
FAIL: gcc.c-torture/execute/20020227-1.c execution,  -Os 
FAIL: gcc.c-torture/execute/20020307-2.c execution,  -O0 
FAIL: gcc.c-torture/execute/20020307-2.c execution,  -O1 
FAIL: gcc.c-torture/execute/20020307-2.c execution,  -O2 
FAIL: gcc.c-torture/execute/20020307-2.c execution,  -O3 -fomit-frame-pointer 
FAIL: gcc.c-torture/execute/20020307-2.c execution,  -O3 -fomit-frame-pointer -funroll-loops 
FAIL: gcc.c-torture/execute/20020307-2.c execution,  -O3 -fomit-frame-pointer -funroll-all-loops -finline-functions 
FAIL: gcc.c-torture/execute/20020307-2.c execution,  -O3 -g 
FAIL: gcc.c-torture/execute/20020307-2.c execution,  -Os 
XPASS: gcc.dg/c99-intconst-1.c (test for excess errors)

		=== gcc Summary for unix/-mabi=64 ===

# of expected passes		17696
# of unexpected failures	32
# of unexpected successes	1
# of expected failures		82
# of unsupported tests		119

		=== gcc Summary ===

# of expected passes		35381
# of unexpected failures	74
# of unexpected successes	1
# of expected failures		165
# of unresolved testcases	1
# of unsupported tests		238
/exd6/billingd/obj/gcc-3.1/gcc/xgcc version 3.1 20020410 (prerelease)

		=== g++ tests ===


Running target unix
FAIL: g++.dg/opt/cleanup1.C execution test

		=== g++ Summary for unix ===

# of expected passes		6991
# of unexpected failures	1
# of expected failures		94
# of untested testcases		23
# of unsupported tests		3

Running target unix/-mabi=64
FAIL: g++.dg/eh/ctor1.C execution test
FAIL: g++.dg/eh/dtor1.C execution test
FAIL: g++.dg/eh/filter1.C execution test
FAIL: g++.dg/eh/loop1.C execution test
FAIL: g++.dg/eh/omit-frame-pointer.C execution test
FAIL: g++.dg/eh/registers1.C execution test
FAIL: g++.dg/eh/template1.C execution test
FAIL: g++.dg/eh/unexpected1.C execution test
FAIL: g++.dg/opt/cleanup1.C execution test
FAIL: g++.abi/cxa_vec.C  Execution test
FAIL: g++.brendan/eh1.C  Execution test
FAIL: g++.eh/catch11.C  Execution test
FAIL: g++.eh/catch12.C  Execution test
FAIL: g++.eh/catch3.C  Execution test
FAIL: g++.eh/catch3p.C  Execution test
FAIL: g++.eh/catch4.C  Execution test
FAIL: g++.eh/catch4p.C  Execution test
FAIL: g++.eh/catch5.C  Execution test
FAIL: g++.eh/catch5p.C  Execution test
FAIL: g++.eh/catch6.C  Execution test
FAIL: g++.eh/catch6p.C  Execution test
FAIL: g++.eh/catch7.C  Execution test
FAIL: g++.eh/catch7p.C  Execution test
FAIL: g++.eh/catch8.C  Execution test
FAIL: g++.eh/catch8p.C  Execution test
FAIL: g++.eh/catch9.C  Execution test
FAIL: g++.eh/catch9p.C  Execution test
FAIL: g++.eh/catchptr1.C  Execution test
FAIL: g++.eh/cleanup1.C  Execution test
FAIL: g++.eh/cleanup2.C  Execution test
FAIL: g++.eh/flow1.C  Execution test
FAIL: g++.eh/fntry1.C  Execution test
FAIL: g++.eh/ia64-1.C  Execution test
FAIL: g++.eh/inline2.C  Execution test
FAIL: g++.eh/new1.C  Execution test
FAIL: g++.eh/new2.C  Execution test
FAIL: g++.eh/pdel1.C  Execution test
FAIL: g++.eh/pdel2.C  Execution test
FAIL: g++.eh/ptr1.C  Execution test
FAIL: g++.eh/ptrmem1.C  Execution test
FAIL: g++.eh/rethrow1.C  Execution test
FAIL: g++.eh/rethrow2.C  Execution test
FAIL: g++.eh/rethrow3.C  Execution test
FAIL: g++.eh/rethrow4.C  Execution test
FAIL: g++.eh/rethrow5.C  Execution test
FAIL: g++.eh/rethrow6.C  Execution test
FAIL: g++.eh/spec1.C  Execution test
FAIL: g++.eh/spec2.C  Execution test
FAIL: g++.eh/spec3.C  Execution test
FAIL: g++.eh/tmpl1.C  Execution test
FAIL: g++.eh/unwind1.C  Execution test
FAIL: g++.eh/vbase1.C  Execution test
FAIL: g++.eh/vbase2.C  Execution test
FAIL: g++.eh/vbase4.C  Execution test
FAIL: g++.martin/new1.C  Execution test
FAIL: g++.mike/dyncast1.C  Execution test
FAIL: g++.mike/dyncast2.C  Execution test
FAIL: g++.mike/eh10.C  Execution test
FAIL: g++.mike/eh12.C  Execution test
FAIL: g++.mike/eh14.C  Execution test
FAIL: g++.mike/eh16.C  Execution test
FAIL: g++.mike/eh17.C  Execution test
FAIL: g++.mike/eh18.C  Execution test
FAIL: g++.mike/eh2.C  Execution test
FAIL: g++.mike/eh21.C  Execution test
FAIL: g++.mike/eh24.C  Execution test
FAIL: g++.mike/eh25.C  Execution test
FAIL: g++.mike/eh26.C  Execution test
FAIL: g++.mike/eh27.C  Execution test
FAIL: g++.mike/eh28.C  Execution test
FAIL: g++.mike/eh29.C  Execution test
FAIL: g++.mike/eh3.C  Execution test
FAIL: g++.mike/eh31.C  Execution test
FAIL: g++.mike/eh33.C  Execution test
FAIL: g++.mike/eh34.C  Execution test
FAIL: g++.mike/eh35.C  Execution test
FAIL: g++.mike/eh36.C  Execution test
FAIL: g++.mike/eh37.C  Execution test
FAIL: g++.mike/eh38.C  Execution test
FAIL: g++.mike/eh39.C  Execution test
FAIL: g++.mike/eh40.C  Execution test
FAIL: g++.mike/eh41.C  Execution test
FAIL: g++.mike/eh42.C  Execution test
FAIL: g++.mike/eh44.C  Execution test
FAIL: g++.mike/eh47.C  Execution test
FAIL: g++.mike/eh48.C  Execution test
FAIL: g++.mike/eh49.C  Execution test
FAIL: g++.mike/eh5.C  Execution test
FAIL: g++.mike/eh50.C  Execution test
FAIL: g++.mike/eh51.C  Execution test
FAIL: g++.mike/eh6.C  Execution test
FAIL: g++.mike/eh8.C  Execution test
FAIL: g++.mike/p7912.C  Execution test
FAIL: g++.mike/p9706.C  Execution test
FAIL: g++.oliva/delete3.C  Execution test
FAIL: g++.oliva/new1.C  Execution test
FAIL: g++.other/array1.C  Execution test
FAIL: g++.other/eh3.C  Execution test
FAIL: g++.other/init7.C  Execution test
FAIL: g++.other/new7.C  Execution test
FAIL: g++.other/singleton.C  Execution test
FAIL: g++.other/vbase2.C  Execution test
FAIL: g++.pt/fntry1.C  Execution test
FAIL: g++.robertl/eb31.C  Execution test
FAIL: g++.robertl/eb50.C  Execution test
FAIL: g++.robertl/eb66.C  Execution test
FAIL: g++.robertl/eb88.C  Execution test
FAIL: g++.robertl/eh990323-1.C  Execution test
FAIL: g++.robertl/eh990323-2.C  Execution test
FAIL: g++.robertl/eh990323-3.C  Execution test
FAIL: g++.robertl/eh990323-4.C  Execution test
FAIL: g++.robertl/eh990323-5.C  Execution test
FAIL: g++.robertl/ice990323-2.C  Execution test

		=== g++ Summary for unix/-mabi=64 ===

# of expected passes		6879
# of unexpected failures	113
# of expected failures		94
# of untested testcases		23
# of unsupported tests		3

		=== g++ Summary ===

# of expected passes		13870
# of unexpected failures	114
# of expected failures		188
# of untested testcases		46
# of unsupported tests		6
/exd6/billingd/obj/gcc-3.1/gcc/testsuite/../g++ version 3.1 20020410 (prerelease)

		=== objc tests ===


Running target unix

		=== objc Summary for unix ===

# of expected passes		1036
# of expected failures		6

Running target unix/-mabi=64

		=== objc Summary for unix/-mabi=64 ===

# of expected passes		1036
# of expected failures		6

		=== objc Summary ===

# of expected passes		2072
# of expected failures		12
/exd6/billingd/obj/gcc-3.1/gcc/xgcc version 3.1 20020410 (prerelease)

		=== libjava tests ===


Running target unix
FAIL: comment compilation from source
FAIL: comment byte compilation
FAIL: comment -O compilation from source
FAIL: comment byte compilation
FAIL: Where byte compilation
FAIL: Where byte compilation
FAIL: iface compilation from source
FAIL: iface byte compilation
FAIL: iface -O compilation from source
FAIL: iface byte compilation
FAIL: abstr compilation from source
FAIL: abstr byte compilation
FAIL: abstr -O compilation from source
FAIL: abstr byte compilation
FAIL: G19990225_01 compilation from source
FAIL: G19990225_01 byte compilation
FAIL: G19990225_01 -O compilation from source
FAIL: G19990225_01 byte compilation
FAIL: G19990210_3 compilation from source
FAIL: G19990210_3 byte compilation
FAIL: G19990210_3 -O compilation from source
FAIL: G19990210_3 byte compilation
FAIL: G19990210_2 compilation from source
FAIL: G19990210_2 byte compilation
FAIL: G19990210_2 -O compilation from source
FAIL: G19990210_2 byte compilation
FAIL: G19990210_1 compilation from source
FAIL: G19990210_1 byte compilation
FAIL: G19990210_1 -O compilation from source
FAIL: G19990210_1 byte compilation
FAIL: Statics compilation from source
FAIL: Statics byte compilation
FAIL: Statics -O compilation from source
FAIL: Statics byte compilation
FAIL: plusplus compilation from source
FAIL: plusplus byte compilation
FAIL: plusplus -O compilation from source
FAIL: plusplus byte compilation
FAIL: assignment compilation from source
FAIL: assignment byte compilation
FAIL: assignment -O compilation from source
FAIL: assignment byte compilation
FAIL: OperatorBenchmark compilation from source
FAIL: OperatorBenchmark byte compilation
FAIL: OperatorBenchmark -O compilation from source
FAIL: OperatorBenchmark byte compilation
FAIL: inner_inherit compilation from source
FAIL: inner_inherit byte compilation
FAIL: inner_inherit -O compilation from source
FAIL: inner_inherit byte compilation
FAIL: not_a_redef compilation from source
FAIL: not_a_redef byte compilation
FAIL: not_a_redef -O compilation from source
FAIL: not_a_redef byte compilation
FAIL: N19990317 compilation from source
FAIL: N19990317 byte compilation
FAIL: N19990317 -O compilation from source
FAIL: N19990317 byte compilation
FAIL: weirddecl compilation from source
FAIL: weirddecl byte compilation
FAIL: weirddecl -O compilation from source
FAIL: weirddecl byte compilation
FAIL: final_initialization_in_ctor compilation from source
FAIL: final_initialization_in_ctor byte compilation
FAIL: final_initialization_in_ctor -O compilation from source
FAIL: final_initialization_in_ctor byte compilation
FAIL: assignment_2 compilation from source
FAIL: assignment_2 byte compilation
FAIL: assignment_2 -O compilation from source
FAIL: assignment_2 byte compilation
FAIL: PR129_B compilation from source
FAIL: PR129_B byte compilation
FAIL: PR129_B -O compilation from source
FAIL: PR129_B byte compilation
FAIL: inner_priv compilation from source
FAIL: inner_priv byte compilation
FAIL: inner_priv -O compilation from source
FAIL: inner_priv byte compilation
FAIL: inner_data compilation from source
FAIL: inner_data byte compilation
FAIL: inner_data -O compilation from source
FAIL: inner_data byte compilation
FAIL: static_3 compilation from source
FAIL: static_3 byte compilation
FAIL: static_3 -O compilation from source
FAIL: static_3 byte compilation
FAIL: static_2 compilation from source
FAIL: static_2 byte compilation
FAIL: static_2 -O compilation from source
FAIL: static_2 byte compilation
FAIL: SuperConstr compilation from source
FAIL: SuperConstr byte compilation
FAIL: SuperConstr -O compilation from source
FAIL: SuperConstr byte compilation
FAIL: inner_1 byte compilation
FAIL: inner_1 byte compilation
FAIL: G19990217_02 compilation from source
FAIL: G19990217_02 byte compilation
FAIL: G19990217_02 -O compilation from source
FAIL: G19990217_02 byte compilation
FAIL: G19990217_01 compilation from source
FAIL: G19990217_01 byte compilation
FAIL: G19990217_01 -O compilation from source
FAIL: G19990217_01 byte compilation
FAIL: N19990310_01 compilation from source
FAIL: N19990310_01 byte compilation
FAIL: N19990310_01 -O compilation from source
FAIL: N19990310_01 byte compilation
FAIL: ArrayClass compilation from source
FAIL: ArrayClass byte compilation
FAIL: ArrayClass -O compilation from source
FAIL: ArrayClass byte compilation
FAIL: Twice compilation from source
FAIL: Twice byte compilation
FAIL: Twice -O compilation from source
FAIL: Twice byte compilation
FAIL: perc compilation from source
FAIL: perc byte compilation
FAIL: perc -O compilation from source
FAIL: perc byte compilation
FAIL: pr172 compilation from source
FAIL: pr172 byte compilation
FAIL: pr172 -O compilation from source
FAIL: pr172 byte compilation
FAIL: pr176 compilation from source
FAIL: pr176 byte compilation
FAIL: pr176 -O compilation from source
FAIL: pr176 byte compilation
FAIL: pr174 compilation from source
FAIL: pr174 byte compilation
FAIL: pr174 -O compilation from source
FAIL: pr174 byte compilation
FAIL: static_init2 compilation from source
FAIL: static_init2 byte compilation
FAIL: static_init2 -O compilation from source
FAIL: static_init2 byte compilation
FAIL: static_inner compilation from source
FAIL: static_inner byte compilation
FAIL: static_inner -O compilation from source
FAIL: static_inner byte compilation
FAIL: Case compilation from source
FAIL: Case byte compilation
FAIL: Case -O compilation from source
FAIL: Case byte compilation
FAIL: Semi compilation from source
FAIL: Semi byte compilation
FAIL: Semi -O compilation from source
FAIL: Semi byte compilation
FAIL: final_local_switch compilation from source
FAIL: final_local_switch byte compilation
FAIL: final_local_switch -O compilation from source
FAIL: final_local_switch byte compilation
FAIL: PR295 compilation from source
FAIL: PR295 byte compilation
FAIL: PR295 -O compilation from source
FAIL: PR295 byte compilation
FAIL: PR238 compilation from source
FAIL: PR238 byte compilation
FAIL: PR238 -O compilation from source
FAIL: PR238 byte compilation
FAIL: PR232 compilation from source
FAIL: PR232 byte compilation
FAIL: PR232 -O compilation from source
FAIL: PR232 byte compilation
FAIL: PR235 compilation from source
FAIL: PR235 byte compilation
FAIL: PR235 -O compilation from source
FAIL: PR235 byte compilation
FAIL: PR234 compilation from source
FAIL: PR234 byte compilation
FAIL: PR234 -O compilation from source
FAIL: PR234 byte compilation
FAIL: PR209 compilation from source
FAIL: PR209 byte compilation
FAIL: PR209 -O compilation from source
FAIL: PR209 byte compilation
FAIL: PR208 compilation from source
FAIL: PR208 byte compilation
FAIL: PR208 -O compilation from source
FAIL: PR208 byte compilation
FAIL: PR207 compilation from source
FAIL: PR207 byte compilation
FAIL: PR207 -O compilation from source
FAIL: PR207 byte compilation
FAIL: PR206 compilation from source
FAIL: PR206 byte compilation
FAIL: PR206 -O compilation from source
FAIL: PR206 byte compilation
FAIL: PR375 compilation from source
FAIL: PR375 byte compilation
FAIL: PR375 -O compilation from source
FAIL: PR375 byte compilation
FAIL: PR374 compilation from source
FAIL: PR374 byte compilation
FAIL: PR374 -O compilation from source
FAIL: PR374 byte compilation
FAIL: PR5848 compilation from source
FAIL: PR5848 byte compilation
FAIL: PR5848 -O compilation from source
FAIL: PR5848 byte compilation
FAIL: PR5902 compilation from source
FAIL: PR5902 byte compilation
FAIL: PR5902 -O compilation from source
FAIL: PR5902 byte compilation
FAIL: PR5641 compilation from source
FAIL: PR5641 byte compilation
FAIL: PR5641 -O compilation from source
FAIL: PR5641 byte compilation
FAIL: XercesBug compilation from source
FAIL: XercesBug byte compilation
FAIL: XercesBug -O compilation from source
FAIL: XercesBug byte compilation
FAIL: PR4766 compilation from source
FAIL: PR4766 byte compilation
FAIL: PR4766 -O compilation from source
FAIL: PR4766 byte compilation
FAIL: PR6026 compilation from source
FAIL: PR6026 byte compilation
FAIL: PR6026 -O compilation from source
FAIL: PR6026 byte compilation
FAIL: PR232B compilation from source
FAIL: PR232B byte compilation
FAIL: PR232B -O compilation from source
FAIL: PR232B byte compilation
FAIL: inner_pub compilation from source
FAIL: inner_pub byte compilation
FAIL: inner_pub -O compilation from source
FAIL: inner_pub byte compilation
FAIL: bytecompile /exd2/billingd/src/gcc-3.1/libjava/testsuite/libjava.jni/noclass.java
FAIL: bytecompile /exd2/billingd/src/gcc-3.1/libjava/testsuite/libjava.jni/calls.java
FAIL: bytecompile /exd2/billingd/src/gcc-3.1/libjava/testsuite/libjava.jni/final_method.java
FAIL: bytecompile /exd2/billingd/src/gcc-3.1/libjava/testsuite/libjava.jni/register.java
FAIL: bytecompile /exd2/billingd/src/gcc-3.1/libjava/testsuite/libjava.jni/martin.java
FAIL: bytecompile /exd2/billingd/src/gcc-3.1/libjava/testsuite/libjava.jni/findclass.java
FAIL: bytecompile /exd2/billingd/src/gcc-3.1/libjava/testsuite/libjava.jni/simple_int.java
FAIL: bytecompile /exd2/billingd/src/gcc-3.1/libjava/testsuite/libjava.jni/throwit.java
FAIL: bytecompile /exd2/billingd/src/gcc-3.1/libjava/testsuite/libjava.jni/field.java
FAIL: bytecompile /exd2/billingd/src/gcc-3.1/libjava/testsuite/libjava.jni/overload.java
FAIL: bytecompile /exd2/billingd/src/gcc-3.1/libjava/testsuite/libjava.jni/cxxtest.java
FAIL: bytecompile /exd2/billingd/src/gcc-3.1/libjava/testsuite/libjava.jni/virtual.java
FAIL: bytecompile /exd2/billingd/src/gcc-3.1/libjava/testsuite/libjava.jni/invoke.java
FAIL: indirect_write compilation from source
FAIL: indirect_write byte compilation
FAIL: indirect_write -O compilation from source
FAIL: indirect_write byte compilation
FAIL: stringconst compilation from source
FAIL: stringconst byte compilation
FAIL: stringconst -O compilation from source
FAIL: stringconst byte compilation
FAIL: Thread_Alive compilation from source
FAIL: Thread_Alive byte compilation
FAIL: Thread_Alive -O compilation from source
FAIL: Thread_Alive byte compilation
FAIL: inner_array compilation from source
FAIL: inner_array byte compilation
FAIL: inner_array -O compilation from source
FAIL: inner_array byte compilation
FAIL: tp compilation from source
FAIL: tp byte compilation
FAIL: tp -O compilation from source
FAIL: tp byte compilation
FAIL: TLtest compilation from source
FAIL: TLtest byte compilation
FAIL: TLtest -O compilation from source
FAIL: TLtest byte compilation
FAIL: err1 compilation from source
FAIL: err1 byte compilation
FAIL: err1 -O compilation from source
FAIL: err1 byte compilation
FAIL: Matrix4f compilation from source
FAIL: Matrix4f byte compilation
FAIL: Matrix4f -O compilation from source
FAIL: Matrix4f byte compilation
FAIL: anon4 compilation from source
FAIL: anon4 byte compilation
FAIL: anon4 -O compilation from source
FAIL: anon4 byte compilation
FAIL: err2 compilation from source
FAIL: err2 byte compilation
FAIL: err2 -O compilation from source
FAIL: err2 byte compilation
FAIL: stub compilation from source
FAIL: stub byte compilation
FAIL: stub -O compilation from source
FAIL: stub byte compilation
FAIL: SyncTest compilation from source
FAIL: SyncTest byte compilation
FAIL: SyncTest -O compilation from source
FAIL: SyncTest byte compilation
FAIL: PR5057 compilation from source
FAIL: PR5057 byte compilation
FAIL: PR5057 -O compilation from source
FAIL: PR5057 byte compilation
FAIL: indirect compilation from source
FAIL: indirect byte compilation
FAIL: indirect -O compilation from source
FAIL: indirect byte compilation
FAIL: StringBuffer_1 compilation from source
FAIL: StringBuffer_1 byte compilation
FAIL: StringBuffer_1 -O compilation from source
FAIL: StringBuffer_1 byte compilation
FAIL: test_long compilation from source
FAIL: test_long byte compilation
FAIL: test_long -O compilation from source
FAIL: test_long byte compilation
FAIL: inner_interface compilation from source
FAIL: inner_interface byte compilation
FAIL: inner_interface -O compilation from source
FAIL: inner_interface byte compilation
FAIL: direct_write compilation from source
FAIL: direct_write byte compilation
FAIL: direct_write -O compilation from source
FAIL: direct_write byte compilation
FAIL: err3 compilation from source
FAIL: err3 byte compilation
FAIL: err3 -O compilation from source
FAIL: err3 byte compilation
FAIL: pr83 compilation from source
FAIL: pr83 byte compilation
FAIL: pr83 -O compilation from source
FAIL: pr83 byte compilation
FAIL: pr184 compilation from source
FAIL: pr184 byte compilation
FAIL: pr184 -O compilation from source
FAIL: pr184 byte compilation
FAIL: InvokeReturn compilation from source
FAIL: InvokeReturn byte compilation
FAIL: InvokeReturn -O compilation from source
FAIL: InvokeReturn byte compilation
FAIL: PR3096 compilation from source
FAIL: PR3096 byte compilation
FAIL: PR3096 -O compilation from source
FAIL: PR3096 byte compilation
FAIL: Shazam compilation from source
FAIL: Shazam byte compilation
FAIL: Shazam -O compilation from source
FAIL: Shazam byte compilation
FAIL: err12 compilation from source
FAIL: err12 byte compilation
FAIL: err12 -O compilation from source
FAIL: err12 byte compilation
FAIL: Thread_Sleep compilation from source
FAIL: Thread_Sleep byte compilation
FAIL: Thread_Sleep -O compilation from source
FAIL: Thread_Sleep byte compilation
FAIL: anon2 compilation from source
FAIL: anon2 byte compilation
FAIL: anon2 -O compilation from source
FAIL: anon2 byte compilation
FAIL: err4 compilation from source
FAIL: err4 byte compilation
FAIL: err4 -O compilation from source
FAIL: err4 byte compilation
FAIL: pr133 compilation from source
FAIL: pr133 byte compilation
FAIL: pr133 -O compilation from source
FAIL: pr133 byte compilation
FAIL: PR141 compilation from source
FAIL: PR141 byte compilation
FAIL: PR141 -O compilation from source
FAIL: PR141 byte compilation
FAIL: ArrayStore2 compilation from source
FAIL: ArrayStore2 byte compilation
FAIL: ArrayStore2 -O compilation from source
FAIL: ArrayStore2 byte compilation
FAIL: Primes compilation from source
FAIL: Primes byte compilation
FAIL: Primes -O compilation from source
FAIL: Primes byte compilation
FAIL: Array_3 compilation from source
FAIL: Array_3 byte compilation
FAIL: Array_3 -O compilation from source
FAIL: Array_3 byte compilation
FAIL: PR3731 compilation from source
FAIL: PR3731 byte compilation
FAIL: PR3731 -O compilation from source
FAIL: PR3731 byte compilation
FAIL: Invoke_2 compilation from source
FAIL: Invoke_2 byte compilation
FAIL: Invoke_2 -O compilation from source
FAIL: Invoke_2 byte compilation
FAIL: instinit2 compilation from source
FAIL: instinit2 byte compilation
FAIL: instinit2 -O compilation from source
FAIL: instinit2 byte compilation
FAIL: invoke_from_inner compilation from source
FAIL: invoke_from_inner byte compilation
FAIL: invoke_from_inner -O compilation from source
FAIL: invoke_from_inner byte compilation
FAIL: err13 compilation from source
FAIL: err13 byte compilation
FAIL: err13 -O compilation from source
FAIL: err13 byte compilation
FAIL: anon3 compilation from source
FAIL: anon3 byte compilation
FAIL: anon3 -O compilation from source
FAIL: anon3 byte compilation
FAIL: err5 compilation from source
FAIL: err5 byte compilation
FAIL: err5 -O compilation from source
FAIL: err5 byte compilation
FAIL: direct_read compilation from source
FAIL: direct_read byte compilation
FAIL: direct_read -O compilation from source
FAIL: direct_read byte compilation
FAIL: PR55 compilation from source
FAIL: PR55 byte compilation
FAIL: PR55 -O compilation from source
FAIL: PR55 byte compilation
FAIL: indirect_read compilation from source
FAIL: indirect_read byte compilation
FAIL: indirect_read -O compilation from source
FAIL: indirect_read byte compilation
FAIL: PR260 compilation from source
FAIL: PR260 byte compilation
FAIL: PR260 -O compilation from source
FAIL: PR260 byte compilation
FAIL: PR160 compilation from source
FAIL: PR160 byte compilation
FAIL: PR160 -O compilation from source
FAIL: PR160 byte compilation
FAIL: Throw_2 compilation from source
FAIL: Throw_2 byte compilation
FAIL: Throw_2 -O compilation from source
FAIL: Throw_2 byte compilation
FAIL: Array_2 compilation from source
FAIL: Array_2 byte compilation
FAIL: Array_2 -O compilation from source
FAIL: Array_2 byte compilation
FAIL: InterfaceDispatch compilation from source
FAIL: InterfaceDispatch byte compilation
FAIL: InterfaceDispatch -O compilation from source
FAIL: InterfaceDispatch byte compilation
FAIL: stringconst2 compilation from source
FAIL: stringconst2 byte compilation
FAIL: stringconst2 -O compilation from source
FAIL: stringconst2 byte compilation
FAIL: Thread_Wait compilation from source
FAIL: Thread_Wait byte compilation
FAIL: Thread_Wait -O compilation from source
FAIL: Thread_Wait byte compilation
FAIL: klass compilation from source
FAIL: klass byte compilation
FAIL: klass -O compilation from source
FAIL: klass byte compilation
FAIL: G19990302_02 compilation from source
FAIL: G19990302_02 byte compilation
FAIL: G19990302_02 -O compilation from source
FAIL: G19990302_02 byte compilation
FAIL: G19990303_02 compilation from source
FAIL: G19990303_02 byte compilation
FAIL: G19990303_02 -O compilation from source
FAIL: G19990303_02 byte compilation
FAIL: N19990310_02 compilation from source
FAIL: N19990310_02 byte compilation
FAIL: N19990310_02 -O compilation from source
FAIL: N19990310_02 byte compilation
FAIL: err10 compilation from source
FAIL: err10 byte compilation
FAIL: err10 -O compilation from source
FAIL: err10 byte compilation
FAIL: err6 compilation from source
FAIL: err6 byte compilation
FAIL: err6 -O compilation from source
FAIL: err6 byte compilation
FAIL: PR56 compilation from source
FAIL: PR56 byte compilation
FAIL: PR56 -O compilation from source
FAIL: PR56 byte compilation
FAIL: Throw_1 compilation from source
FAIL: Throw_1 byte compilation
FAIL: Throw_1 -O compilation from source
FAIL: Throw_1 byte compilation
FAIL: Array_1 compilation from source
FAIL: Array_1 byte compilation
FAIL: Array_1 -O compilation from source
FAIL: Array_1 byte compilation
FAIL: Thread_Wait_Interrupt compilation from source
FAIL: Thread_Wait_Interrupt byte compilation
FAIL: Thread_Wait_Interrupt -O compilation from source
FAIL: Thread_Wait_Interrupt byte compilation
FAIL: G19990304_01 compilation from source
FAIL: G19990304_01 byte compilation
FAIL: G19990304_01 -O compilation from source
FAIL: G19990304_01 byte compilation
FAIL: G19990303_01 compilation from source
FAIL: G19990303_01 byte compilation
FAIL: G19990303_01 -O compilation from source
FAIL: G19990303_01 byte compilation
FAIL: G19990301_01 compilation from source
FAIL: G19990301_01 byte compilation
FAIL: G19990301_01 -O compilation from source
FAIL: G19990301_01 byte compilation
FAIL: G19990310_01 compilation from source
FAIL: G19990310_01 byte compilation
FAIL: G19990310_01 -O compilation from source
FAIL: G19990310_01 byte compilation
FAIL: err11 compilation from source
FAIL: err11 byte compilation
FAIL: err11 -O compilation from source
FAIL: err11 byte compilation
FAIL: Thread_Interrupt compilation from source
FAIL: Thread_Interrupt byte compilation
FAIL: Thread_Interrupt -O compilation from source
FAIL: Thread_Interrupt byte compilation
FAIL: Class_1 compilation from source
FAIL: Class_1 byte compilation
FAIL: Class_1 -O compilation from source
FAIL: Class_1 byte compilation
FAIL: err7 compilation from source
FAIL: err7 byte compilation
FAIL: err7 -O compilation from source
FAIL: err7 byte compilation
FAIL: PR242 compilation from source
FAIL: PR242 byte compilation
FAIL: PR242 -O compilation from source
FAIL: PR242 byte compilation
FAIL: PR162 compilation from source
FAIL: PR162 byte compilation
FAIL: PR162 -O compilation from source
FAIL: PR162 byte compilation
FAIL: Invoke_1 compilation from source
FAIL: Invoke_1 byte compilation
FAIL: Invoke_1 -O compilation from source
FAIL: Invoke_1 byte compilation
FAIL: Float_1 compilation from source
FAIL: Float_1 byte compilation
FAIL: Float_1 -O compilation from source
FAIL: Float_1 byte compilation
FAIL: Divide_1 compilation from source
FAIL: Divide_1 byte compilation
FAIL: Divide_1 -O compilation from source
FAIL: Divide_1 byte compilation
FAIL: final_inner compilation from source
FAIL: final_inner byte compilation
FAIL: final_inner -O compilation from source
FAIL: final_inner byte compilation
FAIL: Final compilation from source
FAIL: Final byte compilation
FAIL: Final -O compilation from source
FAIL: Final byte compilation
FAIL: err8 compilation from source
FAIL: err8 byte compilation
FAIL: err8 -O compilation from source
FAIL: err8 byte compilation
FAIL: ArrayStore compilation from source
FAIL: ArrayStore byte compilation
FAIL: ArrayStore -O compilation from source
FAIL: ArrayStore byte compilation
FAIL: N19990310_3 compilation from source
FAIL: N19990310_3 byte compilation
FAIL: N19990310_3 -O compilation from source
FAIL: N19990310_3 byte compilation
FAIL: err9 compilation from source
FAIL: err9 byte compilation
FAIL: err9 -O compilation from source
FAIL: err9 byte compilation
FAIL: anfi compilation from source
FAIL: anfi byte compilation
FAIL: anfi -O compilation from source
FAIL: anfi byte compilation
FAIL: PR5057_2 compilation from source
FAIL: PR5057_2 byte compilation
FAIL: PR5057_2 -O compilation from source
FAIL: PR5057_2 byte compilation
FAIL: tmi compilation from source
FAIL: tmi byte compilation
FAIL: tmi -O compilation from source
FAIL: tmi byte compilation
FAIL: II compilation from source
FAIL: II byte compilation
FAIL: II -O compilation from source
FAIL: II byte compilation
FAIL: anon_ctor_itf_arg compilation from source
FAIL: anon_ctor_itf_arg byte compilation
FAIL: anon_ctor_itf_arg -O compilation from source
FAIL: anon_ctor_itf_arg byte compilation
FAIL: instance compilation from source
FAIL: instance byte compilation
FAIL: instance -O compilation from source
FAIL: instance byte compilation
FAIL: FileHandleGcTest compilation from source
FAIL: FileHandleGcTest byte compilation
FAIL: FileHandleGcTest -O compilation from source
FAIL: FileHandleGcTest byte compilation
FAIL: inner4 compilation from source
FAIL: inner4 byte compilation
FAIL: inner4 -O compilation from source
FAIL: inner4 byte compilation
FAIL: final_int compilation from source
FAIL: final_int byte compilation
FAIL: final_int -O compilation from source
FAIL: final_int byte compilation
FAIL: instinit compilation from source
FAIL: instinit byte compilation
FAIL: instinit -O compilation from source
FAIL: instinit byte compilation
FAIL: search_outer compilation from source
FAIL: search_outer byte compilation
FAIL: search_outer -O compilation from source
FAIL: search_outer byte compilation
FAIL: anonarray3 compilation from source
FAIL: anonarray3 byte compilation
FAIL: anonarray3 -O compilation from source
FAIL: anonarray3 byte compilation
FAIL: inner2 compilation from source
FAIL: inner2 byte compilation
FAIL: inner2 -O compilation from source
FAIL: inner2 byte compilation
FAIL: PR218 compilation from source
FAIL: PR218 byte compilation
FAIL: PR218 -O compilation from source
FAIL: PR218 byte compilation
FAIL: Synch compilation from source
FAIL: Synch byte compilation
FAIL: Synch -O compilation from source
FAIL: Synch byte compilation
FAIL: anonarray2 compilation from source
FAIL: anonarray2 byte compilation
FAIL: anonarray2 -O compilation from source
FAIL: anonarray2 byte compilation
FAIL: multiple_finit compilation from source
FAIL: multiple_finit byte compilation
FAIL: multiple_finit -O compilation from source
FAIL: multiple_finit byte compilation
FAIL: inner3 compilation from source
FAIL: inner3 byte compilation
FAIL: inner3 -O compilation from source
FAIL: inner3 byte compilation
FAIL: anon compilation from source
FAIL: anon byte compilation
FAIL: anon -O compilation from source
FAIL: anon byte compilation
FAIL: pr179 compilation from source
FAIL: pr179 byte compilation
FAIL: pr179 -O compilation from source
FAIL: pr179 byte compilation
FAIL: pr109 compilation from source
FAIL: pr109 byte compilation
FAIL: pr109 -O compilation from source
FAIL: pr109 byte compilation
FAIL: KeepInline compilation from source
FAIL: KeepInline byte compilation
FAIL: KeepInline -O compilation from source
FAIL: KeepInline byte compilation
FAIL: final_static_and_friend compilation from source
FAIL: final_static_and_friend byte compilation
FAIL: final_static_and_friend -O compilation from source
FAIL: final_static_and_friend byte compilation
FAIL: Thread_Wait_2 compilation from source
FAIL: Thread_Wait_2 byte compilation
FAIL: Thread_Wait_2 -O compilation from source
FAIL: Thread_Wait_2 byte compilation
FAIL: update_outer compilation from source
FAIL: update_outer byte compilation
FAIL: update_outer -O compilation from source
FAIL: update_outer byte compilation
FAIL: private_direct_read compilation from source
FAIL: private_direct_read byte compilation
FAIL: private_direct_read -O compilation from source
FAIL: private_direct_read byte compilation
FAIL: N19990310_5 compilation from source
FAIL: N19990310_5 byte compilation
FAIL: N19990310_5 -O compilation from source
FAIL: N19990310_5 byte compilation
FAIL: Thread_Monitor compilation from source
FAIL: Thread_Monitor byte compilation
FAIL: Thread_Monitor -O compilation from source
FAIL: Thread_Monitor byte compilation
FAIL: anonarray compilation from source
FAIL: anonarray byte compilation
FAIL: anonarray -O compilation from source
FAIL: anonarray byte compilation
FAIL: invokethrow compilation from source
FAIL: invokethrow byte compilation
FAIL: invokethrow -O compilation from source
FAIL: invokethrow byte compilation
FAIL: inner1 compilation from source
FAIL: inner1 byte compilation
FAIL: inner1 -O compilation from source
FAIL: inner1 byte compilation
FAIL: nested_with_ctor compilation from source
FAIL: nested_with_ctor byte compilation
FAIL: nested_with_ctor -O compilation from source
FAIL: nested_with_ctor byte compilation
FAIL: N19990310_4 compilation from source
FAIL: N19990310_4 byte compilation
FAIL: N19990310_4 -O compilation from source
FAIL: N19990310_4 byte compilation
FAIL: Thread_Join compilation from source
FAIL: Thread_Join byte compilation
FAIL: Thread_Join -O compilation from source
FAIL: Thread_Join byte compilation

		=== libjava Summary ===

# of expected passes		80
# of unexpected failures	693
# of expected failures		8
# of untested testcases		1260
		=== libstdc++-v3 tests ===


Running target unix
XPASS: 22_locale/collate_members_wchar_t.cc execution test
XPASS: 22_locale/money_get_members_wchar_t.cc execution test
XPASS: 22_locale/money_put_members_wchar_t.cc execution test
XPASS: 22_locale/moneypunct_members_wchar_t.cc execution test
XPASS: 22_locale/num_get_members_wchar_t.cc execution test
XPASS: 22_locale/num_put_members_wchar_t.cc execution test
XPASS: 22_locale/numpunct_members_wchar_t.cc execution test
XPASS: 22_locale/time_get_members_wchar_t.cc execution test
XPASS: 22_locale/time_put_members_wchar_t.cc execution test
FAIL: 27_io/ios_base_storage.cc execution test
FAIL: 27_io/ostream_inserter_arith.cc execution test

		=== libstdc++-v3 Summary ===

# of expected passes		357
# of unexpected failures	2
# of unexpected successes	9
# of expected failures		16
# of unsupported tests		6
		=== libjava tests ===


Running target unix/-mabi=64
FAIL: comment compilation from source
FAIL: comment byte compilation
FAIL: comment -O compilation from source
FAIL: comment byte compilation
FAIL: Where byte compilation
FAIL: Where byte compilation
FAIL: iface compilation from source
FAIL: iface byte compilation
FAIL: iface -O compilation from source
FAIL: iface byte compilation
FAIL: abstr compilation from source
FAIL: abstr byte compilation
FAIL: abstr -O compilation from source
FAIL: abstr byte compilation
FAIL: G19990225_01 compilation from source
FAIL: G19990225_01 byte compilation
FAIL: G19990225_01 -O compilation from source
FAIL: G19990225_01 byte compilation
FAIL: G19990210_3 compilation from source
FAIL: G19990210_3 byte compilation
FAIL: G19990210_3 -O compilation from source
FAIL: G19990210_3 byte compilation
FAIL: G19990210_2 compilation from source
FAIL: G19990210_2 byte compilation
FAIL: G19990210_2 -O compilation from source
FAIL: G19990210_2 byte compilation
FAIL: G19990210_1 compilation from source
FAIL: G19990210_1 byte compilation
FAIL: G19990210_1 -O compilation from source
FAIL: G19990210_1 byte compilation
FAIL: Statics compilation from source
FAIL: Statics byte compilation
FAIL: Statics -O compilation from source
FAIL: Statics byte compilation
FAIL: plusplus compilation from source
FAIL: plusplus byte compilation
FAIL: plusplus -O compilation from source
FAIL: plusplus byte compilation
FAIL: assignment compilation from source
FAIL: assignment byte compilation
FAIL: assignment -O compilation from source
FAIL: assignment byte compilation
FAIL: OperatorBenchmark compilation from source
FAIL: OperatorBenchmark byte compilation
FAIL: OperatorBenchmark -O compilation from source
FAIL: OperatorBenchmark byte compilation
FAIL: inner_inherit compilation from source
FAIL: inner_inherit byte compilation
FAIL: inner_inherit -O compilation from source
FAIL: inner_inherit byte compilation
FAIL: not_a_redef compilation from source
FAIL: not_a_redef byte compilation
FAIL: not_a_redef -O compilation from source
FAIL: not_a_redef byte compilation
FAIL: N19990317 compilation from source
FAIL: N19990317 byte compilation
FAIL: N19990317 -O compilation from source
FAIL: N19990317 byte compilation
FAIL: weirddecl compilation from source
FAIL: weirddecl byte compilation
FAIL: weirddecl -O compilation from source
FAIL: weirddecl byte compilation
FAIL: final_initialization_in_ctor compilation from source
FAIL: final_initialization_in_ctor byte compilation
FAIL: final_initialization_in_ctor -O compilation from source
FAIL: final_initialization_in_ctor byte compilation
FAIL: assignment_2 compilation from source
FAIL: assignment_2 byte compilation
FAIL: assignment_2 -O compilation from source
FAIL: assignment_2 byte compilation
FAIL: PR129_B compilation from source
FAIL: PR129_B byte compilation
FAIL: PR129_B -O compilation from source
FAIL: PR129_B byte compilation
FAIL: inner_priv compilation from source
FAIL: inner_priv byte compilation
FAIL: inner_priv -O compilation from source
FAIL: inner_priv byte compilation
FAIL: inner_data compilation from source
FAIL: inner_data byte compilation
FAIL: inner_data -O compilation from source
FAIL: inner_data byte compilation
FAIL: static_3 compilation from source
FAIL: static_3 byte compilation
FAIL: static_3 -O compilation from source
FAIL: static_3 byte compilation
FAIL: static_2 compilation from source
FAIL: static_2 byte compilation
FAIL: static_2 -O compilation from source
FAIL: static_2 byte compilation
FAIL: SuperConstr compilation from source
FAIL: SuperConstr byte compilation
FAIL: SuperConstr -O compilation from source
FAIL: SuperConstr byte compilation
FAIL: inner_1 byte compilation
FAIL: inner_1 byte compilation
FAIL: G19990217_02 compilation from source
FAIL: G19990217_02 byte compilation
FAIL: G19990217_02 -O compilation from source
FAIL: G19990217_02 byte compilation
FAIL: G19990217_01 compilation from source
FAIL: G19990217_01 byte compilation
FAIL: G19990217_01 -O compilation from source
FAIL: G19990217_01 byte compilation
FAIL: N19990310_01 compilation from source
FAIL: N19990310_01 byte compilation
FAIL: N19990310_01 -O compilation from source
FAIL: N19990310_01 byte compilation
FAIL: ArrayClass compilation from source
FAIL: ArrayClass byte compilation
FAIL: ArrayClass -O compilation from source
FAIL: ArrayClass byte compilation
FAIL: Twice compilation from source
FAIL: Twice byte compilation
FAIL: Twice -O compilation from source
FAIL: Twice byte compilation
FAIL: perc compilation from source
FAIL: perc byte compilation
FAIL: perc -O compilation from source
FAIL: perc byte compilation
FAIL: pr172 compilation from source
FAIL: pr172 byte compilation
FAIL: pr172 -O compilation from source
FAIL: pr172 byte compilation
FAIL: pr176 compilation from source
FAIL: pr176 byte compilation
FAIL: pr176 -O compilation from source
FAIL: pr176 byte compilation
FAIL: pr174 compilation from source
FAIL: pr174 byte compilation
FAIL: pr174 -O compilation from source
FAIL: pr174 byte compilation
FAIL: static_init2 compilation from source
FAIL: static_init2 byte compilation
FAIL: static_init2 -O compilation from source
FAIL: static_init2 byte compilation
FAIL: static_inner compilation from source
FAIL: static_inner byte compilation
FAIL: static_inner -O compilation from source
FAIL: static_inner byte compilation
FAIL: Case compilation from source
FAIL: Case byte compilation
FAIL: Case -O compilation from source
FAIL: Case byte compilation
FAIL: Semi compilation from source
FAIL: Semi byte compilation
FAIL: Semi -O compilation from source
FAIL: Semi byte compilation
FAIL: final_local_switch compilation from source
FAIL: final_local_switch byte compilation
FAIL: final_local_switch -O compilation from source
FAIL: final_local_switch byte compilation
FAIL: PR295 compilation from source
FAIL: PR295 byte compilation
FAIL: PR295 -O compilation from source
FAIL: PR295 byte compilation
FAIL: PR238 compilation from source
FAIL: PR238 byte compilation
FAIL: PR238 -O compilation from source
FAIL: PR238 byte compilation
FAIL: PR232 compilation from source
FAIL: PR232 byte compilation
FAIL: PR232 -O compilation from source
FAIL: PR232 byte compilation
FAIL: PR235 compilation from source
FAIL: PR235 byte compilation
FAIL: PR235 -O compilation from source
FAIL: PR235 byte compilation
FAIL: PR234 compilation from source
FAIL: PR234 byte compilation
FAIL: PR234 -O compilation from source
FAIL: PR234 byte compilation
FAIL: PR209 compilation from source
FAIL: PR209 byte compilation
FAIL: PR209 -O compilation from source
FAIL: PR209 byte compilation
FAIL: PR208 compilation from source
FAIL: PR208 byte compilation
FAIL: PR208 -O compilation from source
FAIL: PR208 byte compilation
FAIL: PR207 compilation from source
FAIL: PR207 byte compilation
FAIL: PR207 -O compilation from source
FAIL: PR207 byte compilation
FAIL: PR206 compilation from source
FAIL: PR206 byte compilation
FAIL: PR206 -O compilation from source
FAIL: PR206 byte compilation
FAIL: PR375 compilation from source
FAIL: PR375 byte compilation
FAIL: PR375 -O compilation from source
FAIL: PR375 byte compilation
FAIL: PR374 compilation from source
FAIL: PR374 byte compilation
FAIL: PR374 -O compilation from source
FAIL: PR374 byte compilation
FAIL: PR5848 compilation from source
FAIL: PR5848 byte compilation
FAIL: PR5848 -O compilation from source
FAIL: PR5848 byte compilation
FAIL: PR5902 compilation from source
FAIL: PR5902 byte compilation
FAIL: PR5902 -O compilation from source
FAIL: PR5902 byte compilation
FAIL: PR5641 compilation from source
FAIL: PR5641 byte compilation
FAIL: PR5641 -O compilation from source
FAIL: PR5641 byte compilation
FAIL: XercesBug compilation from source
FAIL: XercesBug byte compilation
FAIL: XercesBug -O compilation from source
FAIL: XercesBug byte compilation
FAIL: PR4766 compilation from source
FAIL: PR4766 byte compilation
FAIL: PR4766 -O compilation from source
FAIL: PR4766 byte compilation
FAIL: PR6026 compilation from source
FAIL: PR6026 byte compilation
FAIL: PR6026 -O compilation from source
FAIL: PR6026 byte compilation
FAIL: PR232B compilation from source
FAIL: PR232B byte compilation
FAIL: PR232B -O compilation from source
FAIL: PR232B byte compilation
FAIL: inner_pub compilation from source
FAIL: inner_pub byte compilation
FAIL: inner_pub -O compilation from source
FAIL: inner_pub byte compilation
FAIL: bytecompile /exd2/billingd/src/gcc-3.1/libjava/testsuite/libjava.jni/noclass.java
FAIL: bytecompile /exd2/billingd/src/gcc-3.1/libjava/testsuite/libjava.jni/calls.java
FAIL: bytecompile /exd2/billingd/src/gcc-3.1/libjava/testsuite/libjava.jni/final_method.java
FAIL: bytecompile /exd2/billingd/src/gcc-3.1/libjava/testsuite/libjava.jni/register.java
FAIL: bytecompile /exd2/billingd/src/gcc-3.1/libjava/testsuite/libjava.jni/martin.java
FAIL: bytecompile /exd2/billingd/src/gcc-3.1/libjava/testsuite/libjava.jni/findclass.java
FAIL: bytecompile /exd2/billingd/src/gcc-3.1/libjava/testsuite/libjava.jni/simple_int.java
FAIL: bytecompile /exd2/billingd/src/gcc-3.1/libjava/testsuite/libjava.jni/throwit.java
FAIL: bytecompile /exd2/billingd/src/gcc-3.1/libjava/testsuite/libjava.jni/field.java
FAIL: bytecompile /exd2/billingd/src/gcc-3.1/libjava/testsuite/libjava.jni/overload.java
FAIL: bytecompile /exd2/billingd/src/gcc-3.1/libjava/testsuite/libjava.jni/cxxtest.java
FAIL: bytecompile /exd2/billingd/src/gcc-3.1/libjava/testsuite/libjava.jni/virtual.java
FAIL: bytecompile /exd2/billingd/src/gcc-3.1/libjava/testsuite/libjava.jni/invoke.java
FAIL: indirect_write compilation from source
FAIL: indirect_write byte compilation
FAIL: indirect_write -O compilation from source
FAIL: indirect_write byte compilation
FAIL: stringconst compilation from source
FAIL: stringconst byte compilation
FAIL: stringconst -O compilation from source
FAIL: stringconst byte compilation
FAIL: Thread_Alive compilation from source
FAIL: Thread_Alive byte compilation
FAIL: Thread_Alive -O compilation from source
FAIL: Thread_Alive byte compilation
FAIL: inner_array compilation from source
FAIL: inner_array byte compilation
FAIL: inner_array -O compilation from source
FAIL: inner_array byte compilation
FAIL: tp compilation from source
FAIL: tp byte compilation
FAIL: tp -O compilation from source
FAIL: tp byte compilation
FAIL: TLtest compilation from source
FAIL: TLtest byte compilation
FAIL: TLtest -O compilation from source
FAIL: TLtest byte compilation
FAIL: err1 compilation from source
FAIL: err1 byte compilation
FAIL: err1 -O compilation from source
FAIL: err1 byte compilation
FAIL: Matrix4f compilation from source
FAIL: Matrix4f byte compilation
FAIL: Matrix4f -O compilation from source
FAIL: Matrix4f byte compilation
FAIL: anon4 compilation from source
FAIL: anon4 byte compilation
FAIL: anon4 -O compilation from source
FAIL: anon4 byte compilation
FAIL: err2 compilation from source
FAIL: err2 byte compilation
FAIL: err2 -O compilation from source
FAIL: err2 byte compilation
FAIL: stub compilation from source
FAIL: stub byte compilation
FAIL: stub -O compilation from source
FAIL: stub byte compilation
FAIL: SyncTest compilation from source
FAIL: SyncTest byte compilation
FAIL: SyncTest -O compilation from source
FAIL: SyncTest byte compilation
FAIL: PR5057 compilation from source
FAIL: PR5057 byte compilation
FAIL: PR5057 -O compilation from source
FAIL: PR5057 byte compilation
FAIL: indirect compilation from source
FAIL: indirect byte compilation
FAIL: indirect -O compilation from source
FAIL: indirect byte compilation
FAIL: StringBuffer_1 compilation from source
FAIL: StringBuffer_1 byte compilation
FAIL: StringBuffer_1 -O compilation from source
FAIL: StringBuffer_1 byte compilation
FAIL: test_long compilation from source
FAIL: test_long byte compilation
FAIL: test_long -O compilation from source
FAIL: test_long byte compilation
FAIL: inner_interface compilation from source
FAIL: inner_interface byte compilation
FAIL: inner_interface -O compilation from source
FAIL: inner_interface byte compilation
FAIL: direct_write compilation from source
FAIL: direct_write byte compilation
FAIL: direct_write -O compilation from source
FAIL: direct_write byte compilation
FAIL: err3 compilation from source
FAIL: err3 byte compilation
FAIL: err3 -O compilation from source
FAIL: err3 byte compilation
FAIL: pr83 compilation from source
FAIL: pr83 byte compilation
FAIL: pr83 -O compilation from source
FAIL: pr83 byte compilation
FAIL: pr184 compilation from source
FAIL: pr184 byte compilation
FAIL: pr184 -O compilation from source
FAIL: pr184 byte compilation
FAIL: InvokeReturn compilation from source
FAIL: InvokeReturn byte compilation
FAIL: InvokeReturn -O compilation from source
FAIL: InvokeReturn byte compilation
FAIL: PR3096 compilation from source
FAIL: PR3096 byte compilation
FAIL: PR3096 -O compilation from source
FAIL: PR3096 byte compilation
FAIL: Shazam compilation from source
FAIL: Shazam byte compilation
FAIL: Shazam -O compilation from source
FAIL: Shazam byte compilation
FAIL: err12 compilation from source
FAIL: err12 byte compilation
FAIL: err12 -O compilation from source
FAIL: err12 byte compilation
FAIL: Thread_Sleep compilation from source
FAIL: Thread_Sleep byte compilation
FAIL: Thread_Sleep -O compilation from source
FAIL: Thread_Sleep byte compilation
FAIL: anon2 compilation from source
FAIL: anon2 byte compilation
FAIL: anon2 -O compilation from source
FAIL: anon2 byte compilation
FAIL: err4 compilation from source
FAIL: err4 byte compilation
FAIL: err4 -O compilation from source
FAIL: err4 byte compilation
FAIL: pr133 compilation from source
FAIL: pr133 byte compilation
FAIL: pr133 -O compilation from source
FAIL: pr133 byte compilation
FAIL: PR141 compilation from source
FAIL: PR141 byte compilation
FAIL: PR141 -O compilation from source
FAIL: PR141 byte compilation
FAIL: ArrayStore2 compilation from source
FAIL: ArrayStore2 byte compilation
FAIL: ArrayStore2 -O compilation from source
FAIL: ArrayStore2 byte compilation
FAIL: Primes compilation from source
FAIL: Primes byte compilation
FAIL: Primes -O compilation from source
FAIL: Primes byte compilation
FAIL: Array_3 compilation from source
FAIL: Array_3 byte compilation
FAIL: Array_3 -O compilation from source
FAIL: Array_3 byte compilation
FAIL: PR3731 compilation from source
FAIL: PR3731 byte compilation
FAIL: PR3731 -O compilation from source
FAIL: PR3731 byte compilation
FAIL: Invoke_2 compilation from source
FAIL: Invoke_2 byte compilation
FAIL: Invoke_2 -O compilation from source
FAIL: Invoke_2 byte compilation
FAIL: instinit2 compilation from source
FAIL: instinit2 byte compilation
FAIL: instinit2 -O compilation from source
FAIL: instinit2 byte compilation
FAIL: invoke_from_inner compilation from source
FAIL: invoke_from_inner byte compilation
FAIL: invoke_from_inner -O compilation from source
FAIL: invoke_from_inner byte compilation
FAIL: err13 compilation from source
FAIL: err13 byte compilation
FAIL: err13 -O compilation from source
FAIL: err13 byte compilation
FAIL: anon3 compilation from source
FAIL: anon3 byte compilation
FAIL: anon3 -O compilation from source
FAIL: anon3 byte compilation
FAIL: err5 compilation from source
FAIL: err5 byte compilation
FAIL: err5 -O compilation from source
FAIL: err5 byte compilation
FAIL: direct_read compilation from source
FAIL: direct_read byte compilation
FAIL: direct_read -O compilation from source
FAIL: direct_read byte compilation
FAIL: PR55 compilation from source
FAIL: PR55 byte compilation
FAIL: PR55 -O compilation from source
FAIL: PR55 byte compilation
FAIL: indirect_read compilation from source
FAIL: indirect_read byte compilation
FAIL: indirect_read -O compilation from source
FAIL: indirect_read byte compilation
FAIL: PR260 compilation from source
FAIL: PR260 byte compilation
FAIL: PR260 -O compilation from source
FAIL: PR260 byte compilation
FAIL: PR160 compilation from source
FAIL: PR160 byte compilation
FAIL: PR160 -O compilation from source
FAIL: PR160 byte compilation
FAIL: Throw_2 compilation from source
FAIL: Throw_2 byte compilation
FAIL: Throw_2 -O compilation from source
FAIL: Throw_2 byte compilation
FAIL: Array_2 compilation from source
FAIL: Array_2 byte compilation
FAIL: Array_2 -O compilation from source
FAIL: Array_2 byte compilation
FAIL: InterfaceDispatch compilation from source
FAIL: InterfaceDispatch byte compilation
FAIL: InterfaceDispatch -O compilation from source
FAIL: InterfaceDispatch byte compilation
FAIL: stringconst2 compilation from source
FAIL: stringconst2 byte compilation
FAIL: stringconst2 -O compilation from source
FAIL: stringconst2 byte compilation
FAIL: Thread_Wait compilation from source
FAIL: Thread_Wait byte compilation
FAIL: Thread_Wait -O compilation from source
FAIL: Thread_Wait byte compilation
FAIL: klass compilation from source
FAIL: klass byte compilation
FAIL: klass -O compilation from source
FAIL: klass byte compilation
FAIL: G19990302_02 compilation from source
FAIL: G19990302_02 byte compilation
FAIL: G19990302_02 -O compilation from source
FAIL: G19990302_02 byte compilation
FAIL: G19990303_02 compilation from source
FAIL: G19990303_02 byte compilation
FAIL: G19990303_02 -O compilation from source
FAIL: G19990303_02 byte compilation
FAIL: N19990310_02 compilation from source
FAIL: N19990310_02 byte compilation
FAIL: N19990310_02 -O compilation from source
FAIL: N19990310_02 byte compilation
FAIL: err10 compilation from source
FAIL: err10 byte compilation
FAIL: err10 -O compilation from source
FAIL: err10 byte compilation
FAIL: err6 compilation from source
FAIL: err6 byte compilation
FAIL: err6 -O compilation from source
FAIL: err6 byte compilation
FAIL: PR56 compilation from source
FAIL: PR56 byte compilation
FAIL: PR56 -O compilation from source
FAIL: PR56 byte compilation
FAIL: Throw_1 compilation from source
FAIL: Throw_1 byte compilation
FAIL: Throw_1 -O compilation from source
FAIL: Throw_1 byte compilation
FAIL: Array_1 compilation from source
FAIL: Array_1 byte compilation
FAIL: Array_1 -O compilation from source
FAIL: Array_1 byte compilation
FAIL: Thread_Wait_Interrupt compilation from source
FAIL: Thread_Wait_Interrupt byte compilation
FAIL: Thread_Wait_Interrupt -O compilation from source
FAIL: Thread_Wait_Interrupt byte compilation
FAIL: G19990304_01 compilation from source
FAIL: G19990304_01 byte compilation
FAIL: G19990304_01 -O compilation from source
FAIL: G19990304_01 byte compilation
FAIL: G19990303_01 compilation from source
FAIL: G19990303_01 byte compilation
FAIL: G19990303_01 -O compilation from source
FAIL: G19990303_01 byte compilation
FAIL: G19990301_01 compilation from source
FAIL: G19990301_01 byte compilation
FAIL: G19990301_01 -O compilation from source
FAIL: G19990301_01 byte compilation
FAIL: G19990310_01 compilation from source
FAIL: G19990310_01 byte compilation
FAIL: G19990310_01 -O compilation from source
FAIL: G19990310_01 byte compilation
FAIL: err11 compilation from source
FAIL: err11 byte compilation
FAIL: err11 -O compilation from source
FAIL: err11 byte compilation
FAIL: Thread_Interrupt compilation from source
FAIL: Thread_Interrupt byte compilation
FAIL: Thread_Interrupt -O compilation from source
FAIL: Thread_Interrupt byte compilation
FAIL: Class_1 compilation from source
FAIL: Class_1 byte compilation
FAIL: Class_1 -O compilation from source
FAIL: Class_1 byte compilation
FAIL: err7 compilation from source
FAIL: err7 byte compilation
FAIL: err7 -O compilation from source
FAIL: err7 byte compilation
FAIL: PR242 compilation from source
FAIL: PR242 byte compilation
FAIL: PR242 -O compilation from source
FAIL: PR242 byte compilation
FAIL: PR162 compilation from source
FAIL: PR162 byte compilation
FAIL: PR162 -O compilation from source
FAIL: PR162 byte compilation
FAIL: Invoke_1 compilation from source
FAIL: Invoke_1 byte compilation
FAIL: Invoke_1 -O compilation from source
FAIL: Invoke_1 byte compilation
FAIL: Float_1 compilation from source
FAIL: Float_1 byte compilation
FAIL: Float_1 -O compilation from source
FAIL: Float_1 byte compilation
FAIL: Divide_1 compilation from source
FAIL: Divide_1 byte compilation
FAIL: Divide_1 -O compilation from source
FAIL: Divide_1 byte compilation
FAIL: final_inner compilation from source
FAIL: final_inner byte compilation
FAIL: final_inner -O compilation from source
FAIL: final_inner byte compilation
FAIL: Final compilation from source
FAIL: Final byte compilation
FAIL: Final -O compilation from source
FAIL: Final byte compilation
FAIL: err8 compilation from source
FAIL: err8 byte compilation
FAIL: err8 -O compilation from source
FAIL: err8 byte compilation
FAIL: ArrayStore compilation from source
FAIL: ArrayStore byte compilation
FAIL: ArrayStore -O compilation from source
FAIL: ArrayStore byte compilation
FAIL: N19990310_3 compilation from source
FAIL: N19990310_3 byte compilation
FAIL: N19990310_3 -O compilation from source
FAIL: N19990310_3 byte compilation
FAIL: err9 compilation from source
FAIL: err9 byte compilation
FAIL: err9 -O compilation from source
FAIL: err9 byte compilation
FAIL: anfi compilation from source
FAIL: anfi byte compilation
FAIL: anfi -O compilation from source
FAIL: anfi byte compilation
FAIL: PR5057_2 compilation from source
FAIL: PR5057_2 byte compilation
FAIL: PR5057_2 -O compilation from source
FAIL: PR5057_2 byte compilation
FAIL: tmi compilation from source
FAIL: tmi byte compilation
FAIL: tmi -O compilation from source
FAIL: tmi byte compilation
FAIL: II compilation from source
FAIL: II byte compilation
FAIL: II -O compilation from source
FAIL: II byte compilation
FAIL: anon_ctor_itf_arg compilation from source
FAIL: anon_ctor_itf_arg byte compilation
FAIL: anon_ctor_itf_arg -O compilation from source
FAIL: anon_ctor_itf_arg byte compilation
FAIL: instance compilation from source
FAIL: instance byte compilation
FAIL: instance -O compilation from source
FAIL: instance byte compilation
FAIL: FileHandleGcTest compilation from source
FAIL: FileHandleGcTest byte compilation
FAIL: FileHandleGcTest -O compilation from source
FAIL: FileHandleGcTest byte compilation
FAIL: inner4 compilation from source
FAIL: inner4 byte compilation
FAIL: inner4 -O compilation from source
FAIL: inner4 byte compilation
FAIL: final_int compilation from source
FAIL: final_int byte compilation
FAIL: final_int -O compilation from source
FAIL: final_int byte compilation
FAIL: instinit compilation from source
FAIL: instinit byte compilation
FAIL: instinit -O compilation from source
FAIL: instinit byte compilation
FAIL: search_outer compilation from source
FAIL: search_outer byte compilation
FAIL: search_outer -O compilation from source
FAIL: search_outer byte compilation
FAIL: anonarray3 compilation from source
FAIL: anonarray3 byte compilation
FAIL: anonarray3 -O compilation from source
FAIL: anonarray3 byte compilation
FAIL: inner2 compilation from source
FAIL: inner2 byte compilation
FAIL: inner2 -O compilation from source
FAIL: inner2 byte compilation
FAIL: PR218 compilation from source
FAIL: PR218 byte compilation
FAIL: PR218 -O compilation from source
FAIL: PR218 byte compilation
FAIL: Synch compilation from source
FAIL: Synch byte compilation
FAIL: Synch -O compilation from source
FAIL: Synch byte compilation
FAIL: anonarray2 compilation from source
FAIL: anonarray2 byte compilation
FAIL: anonarray2 -O compilation from source
FAIL: anonarray2 byte compilation
FAIL: multiple_finit compilation from source
FAIL: multiple_finit byte compilation
FAIL: multiple_finit -O compilation from source
FAIL: multiple_finit byte compilation
FAIL: inner3 compilation from source
FAIL: inner3 byte compilation
FAIL: inner3 -O compilation from source
FAIL: inner3 byte compilation
FAIL: anon compilation from source
FAIL: anon byte compilation
FAIL: anon -O compilation from source
FAIL: anon byte compilation
FAIL: pr179 compilation from source
FAIL: pr179 byte compilation
FAIL: pr179 -O compilation from source
FAIL: pr179 byte compilation
FAIL: pr109 compilation from source
FAIL: pr109 byte compilation
FAIL: pr109 -O compilation from source
FAIL: pr109 byte compilation
FAIL: KeepInline compilation from source
FAIL: KeepInline byte compilation
FAIL: KeepInline -O compilation from source
FAIL: KeepInline byte compilation
FAIL: final_static_and_friend compilation from source
FAIL: final_static_and_friend byte compilation
FAIL: final_static_and_friend -O compilation from source
FAIL: final_static_and_friend byte compilation
FAIL: Thread_Wait_2 compilation from source
FAIL: Thread_Wait_2 byte compilation
FAIL: Thread_Wait_2 -O compilation from source
FAIL: Thread_Wait_2 byte compilation
FAIL: update_outer compilation from source
FAIL: update_outer byte compilation
FAIL: update_outer -O compilation from source
FAIL: update_outer byte compilation
FAIL: private_direct_read compilation from source
FAIL: private_direct_read byte compilation
FAIL: private_direct_read -O compilation from source
FAIL: private_direct_read byte compilation
FAIL: N19990310_5 compilation from source
FAIL: N19990310_5 byte compilation
FAIL: N19990310_5 -O compilation from source
FAIL: N19990310_5 byte compilation
FAIL: Thread_Monitor compilation from source
FAIL: Thread_Monitor byte compilation
FAIL: Thread_Monitor -O compilation from source
FAIL: Thread_Monitor byte compilation
FAIL: anonarray compilation from source
FAIL: anonarray byte compilation
FAIL: anonarray -O compilation from source
FAIL: anonarray byte compilation
FAIL: invokethrow compilation from source
FAIL: invokethrow byte compilation
FAIL: invokethrow -O compilation from source
FAIL: invokethrow byte compilation
FAIL: inner1 compilation from source
FAIL: inner1 byte compilation
FAIL: inner1 -O compilation from source
FAIL: inner1 byte compilation
FAIL: nested_with_ctor compilation from source
FAIL: nested_with_ctor byte compilation
FAIL: nested_with_ctor -O compilation from source
FAIL: nested_with_ctor byte compilation
FAIL: N19990310_4 compilation from source
FAIL: N19990310_4 byte compilation
FAIL: N19990310_4 -O compilation from source
FAIL: N19990310_4 byte compilation
FAIL: Thread_Join compilation from source
FAIL: Thread_Join byte compilation
FAIL: Thread_Join -O compilation from source
FAIL: Thread_Join byte compilation

		=== libjava Summary ===

# of expected passes		80
# of unexpected failures	693
# of expected failures		8
# of untested testcases		1260
		=== libstdc++-v3 tests ===


Running target unix/-mabi=64
FAIL: 19_diagnostics/stdexceptions.cc execution test
FAIL: 21_strings/append.cc execution test
FAIL: 21_strings/ctor_copy_dtor.cc execution test
FAIL: 21_strings/element_access.cc execution test
FAIL: 21_strings/insert.cc execution test
FAIL: 21_strings/substr.cc execution test
XPASS: 22_locale/collate_members_wchar_t.cc execution test
XPASS: 22_locale/money_get_members_wchar_t.cc execution test
XPASS: 22_locale/money_put_members_wchar_t.cc execution test
XPASS: 22_locale/moneypunct_members_wchar_t.cc execution test
XPASS: 22_locale/num_get_members_wchar_t.cc execution test
XPASS: 22_locale/num_put_members_wchar_t.cc execution test
XPASS: 22_locale/numpunct_members_wchar_t.cc execution test
XPASS: 22_locale/time_get_members_wchar_t.cc execution test
XPASS: 22_locale/time_put_members_wchar_t.cc execution test
FAIL: 23_containers/bitset_ctor.cc execution test
FAIL: 23_containers/bitset_members.cc execution test
FAIL: 23_containers/list_modifiers.cc execution test
FAIL: 23_containers/vector_element_access.cc execution test
FAIL: 27_io/ios_base_storage.cc execution test
FAIL: 27_io/ios_init.cc execution test
FAIL: 27_io/ios_members.cc execution test
FAIL: 27_io/ostream_inserter_arith.cc execution test

		=== libstdc++-v3 Summary ===

# of expected passes		345
# of unexpected failures	14
# of unexpected successes	9
# of expected failures		16
# of unsupported tests		6

Compiler version: 3.1 20020410 (prerelease) 
Platform: mips-sgi-irix6.5
configure flags: --host=mips-sgi-irix6.5 --enable-shared --enable-haifa --enable-libgcj --enable-threads=single --disable-nls --prefix=/exd6/billingd/tmp/gcc-3.1
Counting all warnings,
there are 60 warnings in stage3 of this bootstrap.

Number of warnings per file:
  18 gcc/combine.c
  11 gcc/config/mips/mips.md
   6 gcc/loop.c
   6 gcc/gcc.c
   4 gcc/reload.c
   4 gcc/optabs.c
   3 gcc/regclass.c
   2 gcc/java/javaop.def
   2 gcc/fold-const.c
   1 gcc/objc/lang-specs.h
   1 gcc/java/parse.y
   1 gcc/java/jvspec.c
   1 gcc/cp/lang-specs.h

Number of warning types:
  33 comparison between signed and unsigned
   9 string length \`???' is greater than the length \`???' ISO C89 compilers are required to support
   6 operand 1 missing mode?
   5 operand 0 missing mode?
   3 signed and unsigned type in conditional expression
   2 operation on \`???' may be undefined
   1 \`???' declared \`static' but never defined
   1 pointer targets in passing arg ??? of \`???' differ in signedness


Index Nav: [Date Index] [Subject Index] [Author Index] [Thread Index]
Message Nav: [Date Prev] [Date Next] [Thread Prev] [Thread Next]