This is the mail archive of the gcc-testresults@gcc.gnu.org mailing list for the GCC project.


Index Nav: [Date Index] [Subject Index] [Author Index] [Thread Index]
Message Nav: [Date Prev] [Date Next] [Thread Prev] [Thread Next]
Other format: [Raw text]

Results for 3.2 20020411 (experimental) testsuite on ia64-unknown-linux-gnu


LAST_UPDATED: Thu Apr 11 08:32:26 UTC 2002

Native configuration is ia64-unknown-linux-gnu

		=== g77 tests ===


Running target unix
FAIL: g77.f-torture/execute/6177.f compilation,  -O1 
FAIL: g77.f-torture/execute/6177.f compilation,  -O2 
FAIL: g77.f-torture/execute/6177.f compilation,  -O3 -fomit-frame-pointer 
FAIL: g77.f-torture/execute/6177.f compilation,  -O3 -g 
FAIL: g77.f-torture/execute/6177.f compilation,  -Os 

		=== g77 Summary ===

# of expected passes		1600
# of unexpected failures	5
# of untested testcases		5
# of unsupported tests		8
/home/build/gcc_mainline/ia64/obj/gcc/testsuite/../g77 version 3.2 20020411 (experimental)

		=== gcc tests ===


Running target unix
XPASS: gcc.c-torture/compile/920625-1.c,  -O1  
XPASS: gcc.c-torture/compile/920625-1.c,  -O2  
XPASS: gcc.c-torture/compile/920625-1.c,  -O3 -fomit-frame-pointer  
XPASS: gcc.c-torture/compile/920625-1.c,  -O3 -fomit-frame-pointer -funroll-loops  
XPASS: gcc.c-torture/compile/920625-1.c,  -O3 -fomit-frame-pointer -funroll-all-loops -finline-functions  
XPASS: gcc.c-torture/compile/920625-1.c,  -O3 -g  
XPASS: gcc.c-torture/compile/920625-1.c,  -Os  
XPASS: gcc.c-torture/compile/981223-1.c,  -O2  
XPASS: gcc.c-torture/compile/981223-1.c,  -O3 -fomit-frame-pointer  
XPASS: gcc.c-torture/compile/981223-1.c,  -O3 -g  
XPASS: gcc.c-torture/compile/981223-1.c,  -Os  
FAIL: gcc.c-torture/execute/20020227-1.c execution,  -O0 
FAIL: gcc.c-torture/execute/20020227-1.c execution,  -O1 
FAIL: gcc.c-torture/execute/20020227-1.c execution,  -O2 
FAIL: gcc.c-torture/execute/20020227-1.c execution,  -O3 -fomit-frame-pointer 
FAIL: gcc.c-torture/execute/20020227-1.c execution,  -O3 -g 
FAIL: gcc.c-torture/execute/20020227-1.c execution,  -Os 
FAIL: gcc.c-torture/execute/20020307-2.c execution,  -O0 
FAIL: gcc.c-torture/execute/20020307-2.c execution,  -O1 
FAIL: gcc.c-torture/execute/20020307-2.c execution,  -O2 
FAIL: gcc.c-torture/execute/20020307-2.c execution,  -O3 -fomit-frame-pointer 
FAIL: gcc.c-torture/execute/20020307-2.c execution,  -O3 -fomit-frame-pointer -funroll-loops 
FAIL: gcc.c-torture/execute/20020307-2.c execution,  -O3 -fomit-frame-pointer -funroll-all-loops -finline-functions 
FAIL: gcc.c-torture/execute/20020307-2.c execution,  -O3 -g 
FAIL: gcc.c-torture/execute/20020307-2.c execution,  -Os 
XPASS: gcc.dg/c99-intconst-1.c (test for excess errors)

		=== gcc Summary ===

# of expected passes		17896
# of unexpected failures	14
# of unexpected successes	12
# of expected failures		63
# of unsupported tests		109
/home/build/gcc_mainline/ia64/obj/gcc/xgcc version 3.2 20020411 (experimental)

		=== g++ tests ===


Running target unix
FAIL: g++.dg/template/typename2.C (test for excess errors)
FAIL: g++.dg/warn/Wunused-2.C  (test for warnings, line 5)

		=== g++ Summary ===

# of expected passes		7077
# of unexpected failures	2
# of expected failures		87
# of untested testcases		23
# of unsupported tests		3
/home/build/gcc_mainline/ia64/obj/gcc/testsuite/../g++ version 3.2 20020411 (experimental)

		=== objc tests ===


Running target unix

		=== objc Summary ===

# of expected passes		1036
# of expected failures		6
/home/build/gcc_mainline/ia64/obj/gcc/xgcc version 3.2 20020411 (experimental)

		=== libjava tests ===


Running target unix
FAIL: calls run
FAIL: TLtest compilation from bytecode
FAIL: TLtest -O compilation from bytecode
FAIL: InvokeReturn output from source compiled test
FAIL: InvokeReturn output from bytecode->native test
FAIL: InvokeReturn -O output from source compiled test
FAIL: InvokeReturn -O output from bytecode->native test
FAIL: PR6085 compilation from source
FAIL: PR6085 byte compilation
FAIL: PR6085 -O compilation from source
FAIL: PR6085 byte compilation
FAIL: gnu.testlet.java.io.DataInputOutput.ReadReference: readDouble (number 1)
FAIL: gnu.testlet.java.io.File.jdk11: getCanonicalPath () java.io.IOException: No such file or directory (number 1)
FAIL: gnu.testlet.java.io.ObjectStreamClass.Test: uncaught exception at "getName" number 1: java.lang.IllegalArgumentException
FAIL: gnu.testlet.java.io.PipedReaderWriter.Test: uncaught exception at  number 1: java.lang.InternalError: Thread.start called but threads not available
FAIL: gnu.testlet.java.io.PipedStream.Test: uncaught exception at  number 1: java.lang.InternalError: Thread.start called but threads not available
FAIL: gnu.testlet.java.io.PipedStream.close (number 1)
FAIL: gnu.testlet.java.io.PipedStream.receive (number 1)
FAIL: gnu.testlet.java.lang.Double.DoubleTest: Error: test_Basics failed - 1b (number 1)
FAIL: gnu.testlet.java.lang.Double.DoubleTest: Error: test_Basics failed - 4 (number 1)
FAIL: gnu.testlet.java.lang.Double.DoubleTest: Error: test_remainder failed 2 (number 1)
FAIL: gnu.testlet.java.lang.Double.DoubleTest: Error: test_remainder failed 10 (number 1)
FAIL: gnu.testlet.java.lang.Double.DoubleTest: Error: test_toString failed - 2 (number 1)
FAIL: gnu.testlet.java.lang.Double.DoubleTest: Error: test_toString failed - 8 (number 1)
FAIL: gnu.testlet.java.lang.Double.DoubleTest: Error: test_toString failed - 10 (number 1)
FAIL: gnu.testlet.java.lang.Double.DoubleTest: Error: test_equals failed CYGNUS: Double.equals - 8 (number 1)
FAIL: gnu.testlet.java.lang.Double.DoubleTest: Error: test_intValue returned wrong results CYGNUS: Float to int conversions - 1 (number 1)
FAIL: gnu.testlet.java.lang.Double.DoubleTest: Error: test_longValue returned wrong results CYGNUS: Float to int conversions - 1 (number 1)
FAIL: gnu.testlet.java.lang.Double.DoubleTest: Error: test_doubleToLongBits returned wrong results - 1 (number 1)
FAIL: gnu.testlet.java.lang.Double.DoubleTest: Error: test_doubleToLongBits returned wrong results - 2 (number 1)
FAIL: gnu.testlet.java.lang.Double.DoubleTest: Error: test_doubleToLongBits CYGNUS: NaN.doubleToLongBits (number 1)
FAIL: gnu.testlet.java.lang.Double.DoubleTest: Error: test_longBitsToDouble returned wrong results - 1 (number 1)
FAIL: gnu.testlet.java.lang.Double.DoubleTest: Error: test_longBitsToDouble returned wrong results - 2 (number 1)
FAIL: gnu.testlet.java.lang.Double.DoubleTest: Error: test_longBitsToDouble returned wrong results - 3 (number 1)
FAIL: gnu.testlet.java.lang.Double.DoubleTest: Error: test_longBitsToDouble returned wrong results - 4 (number 1)
FAIL: gnu.testlet.java.lang.Float.FloatTest: Error: test_Basics failed - 3 (number 1)
FAIL: gnu.testlet.java.lang.Float.FloatTest: Error: test_Basics failed - 4 (number 1)
FAIL: gnu.testlet.java.lang.Float.FloatTest: Error: test_toString failed - 8 (number 1)
FAIL: gnu.testlet.java.lang.Float.FloatTest: Error: test_equals failed - 8 (number 1)
FAIL: gnu.testlet.java.lang.Float.FloatTest: Error: test_intValue returned wrong results - 1 (number 1)
FAIL: gnu.testlet.java.lang.Float.FloatTest: Error: test_floatValue returned wrong results - 2 (number 1)
FAIL: gnu.testlet.java.lang.Float.FloatTest: test_valueOf 3.4e+32f (number 1)
FAIL: gnu.testlet.java.lang.Float.FloatTest: test_valueOf " -23.45f    " (number 1)
FAIL: gnu.testlet.java.lang.Integer.IntegerTest: Error: test_Basics failed - 1 (number 1)
FAIL: gnu.testlet.java.lang.Integer.getInteger (number 12)
FAIL: gnu.testlet.java.lang.Integer.getInteger (number 17)
FAIL: gnu.testlet.java.lang.Integer.new_Integer: decode (number 6)
FAIL: gnu.testlet.java.lang.Integer.new_Integer: uncaught exception at "decode" number 11: java.lang.NumberFormatException
FAIL: gnu.testlet.java.lang.Long.LongTest: Error: test_Basics failed - 1 (number 1)
FAIL: gnu.testlet.java.lang.Long.LongTest: getLong (number 1)
FAIL: gnu.testlet.java.lang.Long.LongTest: getLong (number 2)
FAIL: gnu.testlet.java.lang.Long.LongTest: getLong (number 3)
FAIL: gnu.testlet.java.lang.Long.LongTest: getLong (number 4)
FAIL: gnu.testlet.java.lang.Long.LongTest: getLong (number 5)
FAIL: gnu.testlet.java.lang.Long.LongTest: getLong (number 6)
FAIL: gnu.testlet.java.lang.Long.getLong (number 1)
FAIL: gnu.testlet.java.lang.Long.getLong (number 2)
FAIL: gnu.testlet.java.lang.Long.getLong (number 4)
FAIL: gnu.testlet.java.lang.Long.getLong (number 6)
FAIL: gnu.testlet.java.lang.Long.getLong (number 7)
FAIL: gnu.testlet.java.lang.Long.getLong (number 8)
FAIL: gnu.testlet.java.lang.Math.MathTest: Error : test_Basics failed - 1 (number 1)
FAIL: gnu.testlet.java.lang.Math.MathTest: Error : test_atan2 failed - 5 (number 1)
FAIL: gnu.testlet.java.lang.Math.MathTest: Error : test_pow failed - 9 (number 1)
FAIL: gnu.testlet.java.lang.Math.max (number 2)
FAIL: gnu.testlet.java.lang.Math.max (number 18)
FAIL: Compile gnu/testlet/java/lang/Math/min.o for gnu.testlet.java.lang.Math.min
FAIL: gnu.testlet.java.lang.Math.sin (number 1)
FAIL: gnu.testlet.java.lang.StringBuffer.plus (number 1)
FAIL: gnu.testlet.java.lang.StringBuffer.plus (number 6)
FAIL: gnu.testlet.java.lang.ThreadLocal.simple: uncaught exception at "Check changed value" number 2: java.lang.InternalError: Thread.start called but threads not available
FAIL: gnu.testlet.java.lang.ref.PhantomReference.phantom: unreachable (number 1)
FAIL: gnu.testlet.java.lang.ref.WeakReference.weakref: unreachable (number 1)
FAIL: gnu.testlet.java.lang.ref.WeakReference.weakref: contents of weak reference (number 1)
FAIL: gnu.testlet.java.lang.reflect.Constructor.newInstance: int arg (number 2)
FAIL: gnu.testlet.java.lang.reflect.Constructor.newInstance: int arg (number 4)
FAIL: gnu.testlet.java.lang.reflect.Constructor.newInstance: character arg (number 2)
FAIL: gnu.testlet.java.lang.reflect.Method.invoke: uncaught exception at "takes_int" number 2: java.lang.NullPointerException
FAIL: gnu.testlet.java.math.BigDecimal.construct (number 2)
FAIL: gnu.testlet.java.net.DatagramSocket.DatagramSocketTest: uncaught exception at "Error : test_Basics failed - 4 ip address returned is not correct " number 2: java.lang.InternalError: Thread.start called but threads not available
FAIL: gnu.testlet.java.net.MulticastSocket.MulticastSocketTest: uncaught exception at "getTTL() should return same value (127) used for setTTL() - 10" number 3: java.lang.InternalError: Thread.start called but threads not available
FAIL: gnu.testlet.java.net.ServerSocket.ServerSocketTest: uncaught exception at "BasicServer" number 1: java.lang.InternalError: Thread.start called but threads not available
FAIL: gnu.testlet.java.net.Socket.SocketTest: Error : test_Basics failed - 7 exception should not have been thrown here (number 1)
FAIL: gnu.testlet.java.net.Socket.SocketTest: Error : test_params failed - 10 exception was thrown (number 1)
FAIL: gnu.testlet.java.net.Socket.SocketTest: uncaught exception at "BasicServer" number 2: java.lang.InternalError: Thread.start called but threads not available
FAIL: gnu.testlet.java.net.URL.URLTest: openConnection (number 1)
FAIL: gnu.testlet.java.net.URL.URLTest: openConnection (number 2)
FAIL: gnu.testlet.java.net.URL.URLTest: new URL(string) (number 16)
FAIL: gnu.testlet.java.net.URL.URLTest: new URL(string) (number 18)
FAIL: gnu.testlet.java.net.URLConnection.URLConnectionTest: Error in test_getContentFunctions  - 1  content type was not correct  (number 1)
FAIL: gnu.testlet.java.net.URLConnection.URLConnectionTest: Error in test_getContentFunctions  - 3 size  was not correct  (number 1)
FAIL: gnu.testlet.java.net.URLConnection.URLConnectionTest: Error in test_getContentFunctions  - 4 getContent did not return proper results  (number 1)
FAIL: gnu.testlet.java.net.URLConnection.URLConnectionTest: Error in test_getHeaderField  - 0  0 header field wrong (number 1)
FAIL: gnu.testlet.java.net.URLConnection.URLConnectionTest: Error in test_getHeaderField  - 1  2 header field wrong (number 1)
FAIL: gnu.testlet.java.net.URLConnection.URLConnectionTest: Error in test_getHeaderField  - 2  4 header field wrong (number 1)
FAIL: gnu.testlet.java.net.URLConnection.URLConnectionTest: Error in test_getHeaderField  - 3  5 header field wrong (number 1)
FAIL: gnu.testlet.java.net.URLConnection.URLConnectionTest: Error in test_getHeaderField  - 4  0 headerkey  field wrong (number 1)
FAIL: gnu.testlet.java.net.URLConnection.URLConnectionTest: Error in test_getHeaderField  - 7  3 headerkey field wrong (number 1)
FAIL: gnu.testlet.java.net.URLConnection.URLConnectionTest: Error in test_getHeaderField  - 8  4 headerkey field wrong (number 1)
FAIL: gnu.testlet.java.net.URLConnection.URLConnectionTest: Error in test_URLConnection  - 23  should not have raised  exception here  (number 1)
FAIL: gnu.testlet.java.net.URLConnection.URLConnectionTest: Error in test_HttpURLConnectionI - 1  should not have raised  Throwable here  (number 1)
FAIL: Link for gnu.testlet.java.text.AttributedCharacterIterator.implement
FAIL: gnu.testlet.java.text.AttributedString.Test: Attribute key count (number 1)
FAIL: gnu.testlet.java.text.DateFormatSymbols.Test: invalid locale (number 1)
FAIL: gnu.testlet.java.text.SimpleDateFormat.regress: CDT (number 1)
FAIL: gnu.testlet.java.text.SimpleDateFormat.regress: EDT (number 1)
FAIL: gnu.testlet.java.text.SimpleDateFormat.regress: EST (number 1)
FAIL: gnu.testlet.java.text.SimpleDateFormat.regress: PDT (number 1)
FAIL: gnu.testlet.java.util.AbstractList.AcuniaAbstractListTest: should not throw a ConcurrentModificationException -- 3 (number 1)
FAIL: gnu.testlet.java.util.AbstractList.AcuniaAbstractListTest: got unwanted exception java.util.ConcurrentModificationException (number 1)
FAIL: Link for gnu.testlet.java.util.AbstractMap.AcuniaAbstractMapTest
FAIL: gnu.testlet.java.util.AbstractSequentialList.AcuniaAbstractSequentialListTest: should throw a ConcurrentModificationException -- 7 (number 1)
FAIL: gnu.testlet.java.util.ArrayList.AcuniaArrayListTest: should throw a ConcurrentModificationException -- 7 (number 1)
FAIL: gnu.testlet.java.util.HashMap.AcuniaHashMapTest: no exception wanted !!!, got java.lang.IllegalArgumentException (number 1)
FAIL: gnu.testlet.java.util.HashMap.AcuniaHashMapTest: no exception wanted !!!, got java.lang.IllegalArgumentException (number 1)
FAIL: gnu.testlet.java.util.HashMap.AcuniaHashMapTest: no exception wanted !!!, got java.lang.IllegalArgumentException (number 1)
FAIL: gnu.testlet.java.util.HashMap.AcuniaHashMapTest: no exception wanted !!!, got java.lang.IllegalArgumentException (number 1)
FAIL: gnu.testlet.java.util.HashMap.AcuniaHashMapTest: no exception wanted !!!, got java.lang.IllegalArgumentException (number 1)
FAIL: gnu.testlet.java.util.HashMap.AcuniaHashMapTest: it.hasNext should not throw ConcurrentModificationException (number 1)
FAIL: gnu.testlet.java.util.HashMap.AcuniaHashMapTest: should throw an UnsupportedOperationException (number 1)
FAIL: gnu.testlet.java.util.LinkedList.AcuniaLinkedListTest: should throw a ConcurrentModificationException -- 7 (number 1)
FAIL: gnu.testlet.java.util.Vector.AcuniaVectorTest: should throw a ConcurrentModificationException -- set (number 1)
FAIL: gnu.testlet.java.util.Vector.AcuniaVectorTest: should throw a ConcurrentModificationException -- setElementAt (number 1)

		=== libjava Summary ===

# of expected passes		8323
# of unexpected failures	123
# of expected failures		71
# of untested testcases		105
		=== libstdc++-v3 tests ===


Running target unix
XPASS: 22_locale/time_put_members_char.cc execution test
XPASS: 22_locale/time_put_members_wchar_t.cc execution test
FAIL: 26_numerics/c99_classification_macros_c.cc (test for excess errors)

		=== libstdc++-v3 Summary ===

# of expected passes		370
# of unexpected failures	1
# of unexpected successes	2
# of expected failures		23

Compiler version: 3.2 20020411 (experimental) 
Platform: ia64-unknown-linux-gnu
configure flags: --host=ia64-unknown-linux --prefix=/home/build/gcc_mainline/ia64/install

Red Hat Linux release 7.1.94 (Roswell)
Linux kernel 2.4.18
glibc-2.2.4
binutils-2.12.90.0.3
dejagnu-1.4.2
mauve-snapshot-2002-04-08


Index Nav: [Date Index] [Subject Index] [Author Index] [Thread Index]
Message Nav: [Date Prev] [Date Next] [Thread Prev] [Thread Next]