This is the mail archive of the gcc-testresults@gcc.gnu.org mailing list for the GCC project.


Index Nav: [Date Index] [Subject Index] [Author Index] [Thread Index]
Message Nav: [Date Prev] [Date Next] [Thread Prev] [Thread Next]
Other format: [Raw text]

Results for 3.2 20020409 (experimental) testsuite on i686-pc-linux-gnu


LAST_UPDATED: Tue Apr  9 20:35:04 UTC 2002

Native configuration is i686-pc-linux-gnu

		=== g++ tests ===


Running target unix
FAIL: g++.dg/warn/Wunused-2.C  (test for warnings, line 5)
FAIL: g++.jason/access8.C cannot convert to inh (test for errors, line 28)

		=== g++ Summary ===

# of expected passes		7238
# of unexpected failures	2
# of expected failures		86
# of untested testcases		9
# of unsupported tests		3
/opt/gcc3/obj.gcc/gcc/testsuite/../g++ version 3.2 20020409 (experimental)

		=== g77 tests ===


Running target unix

		=== g77 Summary ===

# of expected passes		1614
/opt/gcc3/obj.gcc/gcc/testsuite/../g77 version 3.2 20020409 (experimental)

		=== gcc tests ===


Running target unix
WARNING: program timed out.
FAIL: gcc.c-torture/compile/20001226-1.c,  -O3 -g  
FAIL: gcc.c-torture/execute/20020307-2.c execution,  -O1 
FAIL: gcc.c-torture/execute/20020307-2.c execution,  -O2 
FAIL: gcc.c-torture/execute/20020307-2.c execution,  -O3 -fomit-frame-pointer 
FAIL: gcc.c-torture/execute/20020307-2.c execution,  -O3 -fomit-frame-pointer -funroll-loops 
FAIL: gcc.c-torture/execute/20020307-2.c execution,  -O3 -fomit-frame-pointer -funroll-all-loops -finline-functions 
FAIL: gcc.c-torture/execute/20020307-2.c execution,  -O3 -g 
FAIL: gcc.c-torture/execute/20020402-1.c execution,  -Os 

		=== gcc Summary ===

# of expected passes		18377
# of unexpected failures	8
# of expected failures		66
# of unsupported tests		45
/opt/gcc3/obj.gcc/gcc/xgcc version 3.2 20020409 (experimental)

		=== objc tests ===


Running target unix

		=== objc Summary ===

# of expected passes		1036
# of expected failures		6
/opt/gcc3/obj.gcc/gcc/xgcc version 3.2 20020409 (experimental)

		=== libjava tests ===


Running target unix
FAIL: PR6085 compilation from source
FAIL: PR6085 byte compilation
FAIL: PR6085 -O compilation from source
FAIL: PR6085 byte compilation
FAIL: Thread_Interrupt output from source compiled test
FAIL: Thread_Interrupt -O output from source compiled test

		=== libjava Summary ===

# of expected passes		2073
# of unexpected failures	6
# of expected failures		18
# of untested testcases		24
		=== libstdc++-v3 tests ===


Running target unix
XPASS: 22_locale/time_put_members_char.cc execution test
XPASS: 22_locale/time_put_members_wchar_t.cc execution test
FAIL: 26_numerics/c99_classification_macros_c.cc (test for excess errors)

		=== libstdc++-v3 Summary ===

# of expected passes		370
# of unexpected failures	1
# of unexpected successes	2
# of expected failures		23

Compiler version: 3.2 20020409 (experimental) 
Platform: i686-pc-linux-gnu
configure flags: --host=i686-pc-linux-gnu --prefix=/opt/gcc-3.2 --enable-threads


Index Nav: [Date Index] [Subject Index] [Author Index] [Thread Index]
Message Nav: [Date Prev] [Date Next] [Thread Prev] [Thread Next]