This is the mail archive of the gcc-testresults@gcc.gnu.org mailing list for the GCC project.


Index Nav: [Date Index] [Subject Index] [Author Index] [Thread Index]
Message Nav: [Date Prev] [Date Next] [Thread Prev] [Thread Next]
Other format: [Raw text]

Results for 3.1 20020409 (prerelease) testsuite on powerpc-unknown-linux-gnu


Debian GNU/Linux 3.0
Linux 2.4.16-powerpc
binutils Version: 2.12.90.0.1-1
glibc Version: 2.2.5-4

Test results for libjava include the results of the Mauve testsuite
(see http://sources.redhat.com/mauve/)

LAST_UPDATED: Tue Apr  9 12:26:53 UTC 2002

Native configuration is powerpc-unknown-linux-gnu

		=== g++ tests ===


Running target unix

		=== g++ Summary ===

# of expected passes		7126
# of expected failures		86
# of untested testcases		23
# of unsupported tests		3
/home/mark/src/gcc31/obj/gcc/testsuite/../g++ version 3.1 20020409 (prerelease)

		=== gcc tests ===


Running target unix
FAIL: gcc.dg/cpp/charconst.c (test for excess errors)
FAIL: gcc.dg/20020103-1.c scan-assembler-not LC
FAIL: gcc.dg/20020118-1.c execution test

		=== gcc Summary ===

# of expected passes		18088
# of unexpected failures	3
# of expected failures		62
# of unsupported tests		103
/home/mark/src/gcc31/obj/gcc/xgcc version 3.1 20020409 (prerelease)

		=== libjava tests ===


Running target unix
FAIL: Array_3 execution from source compiled test
FAIL: Array_3 execution from bytecode->native test
FAIL: Array_3 -O execution from source compiled test
FAIL: Array_3 -O execution from bytecode->native test
FAIL: test_long output from bytecode->native test
FAIL: test_long -O output from bytecode->native test
FAIL: gnu.testlet.java.io.DataInputOutput.ReadReference: readDouble (number 1)
FAIL: gnu.testlet.java.io.ObjectStreamClass.Test: getSerialVersionUID (number 1)
FAIL: gnu.testlet.java.io.ObjectStreamClass.Test: getSerialVersionUID (number 2)
FAIL: gnu.testlet.java.io.ObjectStreamClass.Test: getSerialVersionUID (number 3)
FAIL: gnu.testlet.java.io.ObjectStreamClass.Test: getSerialVersionUID (number 5)
FAIL: gnu.testlet.java.io.PipedStream.close (number 1)
FAIL: gnu.testlet.java.lang.Double.DoubleTest: Error: test_Basics failed - 1b (number 1)
FAIL: gnu.testlet.java.lang.Double.DoubleTest: Error: test_Basics failed - 4 (number 1)
FAIL: gnu.testlet.java.lang.Double.DoubleTest: Error: test_remainder failed 2 (number 1)
FAIL: gnu.testlet.java.lang.Double.DoubleTest: Error: test_remainder failed 10 (number 1)
FAIL: gnu.testlet.java.lang.Double.DoubleTest: Error: test_toString failed - 2 (number 1)
FAIL: gnu.testlet.java.lang.Double.DoubleTest: Error: test_toString failed - 8 (number 1)
FAIL: gnu.testlet.java.lang.Double.DoubleTest: Error: test_toString failed - 10 (number 1)
FAIL: gnu.testlet.java.lang.Double.DoubleTest: Error: test_equals failed CYGNUS: Double.equals - 8 (number 1)
FAIL: gnu.testlet.java.lang.Double.DoubleTest: Error: test_intValue returned wrong results CYGNUS: Float to int conversions - 1 (number 1)
FAIL: gnu.testlet.java.lang.Double.DoubleTest: Error: test_longValue returned wrong results CYGNUS: Float to int conversions - 1 (number 1)
FAIL: gnu.testlet.java.lang.Double.DoubleTest: Error: test_doubleToLongBits returned wrong results - 1 (number 1)
FAIL: gnu.testlet.java.lang.Double.DoubleTest: Error: test_doubleToLongBits returned wrong results - 2 (number 1)
FAIL: gnu.testlet.java.lang.Double.DoubleTest: Error: test_doubleToLongBits CYGNUS: NaN.doubleToLongBits (number 1)
FAIL: gnu.testlet.java.lang.Double.DoubleTest: Error: test_doubleToLongBits returned wrong results - 8 (number 1)
FAIL: gnu.testlet.java.lang.Double.DoubleTest: Error: test_longBitsToDouble returned wrong results - 1 (number 1)
FAIL: gnu.testlet.java.lang.Double.DoubleTest: Error: test_longBitsToDouble returned wrong results - 2 (number 1)
FAIL: gnu.testlet.java.lang.Double.DoubleTest: Error: test_longBitsToDouble returned wrong results - 3 (number 1)
FAIL: gnu.testlet.java.lang.Double.DoubleTest: Error: test_longBitsToDouble returned wrong results - 4 (number 1)
FAIL: gnu.testlet.java.lang.Double.new_Double (number 6)
FAIL: gnu.testlet.java.lang.Double.new_Double (number 7)
FAIL: gnu.testlet.java.lang.Float.FloatTest: Error: test_Basics failed - 3 (number 1)
FAIL: gnu.testlet.java.lang.Float.FloatTest: Error: test_Basics failed - 4 (number 1)
FAIL: gnu.testlet.java.lang.Float.FloatTest: Error: test_toString failed - 8 (number 1)
FAIL: gnu.testlet.java.lang.Float.FloatTest: Error: test_equals failed - 8 (number 1)
FAIL: gnu.testlet.java.lang.Float.FloatTest: Error: test_intValue returned wrong results - 1 (number 1)
FAIL: gnu.testlet.java.lang.Float.FloatTest: Error: test_floatValue returned wrong results - 2 (number 1)
FAIL: gnu.testlet.java.lang.Float.FloatTest: test_valueOf 3.4e+32f (number 1)
FAIL: gnu.testlet.java.lang.Float.FloatTest: test_valueOf " -23.45f    " (number 1)
FAIL: gnu.testlet.java.lang.Integer.IntegerTest: Error: test_Basics failed - 1 (number 1)
FAIL: gnu.testlet.java.lang.Integer.getInteger (number 17)
FAIL: gnu.testlet.java.lang.Long.LongTest: Error: test_Basics failed - 1 (number 1)
FAIL: gnu.testlet.java.lang.Long.LongTest: Error: test_parseLong returned wrong results - 8 (number 1)
FAIL: gnu.testlet.java.lang.Long.LongTest: Error: test_parseLong returned wrong results - 12 (number 1)
FAIL: gnu.testlet.java.lang.Long.getLong (number 2)
FAIL: gnu.testlet.java.lang.Long.getLong (number 4)
FAIL: gnu.testlet.java.lang.Long.getLong (number 6)
FAIL: gnu.testlet.java.lang.Long.getLong (number 7)
FAIL: gnu.testlet.java.lang.Long.getLong (number 8)
FAIL: gnu.testlet.java.lang.Long.new_Long (number 1)
FAIL: gnu.testlet.java.lang.Long.new_Long (number 6)
FAIL: gnu.testlet.java.lang.Long.new_Long (number 7)
FAIL: gnu.testlet.java.lang.Long.new_Long (number 8)
FAIL: gnu.testlet.java.lang.Long.new_Long (number 9)
FAIL: gnu.testlet.java.lang.Long.new_Long (number 18)
FAIL: gnu.testlet.java.lang.Long.new_Long (number 22)
FAIL: gnu.testlet.java.lang.Long.new_Long (number 26)
FAIL: gnu.testlet.java.lang.Long.new_Long (number 35)
FAIL: gnu.testlet.java.lang.Long.new_Long: toBinaryString (number 5)
FAIL: gnu.testlet.java.lang.Long.new_Long: toBinaryString (number 6)
FAIL: gnu.testlet.java.lang.Long.new_Long: toBinaryString (number 7)
FAIL: gnu.testlet.java.lang.Long.new_Long: toOctalString (number 5)
FAIL: gnu.testlet.java.lang.Long.new_Long: toOctalString (number 6)
FAIL: gnu.testlet.java.lang.Long.new_Long: toOctalString (number 7)
FAIL: gnu.testlet.java.lang.Long.new_Long: toHexString (number 5)
FAIL: gnu.testlet.java.lang.Long.new_Long: toHexString (number 6)
FAIL: gnu.testlet.java.lang.Long.new_Long: toHexString (number 7)
FAIL: gnu.testlet.java.lang.Long.new_Long: parseLong (number 6)
FAIL: gnu.testlet.java.lang.Long.new_Long: parseLong (number 8)
FAIL: gnu.testlet.java.lang.Long.new_Long: parseLong (number 10)
FAIL: gnu.testlet.java.lang.Math.MathTest: Error : test_Basics failed - 1 (number 1)
FAIL: gnu.testlet.java.lang.Math.MathTest: Error : test_atan2 failed - 5 (number 1)
FAIL: gnu.testlet.java.lang.Math.MathTest: Error :  test_round failed - 7 (number 1)
FAIL: gnu.testlet.java.lang.Math.MathTest: Error :  test_abs failed - 6 (number 1)
FAIL: gnu.testlet.java.lang.Math.max (number 2)
FAIL: gnu.testlet.java.lang.Math.max (number 18)
FAIL: Compile gnu/testlet/java/lang/Math/min.o for gnu.testlet.java.lang.Math.min
FAIL: gnu.testlet.java.lang.Math.sin (number 1)
FAIL: gnu.testlet.java.lang.StringBuffer.plus (number 1)
FAIL: gnu.testlet.java.lang.StringBuffer.plus (number 6)
FAIL: gnu.testlet.java.lang.ref.PhantomReference.phantom: unreachable (number 1)
FAIL: gnu.testlet.java.lang.ref.PhantomReference.phantom: object finalized (number 1)
FAIL: gnu.testlet.java.lang.ref.WeakReference.weakref: unreachable (number 1)
FAIL: gnu.testlet.java.lang.ref.WeakReference.weakref: contents of weak reference (number 1)
FAIL: gnu.testlet.java.math.BigDecimal.construct (number 2)
FAIL: gnu.testlet.java.net.DatagramSocket.DatagramSocketTest: Error : test_echoWithTimeout failed - 5 Exception occured while sending/receiving  (number 1)
FAIL: gnu.testlet.java.net.InetAddress.InetAddressTest: Error : test_Basics failed - 8 the address array should of length 1 (number 1)
FAIL: gnu.testlet.java.net.URL.URLTest: new URL(string) (number 16)
FAIL: gnu.testlet.java.net.URL.URLTest: new URL(string) (number 18)
FAIL: gnu.testlet.java.net.URLConnection.URLConnectionTest: Error in test_getContentFunctions  - 1  content type was not correct  (number 1)
FAIL: gnu.testlet.java.net.URLConnection.URLConnectionTest: Error in test_getContentFunctions  - 3 size  was not correct  (number 1)
FAIL: gnu.testlet.java.net.URLConnection.URLConnectionTest: Error in test_getContentFunctions  - 4 getContent did not return proper results  (number 1)
FAIL: gnu.testlet.java.net.URLConnection.URLConnectionTest: Error in test_getHeaderField  - 0  0 header field wrong (number 1)
FAIL: gnu.testlet.java.net.URLConnection.URLConnectionTest: Error in test_getHeaderField  - 1  2 header field wrong (number 1)
FAIL: gnu.testlet.java.net.URLConnection.URLConnectionTest: Error in test_getHeaderField  - 2  4 header field wrong (number 1)
FAIL: gnu.testlet.java.net.URLConnection.URLConnectionTest: Error in test_getHeaderField  - 3  5 header field wrong (number 1)
FAIL: gnu.testlet.java.net.URLConnection.URLConnectionTest: Error in test_getHeaderField  - 4  0 headerkey  field wrong (number 1)
FAIL: gnu.testlet.java.net.URLConnection.URLConnectionTest: Error in test_getHeaderField  - 7  3 headerkey field wrong (number 1)
FAIL: gnu.testlet.java.net.URLConnection.URLConnectionTest: Error in test_getHeaderField  - 8  4 headerkey field wrong (number 1)
FAIL: gnu.testlet.java.net.URLConnection.URLConnectionTest: Error in test_URLConnection  - 23  should not have raised  exception here  (number 1)
FAIL: gnu.testlet.java.net.URLConnection.URLConnectionTest: Error in test_HttpURLConnectionI - 1  should not have raised  Throwable here  (number 1)
FAIL: Link for gnu.testlet.java.text.AttributedCharacterIterator.implement
FAIL: gnu.testlet.java.text.AttributedString.Test: Attribute key count (number 1)
FAIL: gnu.testlet.java.text.DateFormatSymbols.Test: invalid locale (number 1)
FAIL: gnu.testlet.java.text.SimpleDateFormat.regress: CDT (number 1)
FAIL: gnu.testlet.java.text.SimpleDateFormat.regress: EDT (number 1)
FAIL: gnu.testlet.java.text.SimpleDateFormat.regress: EST (number 1)
FAIL: gnu.testlet.java.text.SimpleDateFormat.regress: PDT (number 1)
FAIL: Link for gnu.testlet.java.util.AbstractMap.AcuniaAbstractMapTest

		=== libjava Summary ===

# of expected passes		8496
# of unexpected failures	110
# of expected failures		70
# of untested testcases		18
		=== libstdc++-v3 tests ===


Running target unix
FAIL: 26_numerics/c99_classification_macros_c.cc (test for excess errors)
WARNING: program timed out.
FAIL: thread/pthread4.cc execution test

		=== libstdc++-v3 Summary ===

# of expected passes		369
# of unexpected failures	2
# of expected failures		25

Compiler version: 3.1 20020409 (prerelease) 
Platform: powerpc-unknown-linux-gnu
configure flags: --host=powerpc-unknown-linux-gnu --enable-threads --enable-languages=c++,java --disable-multilib --prefix=/usr/local/gcc31


Index Nav: [Date Index] [Subject Index] [Author Index] [Thread Index]
Message Nav: [Date Prev] [Date Next] [Thread Prev] [Thread Next]