This is the mail archive of the gcc-testresults@gcc.gnu.org mailing list for the GCC project.


Index Nav: [Date Index] [Subject Index] [Author Index] [Thread Index]
Message Nav: [Date Prev] [Date Next] [Thread Prev] [Thread Next]
Other format: [Raw text]

Results for 3.2 20020407 (experimental) testsuite on i686-pc-cygwin


LAST_UPDATED: Mon Apr  8 00:34:42  2002

Native configuration is i686-pc-cygwin

		=== g++ tests ===


Running target unix
FAIL: g++.dg/eh/omit-frame-pointer.C execution test
FAIL: g++.dg/ext/instantiate3.C scan-assembler-not 
FAIL: g++.dg/warn/Wunused-2.C  (test for warnings, line 5)
FAIL: g++.dg/special/conpr-1.C execution test
FAIL: g++.dg/special/conpr-2.C execution test
FAIL: g++.dg/special/conpr-3.C execution test
FAIL: g++.dg/special/conpr-3.C execution test
FAIL: g++.dg/special/initp1.C execution test
FAIL: g++.benjamin/15071.C  Execution test
FAIL: g++.brendan/copy9.C  Execution test
FAIL: g++.brendan/nest21.C  Execution test
FAIL: g++.brendan/ptolemy2.C  Execution test
FAIL: g++.eh/badalloc1.C  Execution test
XPASS: g++.ext/attrib5.C  Execution test
FAIL: g++.jason/2371.C  Execution test
XPASS: g++.jason/template18.C (test for excess errors)
XPASS: g++.jason/template18.C  Execution test
FAIL: g++.jason/template24.C  Execution test
FAIL: g++.jason/template31.C  Execution test
FAIL: g++.jason/typeid1.C  Execution test
FAIL: g++.law/arg8.C  Execution test
FAIL: g++.law/code-gen5.C  Execution test
FAIL: g++.law/ctors12.C  Execution test
FAIL: g++.law/cvt2.C  Execution test
FAIL: g++.law/virtual3.C  Execution test
FAIL: g++.mike/eh2.C  Execution test
FAIL: g++.mike/net34.C  Execution test
FAIL: g++.mike/net46.C  Execution test
FAIL: g++.mike/p658.C  Execution test
FAIL: g++.other/headers1.C  Execution test
FAIL: g++.other/sibcall1.C  Execution test
FAIL: g++.other/unchanging1.C  Execution test
FAIL: g++.pt/ttp19.C  Execution test
FAIL: g++.robertl/eb115.C  Execution test
FAIL: g++.robertl/eb118.C  Execution test
FAIL: g++.robertl/eb132.C (test for excess errors)
FAIL: g++.robertl/eb21.C  Execution test
FAIL: g++.robertl/eb27.C  Execution test
FAIL: g++.robertl/eb31.C  Execution test
FAIL: g++.robertl/eb41.C  Execution test
FAIL: g++.robertl/eb46.C  Execution test
FAIL: g++.robertl/eb54.C  Execution test
FAIL: g++.robertl/eb66.C  Execution test
FAIL: g++.robertl/eb73.C  Execution test
FAIL: g++.robertl/eb77.C  Execution test

		=== g++ Summary ===

# of expected passes		7184
# of unexpected failures	42
# of unexpected successes	3
# of expected failures		84
# of untested testcases		15
# of unsupported tests		3
/usr/local/obj/gcc/gcc/testsuite/../g++ version 3.2 20020407 (experimental)

		=== g77 tests ===


Running target unix

		=== g77 Summary ===

# of expected passes		1614
/usr/local/obj/gcc/gcc/testsuite/../g77 version 3.2 20020407 (experimental)

		=== gcc tests ===


Running target unix
FAIL: gcc.c-torture/execute/20020307-2.c execution,  -O1 
FAIL: gcc.c-torture/execute/20020307-2.c execution,  -O2 
FAIL: gcc.c-torture/execute/20020307-2.c execution,  -O3 -fomit-frame-pointer 
FAIL: gcc.c-torture/execute/20020307-2.c execution,  -O3 -fomit-frame-pointer -funroll-loops 
FAIL: gcc.c-torture/execute/20020307-2.c execution,  -O3 -fomit-frame-pointer -funroll-all-loops -finline-functions 
FAIL: gcc.c-torture/execute/20020307-2.c execution,  -O3 -g 
FAIL: gcc.c-torture/execute/20020402-1.c execution,  -Os 
XPASS: gcc.c-torture/execute/loop-2e.c execution,  -Os 
FAIL: gcc.dg/i386-387-1.c scan-assembler call	sin
FAIL: gcc.dg/i386-387-1.c scan-assembler call	cos
FAIL: gcc.dg/i386-387-1.c scan-assembler call	sqrt

		=== gcc Summary ===

# of expected passes		18362
# of unexpected failures	10
# of unexpected successes	1
# of expected failures		65
# of unsupported tests		50
/usr/local/obj/gcc/gcc/xgcc version 3.2 20020407 (experimental)

		=== objc tests ===


Running target unix

		=== objc Summary ===

# of expected passes		1036
# of expected failures		6
/usr/local/obj/gcc/gcc/xgcc version 3.2 20020407 (experimental)

		=== libstdc++-v3 tests ===


Running target unix
FAIL: 17_intro/header_iostream.cc execution test
FAIL: 17_intro/headers.cc execution test
FAIL: 19_diagnostics/stdexceptions.cc execution test
FAIL: 21_strings/append.cc execution test
FAIL: 21_strings/assign.cc execution test
FAIL: 21_strings/capacity.cc (test for excess errors)
FAIL: 21_strings/capacity.cc execution test
FAIL: 21_strings/char_traits_requirements.cc execution test
FAIL: 21_strings/compare.cc execution test
FAIL: 21_strings/ctor_copy_dtor.cc execution test
FAIL: 21_strings/element_access.cc execution test
FAIL: 21_strings/find.cc execution test
FAIL: 21_strings/insert.cc execution test
FAIL: 21_strings/inserters_extractors.cc execution test
FAIL: 21_strings/invariants.cc execution test
FAIL: 21_strings/nonmember.cc execution test
FAIL: 21_strings/operations.cc execution test
FAIL: 21_strings/replace.cc execution test
FAIL: 21_strings/rfind.cc execution test
FAIL: 21_strings/substr.cc execution test
FAIL: 22_locale/codecvt_members_char_char.cc execution test
FAIL: 22_locale/collate.cc (test for excess errors)
XPASS: 22_locale/collate_members_wchar_t.cc execution test
FAIL: 22_locale/ctor_copy_dtor.cc execution test
FAIL: 22_locale/ctype_members_char.cc (test for excess errors)
WARNING: 22_locale/ctype_members_char.cc compilation failed to produce executable
FAIL: 22_locale/facet.cc execution test
FAIL: 22_locale/global_templates.cc execution test
FAIL: 22_locale/messages.cc (test for excess errors)
FAIL: 22_locale/money_get.cc (test for excess errors)
XPASS: 22_locale/money_get_members_wchar_t.cc execution test
FAIL: 22_locale/money_put.cc (test for excess errors)
XPASS: 22_locale/money_put_members_wchar_t.cc execution test
FAIL: 22_locale/moneypunct.cc (test for excess errors)
XPASS: 22_locale/moneypunct_members_wchar_t.cc execution test
FAIL: 22_locale/num_get.cc (test for excess errors)
XPASS: 22_locale/num_get_members_wchar_t.cc execution test
FAIL: 22_locale/num_put.cc (test for excess errors)
XPASS: 22_locale/num_put_members_wchar_t.cc execution test
FAIL: 22_locale/numpunct.cc (test for excess errors)
XPASS: 22_locale/numpunct_members_wchar_t.cc execution test
FAIL: 22_locale/operators.cc execution test
FAIL: 22_locale/static_members.cc execution test
XPASS: 22_locale/time_get_members_wchar_t.cc execution test
XPASS: 22_locale/time_put_members_wchar_t.cc execution test
FAIL: 23_containers/bitset_ctor.cc execution test
FAIL: 23_containers/bitset_members.cc execution test
FAIL: 23_containers/bitset_shift.cc execution test
FAIL: 23_containers/multiset.cc execution test
FAIL: 23_containers/vector_ctor.cc execution test
FAIL: 23_containers/vector_element_access.cc execution test
FAIL: 24_iterators/istream_iterator.cc execution test
FAIL: 24_iterators/istreambuf_iterator.cc execution test
FAIL: 24_iterators/iterator.cc (test for excess errors)
WARNING: 24_iterators/iterator.cc compilation failed to produce executable
FAIL: 24_iterators/ostream_iterator.cc execution test
FAIL: 24_iterators/ostreambuf_iterator.cc execution test
FAIL: 26_numerics/binary_closure.cc execution test
FAIL: 26_numerics/complex_inserters_extractors.cc (test for excess errors)
FAIL: 26_numerics/complex_inserters_extractors.cc execution test
FAIL: 27_io/filebuf_members.cc execution test
FAIL: 27_io/filebuf_virtuals.cc execution test
FAIL: 27_io/fstream_members.cc execution test
FAIL: 27_io/ifstream_members.cc execution test
FAIL: 27_io/instantiations.cc execution test
FAIL: 27_io/ios_base_callbacks.cc execution test
FAIL: 27_io/ios_base_members_static.cc execution test
FAIL: 27_io/ios_base_storage.cc execution test
FAIL: 27_io/ios_ctor.cc execution test
FAIL: 27_io/ios_init.cc (test for excess errors)
FAIL: 27_io/ios_init.cc execution test
FAIL: 27_io/ios_manip_basefield.cc execution test
FAIL: 27_io/ios_manip_fmtflags.cc execution test
FAIL: 27_io/ios_members.cc execution test
FAIL: 27_io/iostream_members.cc execution test
FAIL: 27_io/istream_extractor_arith.cc execution test
FAIL: 27_io/istream_extractor_char.cc execution test
FAIL: 27_io/istream_extractor_other.cc execution test
FAIL: 27_io/istream_manip.cc execution test
FAIL: 27_io/istream_seeks.cc execution test
FAIL: 27_io/istream_sentry.cc execution test
FAIL: 27_io/istream_unformatted.cc execution test
FAIL: 27_io/istringstream_members.cc execution test
FAIL: 27_io/narrow_stream_objects.cc execution test
FAIL: 27_io/ofstream_members.cc execution test
FAIL: 27_io/ostream_inserter_arith.cc execution test
FAIL: 27_io/ostream_inserter_char.cc execution test
FAIL: 27_io/ostream_inserter_other.cc execution test
FAIL: 27_io/ostream_manip.cc execution test
FAIL: 27_io/ostream_seeks.cc execution test
FAIL: 27_io/ostream_unformatted.cc execution test
FAIL: 27_io/ostringstream_members.cc execution test
FAIL: 27_io/standard_manipulators.cc execution test
FAIL: 27_io/streambuf.cc execution test
FAIL: 27_io/stringbuf.cc execution test
FAIL: 27_io/stringbuf_virtuals.cc execution test
FAIL: 27_io/stringstream.cc execution test
FAIL: 27_io/stringstream_members.cc execution test
FAIL: 27_io/wide_stream_objects.cc execution test
FAIL: backward/header_deque_h.cc execution test
FAIL: backward/header_hash_map_h.cc execution test
FAIL: backward/header_hash_set_h.cc execution test
FAIL: backward/header_hashtable_h.cc execution test
FAIL: backward/header_iterator_h.cc execution test
FAIL: backward/header_rope_h.cc execution test
FAIL: backward/header_tempbuf_h.cc execution test
FAIL: ext/allocators.cc execution test
FAIL: ext/concept_checks.cc execution test
FAIL: ext/headers.cc execution test
FAIL: ext/rope.cc (test for excess errors)
WARNING: ext/rope.cc compilation failed to produce executable
FAIL: thread/pthread2.cc execution test
FAIL: thread/pthread3.cc execution test
FAIL: thread/pthread4.cc (test for excess errors)
WARNING: thread/pthread4.cc compilation failed to produce executable
FAIL: thread/pthread5.cc execution test
FAIL: thread/pthread6.cc execution test

		=== libstdc++-v3 Summary ===

# of expected passes		264
# of unexpected failures	104
# of unexpected successes	9
# of expected failures		15

Compiler version: 3.2 20020407 (experimental) 
Platform: i686-pc-cygwin
configure flags: --host=i686-pc-cygwin --enable-threads=posix --disable-libgcj --enable-sjlj-exceptions --with-system-zlib --enable-nls --without-included-gettext --disable-shared
Counting all warnings,
there are 72 warnings in stage3 of this bootstrap.

Number of warnings per file:
     23	gcc/combine.c
     10	gcc/regclass.c
      9	gcc/gcc.c
      4	gcc/optabs.c
      3	gcc/unroll.c
      3	gcc/cp/lang-specs.h
      2	gcc/varasm.c
      2	gcc/real.c
      2	gcc/java/lex.c
      2	gcc/java/javaop.def
      2	gcc/fold-const.c
      1	gcc/unwind-pe.h
      1	gcc/tree.c
      1	gcc/sdbout.c
      1	gcc/reload.c
      1	gcc/java/parse.y
      1	gcc/java/jvspec.c
      1	gcc/function.c
      1	gcc/emit-rtl.c
      1	gcc/config/i386/i386.c
      1	gcc/cfgrtl.c

Number of warning types:
     41	comparison between signed and unsigned
      7	string length \`???' is greater than the length \`???' ISO C89 compilers are required to support
      4	traditional C rejects string concatenation
      4	signed and unsigned type in conditional expression
      4	\`???' defined but not used
      3	\`???' might be used uninitialized in this function
      2	operation on \`???' may be undefined
      2	assignment of read-only location
      1	unused variable \`???'
      1	pointer targets in passing arg ??? of \`???' differ in signedness
      1	function declaration isn't a prototype
      1	assignment discards qualifiers from pointer target type
      1	\`???' declared \`static' but never defined


Index Nav: [Date Index] [Subject Index] [Author Index] [Thread Index]
Message Nav: [Date Prev] [Date Next] [Thread Prev] [Thread Next]