This is the mail archive of the gcc-testresults@gcc.gnu.org mailing list for the GCC project.


Index Nav: [Date Index] [Subject Index] [Author Index] [Thread Index]
Message Nav: [Date Prev] [Date Next] [Thread Prev] [Thread Next]
Other format: [Raw text]

Results for 3.1 20020405 (prerelease) testsuite on i386-unknown-netbsdelf1.5ZC


LAST_UPDATED: Fri Apr  5 21:06:47 UTC 2002

Native configuration is i386-unknown-netbsdelf1.5ZC

		=== g++ tests ===


Running target unix

		=== g++ Summary ===

# of expected passes		7135
# of expected failures		86
# of untested testcases		15
# of unsupported tests		3
/ndsk/gcctmp/i386/31gcc020405/build/gcc/testsuite/../g++ version 3.1 20020405 (prerelease)

		=== g77 tests ===


Running target unix

		=== g77 Summary ===

# of expected passes		1452
# of unsupported tests		8
/ndsk/gcctmp/i386/31gcc020405/build/gcc/testsuite/../g77 version 3.1 20020405 (prerelease)

		=== gcc tests ===


Running target unix
FAIL: gcc.c-torture/execute/20020402-1.c execution,  -Os 
FAIL: gcc.c-torture/execute/960218-1.c compilation,  -O0 
UNRESOLVED: gcc.c-torture/execute/960218-1.c execution,  -O0 
FAIL: gcc.c-torture/execute/960218-1.c compilation,  -O1 
UNRESOLVED: gcc.c-torture/execute/960218-1.c execution,  -O1 
FAIL: gcc.c-torture/execute/960218-1.c compilation,  -O2 
UNRESOLVED: gcc.c-torture/execute/960218-1.c execution,  -O2 
FAIL: gcc.c-torture/execute/960218-1.c compilation,  -O3 -fomit-frame-pointer 
UNRESOLVED: gcc.c-torture/execute/960218-1.c execution,  -O3 -fomit-frame-pointer 
FAIL: gcc.c-torture/execute/960218-1.c compilation,  -O3 -fomit-frame-pointer -funroll-loops 
UNRESOLVED: gcc.c-torture/execute/960218-1.c execution,  -O3 -fomit-frame-pointer -funroll-loops 
FAIL: gcc.c-torture/execute/960218-1.c compilation,  -O3 -fomit-frame-pointer -funroll-all-loops -finline-functions 
UNRESOLVED: gcc.c-torture/execute/960218-1.c execution,  -O3 -fomit-frame-pointer -funroll-all-loops -finline-functions 
FAIL: gcc.c-torture/execute/960218-1.c compilation,  -O3 -g 
UNRESOLVED: gcc.c-torture/execute/960218-1.c execution,  -O3 -g 
FAIL: gcc.c-torture/execute/960218-1.c compilation,  -Os 
UNRESOLVED: gcc.c-torture/execute/960218-1.c execution,  -Os 
FAIL: gcc.c-torture/execute/loop-2c.c execution,  -Os 
FAIL: gcc.c-torture/execute/loop-2d.c execution,  -Os 
FAIL: gcc.c-torture/execute/loop-3c.c execution,  -Os 
FAIL: gcc.c-torture/execute/ieee/rbug.c execution,  -O0 
FAIL: gcc.c-torture/execute/ieee/rbug.c execution,  -O1 
FAIL: gcc.c-torture/execute/ieee/rbug.c execution,  -O2 
FAIL: gcc.c-torture/execute/ieee/rbug.c execution,  -Os 
FAIL: gcc.dg/format/c99-scanf-3.c vfscanf (test for warnings, line 21)
FAIL: gcc.dg/format/c99-scanf-3.c vfscanf (test for warnings, line 21)
FAIL: gcc.dg/format/ext-6.c vfscanf (test for warnings, line 42)
FAIL: gcc.dg/format/ext-6.c vfscanf (test for warnings, line 42)

		=== gcc Summary ===

# of expected passes		18184
# of unexpected failures	20
# of expected failures		62
# of unresolved testcases	8
# of unsupported tests		45
/ndsk/gcctmp/i386/31gcc020405/build/gcc/xgcc version 3.1 20020405 (prerelease)

		=== objc tests ===


Running target unix

		=== objc Summary ===

# of expected passes		1036
# of expected failures		6
/ndsk/gcctmp/i386/31gcc020405/build/gcc/xgcc version 3.1 20020405 (prerelease)

		=== libjava tests ===


Running target unix
FAIL: Array_3 execution from source compiled test
FAIL: Array_3 execution from bytecode->native test
FAIL: Array_3 -O execution from source compiled test
FAIL: Array_3 -O execution from bytecode->native test
FAIL: Divide_1 execution from source compiled test
FAIL: Divide_1 execution from bytecode->native test
FAIL: Divide_1 -O execution from source compiled test
FAIL: Divide_1 -O execution from bytecode->native test
FAIL: Invoke_1 execution from source compiled test
FAIL: Invoke_1 execution from bytecode->native test
FAIL: Invoke_1 -O execution from source compiled test
FAIL: Invoke_1 -O execution from bytecode->native test
FAIL: PR218 execution from source compiled test
FAIL: PR218 execution from bytecode->native test
FAIL: PR218 -O execution from source compiled test
FAIL: PR218 -O execution from bytecode->native test
FAIL: PR5057 -O execution from source compiled test
FAIL: PR5057 -O execution from bytecode->native test
FAIL: PR56 execution from bytecode->native test
FAIL: TLtest compilation from bytecode
FAIL: TLtest -O compilation from bytecode
FAIL: err10 -O execution from source compiled test
FAIL: err3 -O execution from source compiled test
FAIL: err3 -O execution from bytecode->native test
FAIL: err8 execution from source compiled test
FAIL: pr109 -O execution from bytecode->native test
FAIL: Throw_2 execution from source compiled test
FAIL: Throw_2 execution from bytecode->native test
FAIL: Throw_2 -O execution from source compiled test
FAIL: Throw_2 -O execution from bytecode->native test

		=== libjava Summary ===

# of expected passes		1923
# of unexpected failures	30
# of expected failures		18
# of untested testcases		122
		=== libstdc++-v3 tests ===


Running target unix
XPASS: 22_locale/collate_members_wchar_t.cc execution test
XPASS: 22_locale/money_get_members_wchar_t.cc execution test
XPASS: 22_locale/money_put_members_wchar_t.cc execution test
XPASS: 22_locale/moneypunct_members_wchar_t.cc execution test
XPASS: 22_locale/num_get_members_wchar_t.cc execution test
XPASS: 22_locale/num_put_members_wchar_t.cc execution test
XPASS: 22_locale/numpunct_members_wchar_t.cc execution test
XPASS: 22_locale/time_get_members_wchar_t.cc execution test
XPASS: 22_locale/time_put_members_wchar_t.cc execution test

		=== libstdc++-v3 Summary ===

# of expected passes		359
# of unexpected successes	9
# of expected failures		16
# of unsupported tests		6

Compiler version: 3.1 20020405 (prerelease) 
Platform: i386-unknown-netbsdelf1.5ZC
configure flags: --host=i386-unknown-netbsdelf1.5ZC --disable-nls


Index Nav: [Date Index] [Subject Index] [Author Index] [Thread Index]
Message Nav: [Date Prev] [Date Next] [Thread Prev] [Thread Next]