This is the mail archive of the gcc-testresults@gcc.gnu.org mailing list for the GCC project.


Index Nav: [Date Index] [Subject Index] [Author Index] [Thread Index]
Message Nav: [Date Prev] [Date Next] [Thread Prev] [Thread Next]
Other format: [Raw text]

Results for 3.1 20020405 (prerelease) testsuite on alpha-unknown-freebsd5.0


LAST_UPDATED: Sat Apr  6 04:07:29 GMT 2002

Native configuration is alpha-unknown-freebsd5.0

		=== libjava tests ===


Running target unix/-pthread
FAIL: noclass run
FAIL: throwit run
FAIL: Divide_1 execution from source compiled test
FAIL: Divide_1 execution from bytecode->native test
FAIL: Divide_1 -O execution from source compiled test
FAIL: Divide_1 -O execution from bytecode->native test
FAIL: Final execution from source compiled test
FAIL: Final execution from bytecode->native test
FAIL: Final -O execution from source compiled test
FAIL: Final -O execution from bytecode->native test
FAIL: G19990302_02 execution from source compiled test
FAIL: G19990302_02 execution from bytecode->native test
WARNING: program timed out.
FAIL: G19990302_02 -O execution from source compiled test
FAIL: G19990302_02 -O execution from bytecode->native test
FAIL: G19990303_01 execution from source compiled test
FAIL: G19990303_01 execution from bytecode->native test
FAIL: G19990303_01 -O execution from source compiled test
FAIL: G19990303_01 -O execution from bytecode->native test
FAIL: G19990303_02 execution from source compiled test
WARNING: program timed out.
FAIL: G19990303_02 execution from bytecode->native test
FAIL: G19990303_02 -O execution from source compiled test
FAIL: G19990303_02 -O execution from bytecode->native test
FAIL: G19990304_01 execution from source compiled test
FAIL: G19990304_01 execution from bytecode->native test
FAIL: G19990304_01 -O execution from source compiled test
FAIL: G19990304_01 -O execution from bytecode->native test
FAIL: InterfaceDispatch execution from source compiled test
FAIL: InterfaceDispatch execution from bytecode->native test
FAIL: InterfaceDispatch -O execution from source compiled test
FAIL: InterfaceDispatch -O execution from bytecode->native test
FAIL: Invoke_1 execution from source compiled test
FAIL: Invoke_1 execution from bytecode->native test
FAIL: Invoke_1 -O execution from source compiled test
FAIL: Invoke_1 -O execution from bytecode->native test
FAIL: PR141 execution from source compiled test
FAIL: PR141 execution from bytecode->native test
FAIL: PR141 -O execution from source compiled test
FAIL: PR141 -O execution from bytecode->native test
FAIL: PR218 execution from source compiled test
FAIL: PR218 execution from bytecode->native test
FAIL: PR218 -O execution from source compiled test
FAIL: PR218 -O execution from bytecode->native test
FAIL: StringBuffer_1 execution from source compiled test
FAIL: StringBuffer_1 execution from bytecode->native test
FAIL: StringBuffer_1 -O execution from source compiled test
FAIL: StringBuffer_1 -O execution from bytecode->native test
FAIL: Thread_Alive execution from source compiled test
FAIL: Thread_Alive execution from bytecode->native test
FAIL: Thread_Alive -O execution from source compiled test
FAIL: Thread_Alive -O execution from bytecode->native test
FAIL: Thread_Interrupt execution from source compiled test
FAIL: Thread_Interrupt execution from bytecode->native test
FAIL: Thread_Interrupt -O execution from source compiled test
FAIL: Thread_Interrupt -O execution from bytecode->native test
FAIL: Thread_Monitor output from source compiled test
FAIL: Thread_Monitor -O execution from bytecode->native test
FAIL: Thread_Wait_2 execution from source compiled test
FAIL: Thread_Wait_2 execution from bytecode->native test
FAIL: Thread_Wait_2 -O execution from source compiled test
FAIL: Thread_Wait_2 -O execution from bytecode->native test
FAIL: Thread_Wait_Interrupt execution from source compiled test
WARNING: program timed out.
FAIL: Thread_Wait_Interrupt execution from bytecode->native test
FAIL: Thread_Wait_Interrupt -O execution from source compiled test
FAIL: Thread_Wait_Interrupt -O execution from bytecode->native test
FAIL: Throw_1 execution from source compiled test
FAIL: Throw_1 execution from bytecode->native test
FAIL: Throw_1 -O execution from source compiled test
FAIL: Throw_1 -O execution from bytecode->native test
WARNING: program timed out.
FAIL: anon execution from source compiled test
WARNING: program timed out.
FAIL: err4 execution from bytecode->native test
FAIL: Throw_2 execution from source compiled test
FAIL: Throw_2 execution from bytecode->native test
FAIL: Throw_2 -O execution from source compiled test
WARNING: program timed out.
FAIL: Throw_2 -O execution from bytecode->native test
FAIL: instinit2 execution from source compiled test
FAIL: instinit2 execution from bytecode->native test
FAIL: instinit2 -O execution from source compiled test
FAIL: instinit2 -O execution from bytecode->native test
FAIL: pr184 execution from source compiled test
FAIL: pr184 execution from bytecode->native test
FAIL: pr184 -O execution from source compiled test
FAIL: pr184 -O execution from bytecode->native test
FAIL: pr83 execution from source compiled test
FAIL: pr83 execution from bytecode->native test
FAIL: pr83 -O execution from source compiled test
FAIL: pr83 -O execution from bytecode->native test
FAIL: Array_3 execution from source compiled test
FAIL: Array_3 execution from bytecode->native test
FAIL: Array_3 -O execution from source compiled test
FAIL: Array_3 -O execution from bytecode->native test
WARNING: program timed out.
FAIL: ArrayStore execution from source compiled test
FAIL: ArrayStore execution from bytecode->native test
FAIL: ArrayStore -O execution from source compiled test
FAIL: ArrayStore -O execution from bytecode->native test
FAIL: ArrayStore2 execution from source compiled test
FAIL: ArrayStore2 execution from bytecode->native test
FAIL: ArrayStore2 -O execution from source compiled test
FAIL: ArrayStore2 -O execution from bytecode->native test
FAIL: FileHandleGcTest execution from source compiled test
FAIL: FileHandleGcTest execution from bytecode->native test
FAIL: FileHandleGcTest -O execution from source compiled test
FAIL: FileHandleGcTest -O execution from bytecode->native test
FAIL: SyncTest execution from source compiled test
FAIL: SyncTest execution from bytecode->native test
FAIL: SyncTest -O execution from source compiled test
FAIL: SyncTest -O execution from bytecode->native test
FAIL: invokethrow execution from source compiled test
FAIL: invokethrow execution from bytecode->native test
FAIL: invokethrow -O execution from source compiled test
FAIL: invokethrow -O execution from bytecode->native test

		=== libjava Summary ===

# of expected passes		1848
# of unexpected failures	110
# of expected failures		14
# of untested testcases		123
		=== libstdc++-v3 tests ===


Running target unix/-pthread
XPASS: 22_locale/collate_members_wchar_t.cc execution test
XPASS: 22_locale/money_get_members_wchar_t.cc execution test
XPASS: 22_locale/money_put_members_wchar_t.cc execution test
XPASS: 22_locale/moneypunct_members_wchar_t.cc execution test
XPASS: 22_locale/num_get_members_wchar_t.cc execution test
XPASS: 22_locale/num_put_members_wchar_t.cc execution test
XPASS: 22_locale/numpunct_members_wchar_t.cc execution test
XPASS: 22_locale/time_get_members_wchar_t.cc execution test
XPASS: 22_locale/time_put_members_wchar_t.cc execution test

		=== libstdc++-v3 Summary ===

# of expected passes		371
# of unexpected successes	9
# of expected failures		16
		=== g++ tests ===


Running target unix/-pthread
FAIL: g++.eh/badalloc1.C  Execution test
FAIL: g++.law/profile1.C (test for excess errors)
FAIL: g++.law/profile1.C  Execution test

		=== g++ Summary ===

# of expected passes		7121
# of unexpected failures	3
# of expected failures		86
# of untested testcases		22
# of unsupported tests		3
/j/ljrittle/gcc-build-beast-0405/gcc/testsuite/../g++ version 3.1 20020405 (prerelease)

		=== g77 tests ===


Running target unix/-pthread

		=== g77 Summary ===

# of expected passes		1452
# of unsupported tests		8
/j/ljrittle/gcc-build-beast-0405/gcc/testsuite/../g77 version 3.1 20020405 (prerelease)

		=== gcc tests ===


Running target unix/-pthread
WARNING: program timed out.
FAIL: gcc.c-torture/compile/20001226-1.c,  -O2  
WARNING: program timed out.
FAIL: gcc.c-torture/compile/20001226-1.c,  -O3 -fomit-frame-pointer  
WARNING: program timed out.
FAIL: gcc.c-torture/compile/20001226-1.c,  -O3 -g  
WARNING: program timed out.
FAIL: gcc.c-torture/compile/20001226-1.c,  -Os  
FAIL: gcc.c-torture/execute/20020227-1.c execution,  -O0 
FAIL: gcc.c-torture/execute/20020227-1.c execution,  -O1 
FAIL: gcc.c-torture/execute/20020227-1.c execution,  -O2 
FAIL: gcc.c-torture/execute/20020227-1.c execution,  -O3 -fomit-frame-pointer 
FAIL: gcc.c-torture/execute/20020227-1.c execution,  -O3 -g 
FAIL: gcc.c-torture/execute/20020227-1.c execution,  -Os 
FAIL: gcc.c-torture/execute/ieee/fp-cmp-2.c execution,  -O0 
FAIL: gcc.c-torture/execute/ieee/fp-cmp-2.c execution,  -O2 
FAIL: gcc.c-torture/execute/ieee/fp-cmp-2.c execution,  -O3 -fomit-frame-pointer 
FAIL: gcc.c-torture/execute/ieee/fp-cmp-2.c execution,  -O3 -fomit-frame-pointer -funroll-loops 
FAIL: gcc.c-torture/execute/ieee/fp-cmp-2.c execution,  -O3 -fomit-frame-pointer -funroll-all-loops -finline-functions 
FAIL: gcc.c-torture/execute/ieee/fp-cmp-2.c execution,  -O3 -g 
FAIL: gcc.c-torture/execute/ieee/fp-cmp-2.c execution,  -Os 
XPASS: gcc.dg/c99-intconst-1.c (test for excess errors)
FAIL: gcc.dg/format/c99-scanf-3.c vfscanf (test for warnings, line 21)
FAIL: gcc.dg/format/c99-scanf-3.c vfscanf (test for warnings, line 21)
FAIL: gcc.dg/format/ext-6.c vfscanf (test for warnings, line 42)
FAIL: gcc.dg/format/ext-6.c vfscanf (test for warnings, line 42)

		=== gcc Summary ===

# of expected passes		18033
# of unexpected failures	21
# of unexpected successes	1
# of expected failures		65
# of unsupported tests		110
/j/ljrittle/gcc-build-beast-0405/gcc/xgcc version 3.1 20020405 (prerelease)

		=== objc tests ===


Running target unix/-pthread

		=== objc Summary ===

# of expected passes		1036
# of expected failures		6
/j/ljrittle/gcc-build-beast-0405/gcc/xgcc version 3.1 20020405 (prerelease)


Compiler version: 3.1 20020405 (prerelease) 
Platform: alpha-unknown-freebsd5.0
configure flags: --host=alpha-unknown-freebsd5.0 --enable-libgcj --prefix=/home/ljrittle/tmp-beast/install-beast --with-gnu-as --with-as=/usr/bin/as --with-gnu-ld --with-ld=/usr/bin/ld
BOOT_CFLAGS=-g -O2
Using gmake with objdir configuration
Key: gmake is GNU make
     make is BSD make as shipped on alpha-unknown-freebsd5.0
     srcdir means in-source configuration was done within the gcc source tree
     objdir means out-source configuration was done within a fresh directory
ref4 (3.1) and ref5 (mainline) attempt to build gcc twice daily;
once for srcdir configuration and once for objdir configuration;
odd number days use GNU make; even days use BSD make; missing
reports infer breakage; libjava is only built when gmake is used.
beast (3.1) builds gcc once daily using gmake with objdir conf.


Index Nav: [Date Index] [Subject Index] [Author Index] [Thread Index]
Message Nav: [Date Prev] [Date Next] [Thread Prev] [Thread Next]