This is the mail archive of the
gcc-testresults@gcc.gnu.org
mailing list for the GCC project.
Results for 3.1 20020403 (prerelease) testsuite on sparc-sun-solaris2.7 (RTL check)
- From: "Kaveh R. Ghazi" <ghazi at caip dot rutgers dot edu>
- To: gcc-testresults at gcc dot gnu dot org
- Date: Thu, 4 Apr 2002 15:00:14 -0500 (EST)
- Subject: Results for 3.1 20020403 (prerelease) testsuite on sparc-sun-solaris2.7 (RTL check)
LAST_UPDATED:
Native configuration is sparc-sun-solaris2.7
=== g++ tests ===
Running target unix/-m64
FAIL: g++.dg/special/conpr-2.C execution test
FAIL: g++.dg/special/conpr-3.C execution test
FAIL: g++.dg/special/initp1.C execution test
FAIL: g++.ext/namedret1.C caused compiler crash
=== g++ Summary for unix/-m64 ===
# of expected passes 7125
# of unexpected failures 4
# of expected failures 86
# of untested testcases 21
# of unsupported tests 2
Running target unix/-fPIC
FAIL: g++.dg/special/conpr-2.C execution test
FAIL: g++.dg/special/conpr-3.C execution test
FAIL: g++.dg/special/initp1.C execution test
FAIL: g++.law/profile1.C (test for excess errors)
=== g++ Summary for unix/-fPIC ===
# of expected passes 7125
# of unexpected failures 4
# of expected failures 87
# of untested testcases 21
# of unsupported tests 2
Running target unix/-fpic
FAIL: g++.dg/special/conpr-2.C execution test
FAIL: g++.dg/special/conpr-3.C execution test
FAIL: g++.dg/special/initp1.C execution test
FAIL: g++.law/profile1.C (test for excess errors)
=== g++ Summary for unix/-fpic ===
# of expected passes 7125
# of unexpected failures 4
# of expected failures 87
# of untested testcases 21
# of unsupported tests 2
Running target unix
FAIL: g++.dg/special/conpr-2.C execution test
FAIL: g++.dg/special/conpr-3.C execution test
FAIL: g++.dg/special/initp1.C execution test
=== g++ Summary for unix ===
# of expected passes 7127
# of unexpected failures 3
# of expected failures 86
# of untested testcases 21
# of unsupported tests 2
=== g++ Summary ===
# of expected passes 28502
# of unexpected failures 15
# of expected failures 346
# of untested testcases 84
# of unsupported tests 8
/tmp/.foo/branch/build/gcc/testsuite/../g++ version 3.1 20020403 (prerelease)
=== g77 tests ===
Running target unix/-m64
FAIL: g77.f-torture/execute/19981119-0.f compilation, -O0
FAIL: g77.f-torture/execute/19981119-0.f compilation, -O1
FAIL: g77.f-torture/execute/19981119-0.f compilation, -O2
FAIL: g77.f-torture/execute/19981119-0.f compilation, -O3 -fomit-frame-pointer
FAIL: g77.f-torture/execute/19981119-0.f compilation, -O3 -g
FAIL: g77.f-torture/execute/19981119-0.f compilation, -Os
FAIL: g77.f-torture/execute/20010116.f compilation, -O0
FAIL: g77.f-torture/execute/20010116.f compilation, -O1
FAIL: g77.f-torture/execute/20010116.f compilation, -O2
FAIL: g77.f-torture/execute/20010116.f compilation, -O3 -fomit-frame-pointer
FAIL: g77.f-torture/execute/20010116.f compilation, -O3 -fomit-frame-pointer -funroll-loops
FAIL: g77.f-torture/execute/20010116.f compilation, -O3 -fomit-frame-pointer -funroll-all-loops -finline-functions
FAIL: g77.f-torture/execute/20010116.f compilation, -O3 -g
FAIL: g77.f-torture/execute/20010116.f compilation, -Os
=== g77 Summary for unix/-m64 ===
# of expected passes 1424
# of unexpected failures 14
# of untested testcases 14
# of unsupported tests 8
Running target unix/-fPIC
=== g77 Summary for unix/-fPIC ===
# of expected passes 1452
# of unsupported tests 8
Running target unix/-fpic
=== g77 Summary for unix/-fpic ===
# of expected passes 1452
# of unsupported tests 8
Running target unix
=== g77 Summary for unix ===
# of expected passes 1452
# of unsupported tests 8
=== g77 Summary ===
# of expected passes 5780
# of unexpected failures 14
# of untested testcases 14
# of unsupported tests 32
/tmp/.foo/branch/build/gcc/testsuite/../g77 version 3.1 20020403 (prerelease)
=== gcc tests ===
Running target unix/-m64
FAIL: gcc.c-torture/execute/20020227-1.c execution, -O2
FAIL: gcc.c-torture/execute/20020227-1.c execution, -O3 -fomit-frame-pointer
FAIL: gcc.c-torture/execute/20020227-1.c execution, -O3 -g
FAIL: gcc.c-torture/execute/20020227-1.c execution, -Os
FAIL: gcc.c-torture/execute/built-in-setjmp.c execution, -O1
FAIL: gcc.c-torture/execute/built-in-setjmp.c execution, -O2
FAIL: gcc.c-torture/execute/built-in-setjmp.c execution, -O3 -fomit-frame-pointer
FAIL: gcc.c-torture/execute/built-in-setjmp.c execution, -O3 -fomit-frame-pointer -funroll-loops
FAIL: gcc.c-torture/execute/built-in-setjmp.c execution, -O3 -fomit-frame-pointer -funroll-all-loops -finline-functions
FAIL: gcc.c-torture/execute/built-in-setjmp.c execution, -O3 -g
FAIL: gcc.c-torture/execute/regstack-1.c execution, -O0
FAIL: gcc.c-torture/execute/va-arg-22.c execution, -O0
FAIL: gcc.c-torture/execute/va-arg-22.c execution, -O1
FAIL: gcc.c-torture/execute/va-arg-22.c execution, -O2
FAIL: gcc.c-torture/execute/va-arg-22.c execution, -O3 -fomit-frame-pointer
FAIL: gcc.c-torture/execute/va-arg-22.c execution, -O3 -fomit-frame-pointer -funroll-loops
FAIL: gcc.c-torture/execute/va-arg-22.c execution, -O3 -fomit-frame-pointer -funroll-all-loops -finline-functions
FAIL: gcc.c-torture/execute/va-arg-22.c execution, -O3 -g
FAIL: gcc.c-torture/execute/va-arg-22.c execution, -Os
FAIL: gcc.c-torture/execute/ieee/fp-cmp-5.c compilation, -O1
UNRESOLVED: gcc.c-torture/execute/ieee/fp-cmp-5.c execution, -O1
FAIL: gcc.c-torture/execute/ieee/fp-cmp-5.c compilation, -O2
UNRESOLVED: gcc.c-torture/execute/ieee/fp-cmp-5.c execution, -O2
FAIL: gcc.c-torture/execute/ieee/fp-cmp-5.c compilation, -O3 -fomit-frame-pointer
UNRESOLVED: gcc.c-torture/execute/ieee/fp-cmp-5.c execution, -O3 -fomit-frame-pointer
FAIL: gcc.c-torture/execute/ieee/fp-cmp-5.c compilation, -O3 -fomit-frame-pointer -funroll-loops
UNRESOLVED: gcc.c-torture/execute/ieee/fp-cmp-5.c execution, -O3 -fomit-frame-pointer -funroll-loops
FAIL: gcc.c-torture/execute/ieee/fp-cmp-5.c compilation, -O3 -fomit-frame-pointer -funroll-all-loops -finline-functions
UNRESOLVED: gcc.c-torture/execute/ieee/fp-cmp-5.c execution, -O3 -fomit-frame-pointer -funroll-all-loops -finline-functions
FAIL: gcc.c-torture/execute/ieee/fp-cmp-5.c compilation, -O3 -g
UNRESOLVED: gcc.c-torture/execute/ieee/fp-cmp-5.c execution, -O3 -g
FAIL: gcc.c-torture/execute/ieee/fp-cmp-5.c compilation, -Os
UNRESOLVED: gcc.c-torture/execute/ieee/fp-cmp-5.c execution, -Os
XPASS: gcc.dg/c99-intconst-1.c (test for excess errors)
FAIL: gcc.dg/sparc-ret.c (test for excess errors)
FAIL: gcc.dg/sparc-ret.c scan-assembler return[ ]*%i7\\+8
UNRESOLVED: weak-1.c
UNRESOLVED: weak-2.c
UNRESOLVED: wkali-1.c
UNRESOLVED: wkali-2.c
=== gcc Summary for unix/-m64 ===
# of expected passes 18014
# of unexpected failures 28
# of unexpected successes 1
# of expected failures 61
# of unresolved testcases 11
# of unsupported tests 107
Running target unix/-fPIC
FAIL: gcc.c-torture/execute/ieee/fp-cmp-5.c compilation, -O1
UNRESOLVED: gcc.c-torture/execute/ieee/fp-cmp-5.c execution, -O1
FAIL: gcc.c-torture/execute/ieee/fp-cmp-5.c compilation, -O2
UNRESOLVED: gcc.c-torture/execute/ieee/fp-cmp-5.c execution, -O2
FAIL: gcc.c-torture/execute/ieee/fp-cmp-5.c compilation, -O3 -fomit-frame-pointer
UNRESOLVED: gcc.c-torture/execute/ieee/fp-cmp-5.c execution, -O3 -fomit-frame-pointer
FAIL: gcc.c-torture/execute/ieee/fp-cmp-5.c compilation, -O3 -fomit-frame-pointer -funroll-loops
UNRESOLVED: gcc.c-torture/execute/ieee/fp-cmp-5.c execution, -O3 -fomit-frame-pointer -funroll-loops
FAIL: gcc.c-torture/execute/ieee/fp-cmp-5.c compilation, -O3 -fomit-frame-pointer -funroll-all-loops -finline-functions
UNRESOLVED: gcc.c-torture/execute/ieee/fp-cmp-5.c execution, -O3 -fomit-frame-pointer -funroll-all-loops -finline-functions
FAIL: gcc.c-torture/execute/ieee/fp-cmp-5.c compilation, -O3 -g
UNRESOLVED: gcc.c-torture/execute/ieee/fp-cmp-5.c execution, -O3 -g
FAIL: gcc.c-torture/execute/ieee/fp-cmp-5.c compilation, -Os
UNRESOLVED: gcc.c-torture/execute/ieee/fp-cmp-5.c execution, -Os
FAIL: gcc.dg/cpp/charconst.c (test for excess errors)
FAIL: gcc.dg/20020312-2.c (test for excess errors)
WARNING: gcc.dg/20020312-2.c compilation failed to produce executable
UNRESOLVED: weak-1.c
UNRESOLVED: weak-2.c
UNRESOLVED: wkali-1.c
UNRESOLVED: wkali-2.c
=== gcc Summary for unix/-fPIC ===
# of expected passes 18032
# of unexpected failures 9
# of expected failures 62
# of unresolved testcases 11
# of unsupported tests 107
Running target unix/-fpic
FAIL: gcc.c-torture/execute/ieee/fp-cmp-5.c compilation, -O1
UNRESOLVED: gcc.c-torture/execute/ieee/fp-cmp-5.c execution, -O1
FAIL: gcc.c-torture/execute/ieee/fp-cmp-5.c compilation, -O2
UNRESOLVED: gcc.c-torture/execute/ieee/fp-cmp-5.c execution, -O2
FAIL: gcc.c-torture/execute/ieee/fp-cmp-5.c compilation, -O3 -fomit-frame-pointer
UNRESOLVED: gcc.c-torture/execute/ieee/fp-cmp-5.c execution, -O3 -fomit-frame-pointer
FAIL: gcc.c-torture/execute/ieee/fp-cmp-5.c compilation, -O3 -fomit-frame-pointer -funroll-loops
UNRESOLVED: gcc.c-torture/execute/ieee/fp-cmp-5.c execution, -O3 -fomit-frame-pointer -funroll-loops
FAIL: gcc.c-torture/execute/ieee/fp-cmp-5.c compilation, -O3 -fomit-frame-pointer -funroll-all-loops -finline-functions
UNRESOLVED: gcc.c-torture/execute/ieee/fp-cmp-5.c execution, -O3 -fomit-frame-pointer -funroll-all-loops -finline-functions
FAIL: gcc.c-torture/execute/ieee/fp-cmp-5.c compilation, -O3 -g
UNRESOLVED: gcc.c-torture/execute/ieee/fp-cmp-5.c execution, -O3 -g
FAIL: gcc.c-torture/execute/ieee/fp-cmp-5.c compilation, -Os
UNRESOLVED: gcc.c-torture/execute/ieee/fp-cmp-5.c execution, -Os
FAIL: gcc.dg/cpp/charconst.c (test for excess errors)
FAIL: gcc.dg/20020312-2.c (test for excess errors)
WARNING: gcc.dg/20020312-2.c compilation failed to produce executable
UNRESOLVED: weak-1.c
UNRESOLVED: weak-2.c
UNRESOLVED: wkali-1.c
UNRESOLVED: wkali-2.c
=== gcc Summary for unix/-fpic ===
# of expected passes 18032
# of unexpected failures 9
# of expected failures 62
# of unresolved testcases 11
# of unsupported tests 107
Running target unix
FAIL: gcc.c-torture/execute/ieee/fp-cmp-5.c compilation, -O1
UNRESOLVED: gcc.c-torture/execute/ieee/fp-cmp-5.c execution, -O1
FAIL: gcc.c-torture/execute/ieee/fp-cmp-5.c compilation, -O2
UNRESOLVED: gcc.c-torture/execute/ieee/fp-cmp-5.c execution, -O2
FAIL: gcc.c-torture/execute/ieee/fp-cmp-5.c compilation, -O3 -fomit-frame-pointer
UNRESOLVED: gcc.c-torture/execute/ieee/fp-cmp-5.c execution, -O3 -fomit-frame-pointer
FAIL: gcc.c-torture/execute/ieee/fp-cmp-5.c compilation, -O3 -fomit-frame-pointer -funroll-loops
UNRESOLVED: gcc.c-torture/execute/ieee/fp-cmp-5.c execution, -O3 -fomit-frame-pointer -funroll-loops
FAIL: gcc.c-torture/execute/ieee/fp-cmp-5.c compilation, -O3 -fomit-frame-pointer -funroll-all-loops -finline-functions
UNRESOLVED: gcc.c-torture/execute/ieee/fp-cmp-5.c execution, -O3 -fomit-frame-pointer -funroll-all-loops -finline-functions
FAIL: gcc.c-torture/execute/ieee/fp-cmp-5.c compilation, -O3 -g
UNRESOLVED: gcc.c-torture/execute/ieee/fp-cmp-5.c execution, -O3 -g
FAIL: gcc.c-torture/execute/ieee/fp-cmp-5.c compilation, -Os
UNRESOLVED: gcc.c-torture/execute/ieee/fp-cmp-5.c execution, -Os
FAIL: gcc.dg/cpp/charconst.c (test for excess errors)
UNRESOLVED: weak-1.c
UNRESOLVED: weak-2.c
UNRESOLVED: wkali-1.c
UNRESOLVED: wkali-2.c
=== gcc Summary for unix ===
# of expected passes 18034
# of unexpected failures 8
# of expected failures 62
# of unresolved testcases 11
# of unsupported tests 107
=== gcc Summary ===
# of expected passes 72112
# of unexpected failures 54
# of unexpected successes 1
# of expected failures 247
# of unresolved testcases 44
# of unsupported tests 428
/tmp/.foo/branch/build/gcc/xgcc version 3.1 20020403 (prerelease)
=== objc tests ===
Running target unix/-m64
FAIL: objc/execute/bycopy-3.m execution, -O0
FAIL: objc/execute/bycopy-3.m execution, -O1
FAIL: objc/execute/bycopy-3.m execution, -O2
FAIL: objc/execute/bycopy-3.m execution, -O3 -fomit-frame-pointer
FAIL: objc/execute/bycopy-3.m execution, -O3 -g
FAIL: objc/execute/bycopy-3.m execution, -Os
FAIL: objc/execute/formal_protocol-5.m execution, -O0
FAIL: objc/execute/formal_protocol-5.m execution, -O1
FAIL: objc/execute/formal_protocol-5.m execution, -O2
FAIL: objc/execute/formal_protocol-5.m execution, -O3 -fomit-frame-pointer
FAIL: objc/execute/formal_protocol-5.m execution, -O3 -g
FAIL: objc/execute/formal_protocol-5.m execution, -Os
=== objc Summary for unix/-m64 ===
# of expected passes 1024
# of unexpected failures 12
# of expected failures 6
Running target unix/-fPIC
=== objc Summary for unix/-fPIC ===
# of expected passes 1036
# of expected failures 6
Running target unix/-fpic
=== objc Summary for unix/-fpic ===
# of expected passes 1036
# of expected failures 6
Running target unix
=== objc Summary for unix ===
# of expected passes 1036
# of expected failures 6
=== objc Summary ===
# of expected passes 4132
# of unexpected failures 12
# of expected failures 24
/tmp/.foo/branch/build/gcc/xgcc version 3.1 20020403 (prerelease)
=== libjava tests ===
Running target unix/-m64
FAIL: cxxtest run
FAIL: calls run
FAIL: final_method run
FAIL: field run
FAIL: findclass run
FAIL: invoke run
FAIL: martin run
FAIL: noclass run
FAIL: overload run
FAIL: register run
FAIL: simple_int run
FAIL: throwit run
FAIL: virtual run
FAIL: ArrayStore execution from source compiled test
FAIL: ArrayStore execution from bytecode->native test
FAIL: ArrayStore -O execution from source compiled test
FAIL: ArrayStore -O execution from bytecode->native test
FAIL: ArrayStore2 execution from source compiled test
FAIL: ArrayStore2 execution from bytecode->native test
FAIL: ArrayStore2 -O execution from source compiled test
FAIL: ArrayStore2 -O execution from bytecode->native test
FAIL: Array_1 execution from source compiled test
FAIL: Array_1 execution from bytecode->native test
FAIL: Array_1 -O execution from source compiled test
FAIL: Array_1 -O execution from bytecode->native test
FAIL: Array_2 execution from source compiled test
FAIL: Array_2 execution from bytecode->native test
FAIL: Array_2 -O execution from source compiled test
FAIL: Array_2 -O execution from bytecode->native test
FAIL: Array_3 execution from source compiled test
FAIL: Array_3 execution from bytecode->native test
FAIL: Array_3 -O execution from source compiled test
FAIL: Array_3 -O execution from bytecode->native test
FAIL: Class_1 execution from source compiled test
FAIL: Class_1 execution from bytecode->native test
FAIL: Class_1 -O execution from source compiled test
FAIL: Class_1 -O execution from bytecode->native test
FAIL: Divide_1 execution from source compiled test
FAIL: Divide_1 execution from bytecode->native test
FAIL: Divide_1 -O execution from source compiled test
FAIL: Divide_1 -O execution from bytecode->native test
FAIL: Final execution from source compiled test
FAIL: Final execution from bytecode->native test
FAIL: Final -O execution from source compiled test
FAIL: Final -O execution from bytecode->native test
FAIL: FileHandleGcTest execution from source compiled test
FAIL: FileHandleGcTest execution from bytecode->native test
FAIL: FileHandleGcTest -O execution from source compiled test
FAIL: FileHandleGcTest -O execution from bytecode->native test
FAIL: Float_1 execution from source compiled test
FAIL: Float_1 execution from bytecode->native test
FAIL: Float_1 -O execution from source compiled test
FAIL: Float_1 -O execution from bytecode->native test
FAIL: G19990301_01 execution from source compiled test
FAIL: G19990301_01 execution from bytecode->native test
FAIL: G19990301_01 -O execution from source compiled test
FAIL: G19990301_01 -O execution from bytecode->native test
FAIL: G19990302_02 execution from source compiled test
FAIL: G19990302_02 execution from bytecode->native test
FAIL: G19990302_02 -O execution from source compiled test
FAIL: G19990302_02 -O execution from bytecode->native test
FAIL: G19990303_01 execution from source compiled test
FAIL: G19990303_01 execution from bytecode->native test
FAIL: G19990303_01 -O execution from source compiled test
FAIL: G19990303_01 -O execution from bytecode->native test
FAIL: G19990303_02 execution from source compiled test
FAIL: G19990303_02 execution from bytecode->native test
FAIL: G19990303_02 -O execution from source compiled test
FAIL: G19990303_02 -O execution from bytecode->native test
FAIL: G19990304_01 execution from source compiled test
FAIL: G19990304_01 execution from bytecode->native test
FAIL: G19990304_01 -O execution from source compiled test
FAIL: G19990304_01 -O execution from bytecode->native test
FAIL: G19990310_01 execution from source compiled test
FAIL: G19990310_01 execution from bytecode->native test
FAIL: G19990310_01 -O execution from source compiled test
FAIL: G19990310_01 -O execution from bytecode->native test
FAIL: II execution from source compiled test
FAIL: II execution from bytecode->native test
FAIL: II -O execution from source compiled test
FAIL: II -O execution from bytecode->native test
FAIL: InterfaceDispatch execution from source compiled test
FAIL: InterfaceDispatch execution from bytecode->native test
FAIL: InterfaceDispatch -O execution from source compiled test
FAIL: InterfaceDispatch -O execution from bytecode->native test
FAIL: InvokeReturn execution from source compiled test
FAIL: InvokeReturn execution from bytecode->native test
FAIL: InvokeReturn -O execution from source compiled test
FAIL: InvokeReturn -O execution from bytecode->native test
FAIL: Invoke_1 execution from source compiled test
FAIL: Invoke_1 execution from bytecode->native test
FAIL: Invoke_1 -O execution from source compiled test
FAIL: Invoke_1 -O execution from bytecode->native test
FAIL: Invoke_2 execution from source compiled test
FAIL: Invoke_2 execution from bytecode->native test
FAIL: Invoke_2 -O execution from source compiled test
FAIL: Invoke_2 -O execution from bytecode->native test
FAIL: KeepInline execution from source compiled test
FAIL: KeepInline execution from bytecode->native test
FAIL: KeepInline -O execution from source compiled test
FAIL: KeepInline -O execution from bytecode->native test
FAIL: Matrix4f execution from source compiled test
FAIL: Matrix4f execution from bytecode->native test
FAIL: Matrix4f -O execution from source compiled test
FAIL: Matrix4f -O execution from bytecode->native test
FAIL: N19990310_02 execution from source compiled test
FAIL: N19990310_02 execution from bytecode->native test
FAIL: N19990310_02 -O execution from source compiled test
FAIL: N19990310_02 -O execution from bytecode->native test
FAIL: N19990310_3 execution from source compiled test
FAIL: N19990310_3 execution from bytecode->native test
FAIL: N19990310_3 -O execution from source compiled test
FAIL: N19990310_3 -O execution from bytecode->native test
FAIL: N19990310_4 execution from source compiled test
FAIL: N19990310_4 execution from bytecode->native test
FAIL: N19990310_4 -O execution from source compiled test
FAIL: N19990310_4 -O execution from bytecode->native test
FAIL: N19990310_5 execution from source compiled test
FAIL: N19990310_5 execution from bytecode->native test
FAIL: N19990310_5 -O execution from source compiled test
FAIL: N19990310_5 -O execution from bytecode->native test
FAIL: PR141 execution from source compiled test
FAIL: PR141 execution from bytecode->native test
FAIL: PR141 -O execution from source compiled test
FAIL: PR141 -O execution from bytecode->native test
FAIL: PR160 execution from source compiled test
FAIL: PR160 execution from bytecode->native test
FAIL: PR160 -O execution from source compiled test
FAIL: PR160 -O execution from bytecode->native test
FAIL: PR162 execution from source compiled test
FAIL: PR162 execution from bytecode->native test
FAIL: PR162 -O execution from source compiled test
FAIL: PR162 -O execution from bytecode->native test
FAIL: PR218 execution from source compiled test
FAIL: PR218 execution from bytecode->native test
FAIL: PR218 -O execution from source compiled test
FAIL: PR218 -O execution from bytecode->native test
FAIL: PR242 execution from source compiled test
FAIL: PR242 execution from bytecode->native test
FAIL: PR242 -O execution from source compiled test
FAIL: PR242 -O execution from bytecode->native test
FAIL: PR260 execution from source compiled test
FAIL: PR260 execution from bytecode->native test
FAIL: PR260 -O execution from source compiled test
FAIL: PR260 -O execution from bytecode->native test
FAIL: PR3096 execution from source compiled test
FAIL: PR3096 execution from bytecode->native test
FAIL: PR3096 -O execution from source compiled test
FAIL: PR3096 -O execution from bytecode->native test
FAIL: PR3731 execution from source compiled test
FAIL: PR3731 execution from bytecode->native test
FAIL: PR3731 -O execution from source compiled test
FAIL: PR3731 -O execution from bytecode->native test
FAIL: PR5057 execution from source compiled test
FAIL: PR5057 execution from bytecode->native test
FAIL: PR5057 -O execution from source compiled test
FAIL: PR5057 -O execution from bytecode->native test
FAIL: PR5057_2 execution from source compiled test
FAIL: PR5057_2 execution from bytecode->native test
FAIL: PR5057_2 -O execution from source compiled test
FAIL: PR5057_2 -O execution from bytecode->native test
FAIL: PR55 execution from source compiled test
FAIL: PR55 execution from bytecode->native test
FAIL: PR55 -O execution from source compiled test
FAIL: PR55 -O execution from bytecode->native test
FAIL: PR56 execution from source compiled test
FAIL: PR56 execution from bytecode->native test
FAIL: PR56 -O execution from source compiled test
FAIL: PR56 -O execution from bytecode->native test
FAIL: Primes execution from source compiled test
FAIL: Primes execution from bytecode->native test
FAIL: Primes -O execution from source compiled test
FAIL: Primes -O execution from bytecode->native test
FAIL: Shazam execution from source compiled test
FAIL: Shazam execution from bytecode->native test
FAIL: Shazam -O execution from source compiled test
FAIL: Shazam -O execution from bytecode->native test
FAIL: StringBuffer_1 execution from source compiled test
FAIL: StringBuffer_1 execution from bytecode->native test
FAIL: StringBuffer_1 -O execution from source compiled test
FAIL: StringBuffer_1 -O execution from bytecode->native test
FAIL: SyncTest execution from source compiled test
FAIL: SyncTest execution from bytecode->native test
FAIL: SyncTest -O execution from source compiled test
FAIL: SyncTest -O execution from bytecode->native test
FAIL: Synch execution from source compiled test
FAIL: Synch execution from bytecode->native test
FAIL: Synch -O execution from source compiled test
FAIL: Synch -O execution from bytecode->native test
FAIL: TLtest execution from source compiled test
FAIL: TLtest execution from bytecode->native test
FAIL: TLtest -O execution from source compiled test
FAIL: TLtest -O execution from bytecode->native test
FAIL: Thread_Alive execution from source compiled test
FAIL: Thread_Alive execution from bytecode->native test
FAIL: Thread_Alive -O execution from source compiled test
FAIL: Thread_Alive -O execution from bytecode->native test
FAIL: Thread_Interrupt execution from source compiled test
FAIL: Thread_Interrupt execution from bytecode->native test
FAIL: Thread_Interrupt -O execution from source compiled test
FAIL: Thread_Interrupt -O execution from bytecode->native test
FAIL: Thread_Join execution from source compiled test
FAIL: Thread_Join execution from bytecode->native test
FAIL: Thread_Join -O execution from source compiled test
FAIL: Thread_Join -O execution from bytecode->native test
FAIL: Throw_1 execution from source compiled test
FAIL: Throw_1 execution from bytecode->native test
FAIL: Throw_1 -O execution from source compiled test
FAIL: Throw_1 -O execution from bytecode->native test
FAIL: Thread_Monitor execution from source compiled test
FAIL: Thread_Monitor execution from bytecode->native test
FAIL: Thread_Monitor -O execution from source compiled test
FAIL: Thread_Monitor -O execution from bytecode->native test
FAIL: Thread_Sleep execution from source compiled test
FAIL: Thread_Sleep execution from bytecode->native test
FAIL: Thread_Sleep -O execution from source compiled test
FAIL: Thread_Sleep -O execution from bytecode->native test
FAIL: Thread_Wait execution from source compiled test
FAIL: Thread_Wait execution from bytecode->native test
FAIL: Thread_Wait -O execution from source compiled test
FAIL: Thread_Wait -O execution from bytecode->native test
FAIL: Thread_Wait_2 execution from source compiled test
FAIL: Thread_Wait_2 execution from bytecode->native test
FAIL: Thread_Wait_2 -O execution from source compiled test
FAIL: Thread_Wait_2 -O execution from bytecode->native test
FAIL: Thread_Wait_Interrupt execution from source compiled test
FAIL: Thread_Wait_Interrupt execution from bytecode->native test
FAIL: Thread_Wait_Interrupt -O execution from source compiled test
FAIL: Thread_Wait_Interrupt -O execution from bytecode->native test
FAIL: anfi execution from source compiled test
FAIL: anfi execution from bytecode->native test
FAIL: anfi -O execution from source compiled test
FAIL: anfi -O execution from bytecode->native test
FAIL: anon execution from source compiled test
FAIL: anon execution from bytecode->native test
FAIL: anon -O execution from source compiled test
FAIL: anon -O execution from bytecode->native test
FAIL: anon2 execution from source compiled test
FAIL: anon2 execution from bytecode->native test
FAIL: anon2 -O execution from source compiled test
FAIL: anon2 -O execution from bytecode->native test
FAIL: anon3 execution from source compiled test
FAIL: anon3 execution from bytecode->native test
FAIL: anon3 -O execution from source compiled test
FAIL: anon3 -O execution from bytecode->native test
FAIL: anon4 execution from source compiled test
FAIL: anon4 execution from bytecode->native test
FAIL: anon4 -O execution from source compiled test
FAIL: anon4 -O execution from bytecode->native test
FAIL: anon_ctor_itf_arg execution from source compiled test
FAIL: anon_ctor_itf_arg execution from bytecode->native test
FAIL: anon_ctor_itf_arg -O execution from source compiled test
FAIL: anon_ctor_itf_arg -O execution from bytecode->native test
FAIL: anonarray execution from source compiled test
FAIL: anonarray execution from bytecode->native test
FAIL: anonarray -O execution from source compiled test
FAIL: anonarray -O execution from bytecode->native test
FAIL: anonarray2 execution from source compiled test
FAIL: anonarray2 execution from bytecode->native test
FAIL: anonarray2 -O execution from source compiled test
FAIL: anonarray2 -O execution from bytecode->native test
FAIL: anonarray3 execution from source compiled test
FAIL: anonarray3 execution from bytecode->native test
FAIL: anonarray3 -O execution from source compiled test
FAIL: anonarray3 -O execution from bytecode->native test
FAIL: direct_read execution from source compiled test
FAIL: direct_read execution from bytecode->native test
FAIL: direct_read -O execution from source compiled test
FAIL: direct_read -O execution from bytecode->native test
FAIL: direct_write execution from source compiled test
FAIL: direct_write execution from bytecode->native test
FAIL: direct_write -O execution from source compiled test
FAIL: direct_write -O execution from bytecode->native test
FAIL: err1 execution from source compiled test
FAIL: err1 execution from bytecode->native test
FAIL: err1 -O execution from source compiled test
FAIL: err1 -O execution from bytecode->native test
FAIL: err10 execution from source compiled test
FAIL: err10 execution from bytecode->native test
FAIL: err10 -O execution from source compiled test
FAIL: err10 -O execution from bytecode->native test
FAIL: err11 execution from source compiled test
FAIL: err11 execution from bytecode->native test
FAIL: err11 -O execution from source compiled test
FAIL: err11 -O execution from bytecode->native test
FAIL: err12 execution from source compiled test
FAIL: err12 execution from bytecode->native test
FAIL: err12 -O execution from source compiled test
FAIL: err12 -O execution from bytecode->native test
FAIL: err13 execution from source compiled test
FAIL: err13 execution from bytecode->native test
FAIL: err13 -O execution from source compiled test
FAIL: err13 -O execution from bytecode->native test
FAIL: err2 execution from source compiled test
FAIL: err2 execution from bytecode->native test
FAIL: err2 -O execution from source compiled test
FAIL: err2 -O execution from bytecode->native test
FAIL: err3 execution from source compiled test
FAIL: err3 execution from bytecode->native test
FAIL: err3 -O execution from source compiled test
FAIL: err3 -O execution from bytecode->native test
FAIL: err4 execution from source compiled test
FAIL: err4 execution from bytecode->native test
FAIL: err4 -O execution from source compiled test
FAIL: err4 -O execution from bytecode->native test
FAIL: err5 execution from source compiled test
FAIL: err5 execution from bytecode->native test
FAIL: err5 -O execution from source compiled test
FAIL: err5 -O execution from bytecode->native test
FAIL: err6 execution from source compiled test
FAIL: err6 execution from bytecode->native test
FAIL: err6 -O execution from source compiled test
FAIL: err6 -O execution from bytecode->native test
FAIL: err7 execution from source compiled test
FAIL: err7 execution from bytecode->native test
FAIL: err7 -O execution from source compiled test
FAIL: err7 -O execution from bytecode->native test
FAIL: err8 execution from source compiled test
FAIL: err8 execution from bytecode->native test
FAIL: err8 -O execution from source compiled test
FAIL: err8 -O execution from bytecode->native test
FAIL: err9 execution from source compiled test
FAIL: err9 execution from bytecode->native test
FAIL: err9 -O execution from source compiled test
FAIL: err9 -O execution from bytecode->native test
FAIL: final_inner execution from source compiled test
FAIL: final_inner execution from bytecode->native test
FAIL: final_inner -O execution from source compiled test
FAIL: final_inner -O execution from bytecode->native test
FAIL: final_int execution from source compiled test
FAIL: final_int execution from bytecode->native test
FAIL: final_int -O execution from source compiled test
FAIL: final_int -O execution from bytecode->native test
FAIL: final_static_and_friend execution from source compiled test
FAIL: final_static_and_friend execution from bytecode->native test
FAIL: final_static_and_friend -O execution from source compiled test
FAIL: final_static_and_friend -O execution from bytecode->native test
FAIL: indirect execution from source compiled test
FAIL: indirect execution from bytecode->native test
FAIL: indirect -O execution from source compiled test
FAIL: indirect -O execution from bytecode->native test
FAIL: indirect_read execution from source compiled test
FAIL: indirect_read execution from bytecode->native test
FAIL: indirect_read -O execution from source compiled test
FAIL: indirect_read -O execution from bytecode->native test
FAIL: inner_array execution from source compiled test
FAIL: inner_array execution from bytecode->native test
FAIL: inner_array -O execution from source compiled test
FAIL: inner_array -O execution from bytecode->native test
FAIL: indirect_write execution from source compiled test
FAIL: indirect_write execution from bytecode->native test
FAIL: indirect_write -O execution from source compiled test
FAIL: indirect_write -O execution from bytecode->native test
FAIL: inner1 execution from source compiled test
FAIL: inner1 execution from bytecode->native test
FAIL: inner1 -O execution from source compiled test
FAIL: inner1 -O execution from bytecode->native test
FAIL: inner2 execution from source compiled test
FAIL: inner2 execution from bytecode->native test
FAIL: inner2 -O execution from source compiled test
FAIL: inner2 -O execution from bytecode->native test
FAIL: inner3 execution from source compiled test
FAIL: inner3 execution from bytecode->native test
FAIL: inner3 -O execution from source compiled test
FAIL: inner3 -O execution from bytecode->native test
FAIL: inner4 execution from source compiled test
FAIL: inner4 execution from bytecode->native test
FAIL: inner4 -O execution from source compiled test
FAIL: inner4 -O execution from bytecode->native test
FAIL: inner_interface execution from source compiled test
FAIL: inner_interface execution from bytecode->native test
FAIL: inner_interface -O execution from source compiled test
FAIL: inner_interface -O execution from bytecode->native test
FAIL: instance execution from source compiled test
FAIL: instance execution from bytecode->native test
FAIL: instance -O execution from source compiled test
FAIL: instance -O execution from bytecode->native test
FAIL: instinit execution from source compiled test
FAIL: instinit execution from bytecode->native test
FAIL: instinit -O execution from source compiled test
FAIL: instinit -O execution from bytecode->native test
FAIL: instinit2 execution from source compiled test
FAIL: instinit2 execution from bytecode->native test
FAIL: instinit2 -O execution from source compiled test
FAIL: instinit2 -O execution from bytecode->native test
FAIL: invoke_from_inner execution from source compiled test
FAIL: invoke_from_inner execution from bytecode->native test
FAIL: invoke_from_inner -O execution from source compiled test
FAIL: invoke_from_inner -O execution from bytecode->native test
FAIL: invokethrow execution from source compiled test
FAIL: invokethrow execution from bytecode->native test
FAIL: invokethrow -O execution from source compiled test
FAIL: invokethrow -O execution from bytecode->native test
FAIL: klass execution from source compiled test
FAIL: klass execution from bytecode->native test
FAIL: klass -O execution from source compiled test
FAIL: klass -O execution from bytecode->native test
FAIL: multiple_finit execution from source compiled test
FAIL: multiple_finit execution from bytecode->native test
FAIL: multiple_finit -O execution from source compiled test
FAIL: multiple_finit -O execution from bytecode->native test
FAIL: nested_with_ctor execution from source compiled test
FAIL: nested_with_ctor execution from bytecode->native test
FAIL: nested_with_ctor -O execution from source compiled test
FAIL: nested_with_ctor -O execution from bytecode->native test
FAIL: pr109 execution from source compiled test
FAIL: pr109 execution from bytecode->native test
FAIL: pr109 -O execution from source compiled test
FAIL: pr109 -O execution from bytecode->native test
FAIL: pr133 execution from source compiled test
FAIL: pr133 execution from bytecode->native test
FAIL: pr133 -O execution from source compiled test
FAIL: pr133 -O execution from bytecode->native test
FAIL: pr179 execution from source compiled test
FAIL: pr179 execution from bytecode->native test
FAIL: pr179 -O execution from source compiled test
FAIL: pr179 -O execution from bytecode->native test
FAIL: pr184 execution from source compiled test
FAIL: pr184 execution from bytecode->native test
FAIL: pr184 -O execution from source compiled test
FAIL: pr184 -O execution from bytecode->native test
FAIL: pr83 execution from source compiled test
FAIL: pr83 execution from bytecode->native test
FAIL: pr83 -O execution from source compiled test
FAIL: pr83 -O execution from bytecode->native test
FAIL: private_direct_read execution from source compiled test
FAIL: private_direct_read execution from bytecode->native test
FAIL: private_direct_read -O execution from source compiled test
FAIL: private_direct_read -O execution from bytecode->native test
FAIL: search_outer execution from source compiled test
FAIL: search_outer execution from bytecode->native test
FAIL: search_outer -O execution from source compiled test
FAIL: search_outer -O execution from bytecode->native test
FAIL: stringconst execution from source compiled test
FAIL: stringconst execution from bytecode->native test
FAIL: stringconst -O execution from source compiled test
FAIL: stringconst -O execution from bytecode->native test
FAIL: stringconst2 execution from source compiled test
FAIL: stringconst2 execution from bytecode->native test
FAIL: stringconst2 -O execution from source compiled test
FAIL: stringconst2 -O execution from bytecode->native test
FAIL: stub execution from source compiled test
FAIL: stub execution from bytecode->native test
FAIL: stub -O execution from source compiled test
FAIL: stub -O execution from bytecode->native test
FAIL: test_long execution from source compiled test
FAIL: test_long execution from bytecode->native test
FAIL: test_long -O execution from source compiled test
FAIL: test_long -O execution from bytecode->native test
FAIL: tmi execution from source compiled test
FAIL: tmi execution from bytecode->native test
FAIL: tmi -O execution from source compiled test
FAIL: tmi -O execution from bytecode->native test
FAIL: tp execution from source compiled test
FAIL: tp execution from bytecode->native test
FAIL: tp -O execution from source compiled test
FAIL: tp -O execution from bytecode->native test
FAIL: update_outer execution from source compiled test
FAIL: update_outer execution from bytecode->native test
FAIL: update_outer -O execution from source compiled test
FAIL: update_outer -O execution from bytecode->native test
FAIL: Throw_2 execution from source compiled test
FAIL: Throw_2 execution from bytecode->native test
FAIL: Throw_2 -O execution from source compiled test
FAIL: Throw_2 -O execution from bytecode->native test
=== libjava Summary for unix/-m64 ===
# of expected passes 1150
# of unexpected failures 465
# of expected failures 12
# of untested testcases 479
Running target unix/-fPIC
FAIL: FileHandleGcTest execution from source compiled test
FAIL: FileHandleGcTest execution from bytecode->native test
FAIL: FileHandleGcTest -O execution from source compiled test
FAIL: FileHandleGcTest -O execution from bytecode->native test
FAIL: Invoke_1 execution from source compiled test
FAIL: Invoke_1 execution from bytecode->native test
FAIL: Invoke_1 -O execution from source compiled test
FAIL: Invoke_1 -O execution from bytecode->native test
FAIL: invokethrow execution from source compiled test
FAIL: invokethrow execution from bytecode->native test
FAIL: invokethrow -O execution from source compiled test
FAIL: invokethrow -O execution from bytecode->native test
FAIL: test_long output from bytecode->native test
FAIL: test_long -O output from bytecode->native test
FAIL: Throw_2 execution from source compiled test
FAIL: Throw_2 execution from bytecode->native test
FAIL: Throw_2 -O execution from source compiled test
FAIL: Throw_2 -O execution from bytecode->native test
=== libjava Summary for unix/-fPIC ===
# of expected passes 2027
# of unexpected failures 18
# of expected failures 18
# of untested testcases 30
Running target unix/-fpic
FAIL: FileHandleGcTest execution from source compiled test
FAIL: FileHandleGcTest execution from bytecode->native test
FAIL: FileHandleGcTest -O execution from source compiled test
FAIL: FileHandleGcTest -O execution from bytecode->native test
FAIL: Invoke_1 execution from source compiled test
FAIL: Invoke_1 execution from bytecode->native test
FAIL: Invoke_1 -O execution from source compiled test
FAIL: Invoke_1 -O execution from bytecode->native test
FAIL: invokethrow execution from source compiled test
FAIL: invokethrow execution from bytecode->native test
FAIL: invokethrow -O execution from source compiled test
FAIL: invokethrow -O execution from bytecode->native test
FAIL: test_long output from bytecode->native test
FAIL: test_long -O output from bytecode->native test
FAIL: Throw_2 execution from source compiled test
FAIL: Throw_2 execution from bytecode->native test
FAIL: Throw_2 -O execution from source compiled test
FAIL: Throw_2 -O execution from bytecode->native test
=== libjava Summary for unix/-fpic ===
# of expected passes 2027
# of unexpected failures 18
# of expected failures 18
# of untested testcases 30
Running target unix
FAIL: FileHandleGcTest execution from source compiled test
FAIL: FileHandleGcTest execution from bytecode->native test
FAIL: FileHandleGcTest -O execution from source compiled test
FAIL: FileHandleGcTest -O execution from bytecode->native test
FAIL: Invoke_1 execution from source compiled test
FAIL: Invoke_1 execution from bytecode->native test
FAIL: Invoke_1 -O execution from source compiled test
FAIL: Invoke_1 -O execution from bytecode->native test
FAIL: invokethrow execution from source compiled test
FAIL: invokethrow execution from bytecode->native test
FAIL: invokethrow -O execution from source compiled test
FAIL: invokethrow -O execution from bytecode->native test
FAIL: test_long output from bytecode->native test
FAIL: test_long -O output from bytecode->native test
FAIL: Throw_2 execution from source compiled test
FAIL: Throw_2 execution from bytecode->native test
FAIL: Throw_2 -O execution from source compiled test
FAIL: Throw_2 -O execution from bytecode->native test
=== libjava Summary for unix ===
# of expected passes 2027
# of unexpected failures 18
# of expected failures 18
# of untested testcases 30
=== libjava Summary ===
# of expected passes 7231
# of unexpected failures 519
# of expected failures 66
# of untested testcases 569
=== libstdc++-v3 tests ===
Running target unix/-m64
XPASS: 22_locale/collate_members_wchar_t.cc execution test
XPASS: 22_locale/money_get_members_wchar_t.cc execution test
XPASS: 22_locale/money_put_members_wchar_t.cc execution test
XPASS: 22_locale/moneypunct_members_wchar_t.cc execution test
XPASS: 22_locale/num_get_members_wchar_t.cc execution test
XPASS: 22_locale/num_put_members_wchar_t.cc execution test
XPASS: 22_locale/numpunct_members_wchar_t.cc execution test
XPASS: 22_locale/time_get_members_wchar_t.cc execution test
XPASS: 22_locale/time_put_members_wchar_t.cc execution test
WARNING: program timed out.
FAIL: 27_io/ios_base_storage.cc execution test
FAIL: 27_io/istream_extractor_arith.cc execution test
=== libstdc++-v3 Summary for unix/-m64 ===
# of expected passes 369
# of unexpected failures 2
# of unexpected successes 9
# of expected failures 16
Running target unix/-fPIC
FAIL: 18_support/numeric_limits.cc execution test
XPASS: 22_locale/collate_members_wchar_t.cc execution test
XPASS: 22_locale/money_get_members_wchar_t.cc execution test
XPASS: 22_locale/money_put_members_wchar_t.cc execution test
XPASS: 22_locale/moneypunct_members_wchar_t.cc execution test
XPASS: 22_locale/num_get_members_wchar_t.cc execution test
XPASS: 22_locale/num_put_members_wchar_t.cc execution test
XPASS: 22_locale/numpunct_members_wchar_t.cc execution test
XPASS: 22_locale/time_get_members_wchar_t.cc execution test
XPASS: 22_locale/time_put_members_wchar_t.cc execution test
FAIL: 27_io/filebuf_virtuals.cc execution test
FAIL: 27_io/istream_extractor_arith.cc execution test
FAIL: 27_io/streambuf.cc execution test
FAIL: 27_io/stringbuf.cc execution test
=== libstdc++-v3 Summary for unix/-fPIC ===
# of expected passes 366
# of unexpected failures 5
# of unexpected successes 9
# of expected failures 16
Running target unix/-fpic
FAIL: 18_support/numeric_limits.cc execution test
XPASS: 22_locale/collate_members_wchar_t.cc execution test
XPASS: 22_locale/money_get_members_wchar_t.cc execution test
XPASS: 22_locale/money_put_members_wchar_t.cc execution test
XPASS: 22_locale/moneypunct_members_wchar_t.cc execution test
XPASS: 22_locale/num_get_members_wchar_t.cc execution test
XPASS: 22_locale/num_put_members_wchar_t.cc execution test
XPASS: 22_locale/numpunct_members_wchar_t.cc execution test
XPASS: 22_locale/time_get_members_wchar_t.cc execution test
XPASS: 22_locale/time_put_members_wchar_t.cc execution test
FAIL: 27_io/filebuf_virtuals.cc execution test
FAIL: 27_io/istream_extractor_arith.cc execution test
FAIL: 27_io/streambuf.cc execution test
FAIL: 27_io/stringbuf.cc execution test
=== libstdc++-v3 Summary for unix/-fpic ===
# of expected passes 366
# of unexpected failures 5
# of unexpected successes 9
# of expected failures 16
Running target unix
FAIL: 18_support/numeric_limits.cc execution test
XPASS: 22_locale/collate_members_wchar_t.cc execution test
XPASS: 22_locale/money_get_members_wchar_t.cc execution test
XPASS: 22_locale/money_put_members_wchar_t.cc execution test
XPASS: 22_locale/moneypunct_members_wchar_t.cc execution test
XPASS: 22_locale/num_get_members_wchar_t.cc execution test
XPASS: 22_locale/num_put_members_wchar_t.cc execution test
XPASS: 22_locale/numpunct_members_wchar_t.cc execution test
XPASS: 22_locale/time_get_members_wchar_t.cc execution test
XPASS: 22_locale/time_put_members_wchar_t.cc execution test
FAIL: 27_io/filebuf_virtuals.cc execution test
FAIL: 27_io/istream_extractor_arith.cc execution test
FAIL: 27_io/streambuf.cc execution test
FAIL: 27_io/stringbuf.cc execution test
=== libstdc++-v3 Summary for unix ===
# of expected passes 366
# of unexpected failures 5
# of unexpected successes 9
# of expected failures 16
=== libstdc++-v3 Summary ===
# of expected passes 1467
# of unexpected failures 17
# of unexpected successes 36
# of expected failures 64
Compiler version: 3.1 20020403 (prerelease)
Platform: sparc-sun-solaris2.7
configure flags: --host=sparc-sun-solaris2.7 --verbose --enable-checking=misc,tree,rtl,gc