This is the mail archive of the gcc-testresults@gcc.gnu.org mailing list for the GCC project.


Index Nav: [Date Index] [Subject Index] [Author Index] [Thread Index]
Message Nav: [Date Prev] [Date Next] [Thread Prev] [Thread Next]
Other format: [Raw text]

Results for 3.2 20020403 (experimental) testsuite on i386-unknown-freebsd5.0


LAST_UPDATED: Thu Apr  4 03:56:59 GMT 2002

Native configuration is i386-unknown-freebsd5.0

		=== g++ tests ===


Running target unix
FAIL: g++.dg/warn/Wunused-2.C  (test for warnings, line 5)
FAIL: g++.law/profile1.C (test for excess errors)

		=== g++ Summary for unix ===

# of expected passes		7225
# of unexpected failures	2
# of expected failures		86
# of untested testcases		12
# of unsupported tests		3

Running target unix/-pthread
FAIL: g++.dg/warn/Wunused-2.C  (test for warnings, line 5)
FAIL: g++.eh/badalloc1.C  Execution test
FAIL: g++.law/profile1.C (test for excess errors)

		=== g++ Summary for unix/-pthread ===

# of expected passes		7224
# of unexpected failures	3
# of expected failures		86
# of untested testcases		12
# of unsupported tests		3

		=== g++ Summary ===

# of expected passes		14449
# of unexpected failures	5
# of expected failures		172
# of untested testcases		24
# of unsupported tests		6
/local0/scratch/ljrittle/gcc-build-ref5-0403/gcc/testsuite/../g++ version 3.2 20020403 (experimental)

		=== g77 tests ===


Running target unix

		=== g77 Summary for unix ===

# of expected passes		1598
# of unsupported tests		8

Running target unix/-pthread

		=== g77 Summary for unix/-pthread ===

# of expected passes		1598
# of unsupported tests		8

		=== g77 Summary ===

# of expected passes		3196
# of unsupported tests		16
/local0/scratch/ljrittle/gcc-build-ref5-0403/gcc/testsuite/../g77 version 3.2 20020403 (experimental)

		=== gcc tests ===


Running target unix
FAIL: gcc.c-torture/execute/20020402-1.c execution,  -Os 
FAIL: gcc.c-torture/execute/loop-2c.c execution,  -Os 
FAIL: gcc.c-torture/execute/loop-2d.c execution,  -Os 
FAIL: gcc.c-torture/execute/loop-3c.c execution,  -Os 
FAIL: gcc.dg/format/c99-scanf-3.c vfscanf (test for warnings, line 21)
FAIL: gcc.dg/format/c99-scanf-3.c vfscanf (test for warnings, line 21)
FAIL: gcc.dg/format/ext-6.c vfscanf (test for warnings, line 42)
FAIL: gcc.dg/format/ext-6.c vfscanf (test for warnings, line 42)

		=== gcc Summary for unix ===

# of expected passes		18337
# of unexpected failures	8
# of expected failures		62
# of unsupported tests		48

Running target unix/-pthread
FAIL: gcc.c-torture/execute/20020402-1.c execution,  -Os 
FAIL: gcc.c-torture/execute/loop-2c.c execution,  -Os 
FAIL: gcc.c-torture/execute/loop-2d.c execution,  -Os 
FAIL: gcc.c-torture/execute/loop-3c.c execution,  -Os 
FAIL: gcc.dg/format/c99-scanf-3.c vfscanf (test for warnings, line 21)
FAIL: gcc.dg/format/c99-scanf-3.c vfscanf (test for warnings, line 21)
FAIL: gcc.dg/format/ext-6.c vfscanf (test for warnings, line 42)
FAIL: gcc.dg/format/ext-6.c vfscanf (test for warnings, line 42)

		=== gcc Summary for unix/-pthread ===

# of expected passes		18337
# of unexpected failures	8
# of expected failures		62
# of unsupported tests		48

		=== gcc Summary ===

# of expected passes		36674
# of unexpected failures	16
# of expected failures		124
# of unsupported tests		96
/local0/scratch/ljrittle/gcc-build-ref5-0403/gcc/xgcc version 3.2 20020403 (experimental)

		=== objc tests ===


Running target unix

		=== objc Summary for unix ===

# of expected passes		1036
# of expected failures		6

Running target unix/-pthread

		=== objc Summary for unix/-pthread ===

# of expected passes		1036
# of expected failures		6

		=== objc Summary ===

# of expected passes		2072
# of expected failures		12
/local0/scratch/ljrittle/gcc-build-ref5-0403/gcc/xgcc version 3.2 20020403 (experimental)

		=== libstdc++-v3 tests ===


Running target unix
XPASS: 22_locale/collate_members_wchar_t.cc execution test
XPASS: 22_locale/money_get_members_wchar_t.cc execution test
XPASS: 22_locale/money_put_members_wchar_t.cc execution test
XPASS: 22_locale/moneypunct_members_wchar_t.cc execution test
XPASS: 22_locale/num_get_members_wchar_t.cc execution test
XPASS: 22_locale/num_put_members_wchar_t.cc execution test
XPASS: 22_locale/numpunct_members_wchar_t.cc execution test
XPASS: 22_locale/time_get_members_wchar_t.cc execution test
XPASS: 22_locale/time_put_members_wchar_t.cc execution test

		=== libstdc++-v3 Summary ===

# of expected passes		371
# of unexpected successes	9
# of expected failures		16

Compiler version: 3.2 20020403 (experimental) 
Platform: i386-unknown-freebsd5.0
configure flags: --host=i386-unknown-freebsd5.0 --prefix=/home/ljrittle/tmp-ref5/install-ref5 --with-gnu-as --with-as=/usr/bin/as --with-gnu-ld --with-ld=/usr/bin/ld
BOOT_CFLAGS=-g -O2
Using make with objdir configuration
Key: gmake is GNU make
     make is BSD make as shipped on i386-unknown-freebsd5.0
     srcdir means in-source configuration was done within the gcc source tree
     objdir means out-source configuration was done within a fresh directory
ref4 (3.1) and ref5 (mainline) attempt to build gcc twice daily;
once for srcdir configuration and once for objdir configuration;
odd number days use GNU make; even days use BSD make; missing
reports infer breakage; libjava is only built when gmake is used.
beast (3.1) builds gcc once daily using gmake with objdir conf.


Index Nav: [Date Index] [Subject Index] [Author Index] [Thread Index]
Message Nav: [Date Prev] [Date Next] [Thread Prev] [Thread Next]