This is the mail archive of the gcc-testresults@gcc.gnu.org mailing list for the GCC project.


Index Nav: [Date Index] [Subject Index] [Author Index] [Thread Index]
Message Nav: [Date Prev] [Date Next] [Thread Prev] [Thread Next]
Other format: [Raw text]

Results for 3.1 20020403 (prerelease) testsuite on i486-suse-linux-gnu


This includes the following patch (only relevant for sparc*-sun-solaris2*):

2002-04-03  Kaveh R. Ghazi  <ghazi@caip.rutgers.edu>

	* gcc.misc-tests/linkage.exp: Update last change to handle
	sparc*-, not just sparc-.

diff -rup orig/egcc-3.1-CVS20020402/gcc/testsuite/gcc.misc-tests/linkage.exp egcc-3.1-CVS20020402/gcc/testsuite/gcc.misc-tests/linkage.exp
--- orig/egcc-3.1-CVS20020402/gcc/testsuite/gcc.misc-tests/linkage.exp	Mon Apr  1 11:34:07 2002
+++ egcc-3.1-CVS20020402/gcc/testsuite/gcc.misc-tests/linkage.exp	Wed Apr  3 10:53:55 2002
@@ -36,7 +36,7 @@ if [isnative] then {
 		set native_cflags "-n32"
 	    }
 	}
-	if  [istarget "sparc-sun-solaris2*"] {
+	if  [istarget "sparc*-sun-solaris2*"] {
 	    set file_string [exec file "linkage-x.o"]
 	    if [ string match "*64*" \$file_string ] {
 		set native_cflags "-xarch=v9"

LAST_UPDATED: 
Native configuration is i486-suse-linux-gnu

		=== g++ tests ===


Running target unix

		=== g++ Summary ===

# of expected passes		7144
# of expected failures		86
# of untested testcases		9
# of unsupported tests		3
/local/gccbuild/gcc/testsuite/../g++ version 3.1 20020403 (prerelease)

		=== g77 tests ===


Running target unix

		=== g77 Summary ===

# of expected passes		1452
# of unsupported tests		8
/local/gccbuild/gcc/testsuite/../g77 version 3.1 20020403 (prerelease)

		=== gcc tests ===


Running target unix
FAIL: gcc.c-torture/execute/20020402-1.c execution,  -Os 
FAIL: gcc.c-torture/execute/loop-2c.c execution,  -Os 
FAIL: gcc.c-torture/execute/loop-2d.c execution,  -Os 
FAIL: gcc.c-torture/execute/loop-2e.c execution,  -Os 
FAIL: gcc.c-torture/execute/loop-3c.c execution,  -Os 

		=== gcc Summary ===

# of expected passes		18205
# of unexpected failures	5
# of expected failures		62
# of unsupported tests		42
/local/gccbuild/gcc/xgcc version 3.1 20020403 (prerelease)

		=== objc tests ===


Running target unix

		=== objc Summary ===

# of expected passes		1036
# of expected failures		6
/local/gccbuild/gcc/xgcc version 3.1 20020403 (prerelease)

		=== libjava tests ===


Running target unix
WARNING: program timed out.
FAIL: invoke_from_inner -O execution from bytecode->native test

		=== libjava Summary ===

# of expected passes		2059
# of unexpected failures	1
# of expected failures		18
# of untested testcases		15
		=== libstdc++-v3 tests ===


Running target unix
XPASS: 22_locale/time_put_members_char.cc execution test
XPASS: 22_locale/time_put_members_wchar_t.cc execution test
FAIL: 26_numerics/c99_classification_macros_c.cc (test for excess errors)
WARNING: program timed out.
FAIL: thread/pthread4.cc execution test

		=== libstdc++-v3 Summary ===

# of expected passes		369
# of unexpected failures	2
# of unexpected successes	2
# of expected failures		23

Compiler version: 3.1 20020403 (prerelease) 
Platform: i486-suse-linux-gnu
configure flags: --host=i486-suse-linux --enable-threads=posix --enable-long-long --prefix=/opt/Pkg/Linux/i686/gcc31 --enable-languages=c,c++,f77,objc,java --disable-nls --enable-shared


Index Nav: [Date Index] [Subject Index] [Author Index] [Thread Index]
Message Nav: [Date Prev] [Date Next] [Thread Prev] [Thread Next]