This is the mail archive of the
gcc-testresults@gcc.gnu.org
mailing list for the GCC project.
Results for 3.1 20020401 testsuite on mips-sgi-irix6.5
- From: aoliva at redhat dot com
- To: gcc-testresults at gcc dot gnu dot org
- Date: Tue, 2 Apr 2002 23:27:38 -0800 (PST)
- Subject: Results for 3.1 20020401 testsuite on mips-sgi-irix6.5
Native configuration is mips-sgi-irix6.5
=== binutils tests ===
Running target unix
ERROR: /home/aoliva/src/tool/egcs/binutils/testsuite/binutils-all/bintest.s: assembly failed
UNRESOLVED: ar symbol table
ERROR: /home/aoliva/src/tool/egcs/binutils/testsuite/binutils-all/bintest.s: assembly failed
ERROR: /home/aoliva/src/tool/egcs/binutils/testsuite/binutils-all/bintest.s: assembly failed
ERROR: unresolved 1
UNRESOLVED: objcopy (simple copy)
ERROR: /home/aoliva/src/tool/egcs/binutils/testsuite/binutils-all/bintest.s: assembly failed
ERROR: /home/aoliva/src/tool/egcs/binutils/testsuite/binutils-all/bintest.s: assembly failed
ERROR: unresolved 1
UNRESOLVED: readelf - failed to assemble
ERROR: /home/aoliva/src/tool/egcs/binutils/testsuite/binutils-all/bintest.s: assembly failed
=== binutils Summary ===
# of expected passes 2
# of unresolved testcases 3
=== g++ tests ===
Running target unix
ERROR: (DejaGnu) proc "run-gcov -b gcov-1.C" does not exist.
=== g++ Summary ===
# of expected passes 198
# of expected failures 1
# of unsupported tests 1
/es/scratch/aoliva/mips-sgi-irix6.5/egcs/gcc/testsuite/../g++ version 3.1 20020401 (prerelease)
=== g77 tests ===
Running target unix
=== g77 Summary ===
# of expected passes 1598
# of unsupported tests 8
/es/scratch/aoliva/mips-sgi-irix6.5/egcs/gcc/testsuite/../g77 version 3.1 20020401 (prerelease)
=== gcc tests ===
Running target unix
FAIL: gcc.c-torture/compile/labels-3.c, -O0
FAIL: gcc.c-torture/compile/labels-3.c, -O1
FAIL: gcc.c-torture/compile/labels-3.c, -O2
FAIL: gcc.c-torture/compile/labels-3.c, -O3 -fomit-frame-pointer
FAIL: gcc.c-torture/compile/labels-3.c, -O3 -g
FAIL: gcc.c-torture/compile/labels-3.c, -Os
FAIL: gcc.c-torture/execute/20010122-1.c execution, -O0
FAIL: gcc.c-torture/execute/20010122-1.c execution, -O1
FAIL: gcc.c-torture/execute/20010122-1.c execution, -O2
FAIL: gcc.c-torture/execute/20010122-1.c execution, -O3 -fomit-frame-pointer
FAIL: gcc.c-torture/execute/20010122-1.c execution, -O3 -fomit-frame-pointer -funroll-loops
FAIL: gcc.c-torture/execute/20010122-1.c execution, -O3 -fomit-frame-pointer -funroll-all-loops -finline-functions
FAIL: gcc.c-torture/execute/20010122-1.c execution, -O3 -g
FAIL: gcc.c-torture/execute/20010122-1.c execution, -Os
FAIL: gcc.c-torture/execute/20020227-1.c execution, -O0
FAIL: gcc.c-torture/execute/20020227-1.c execution, -O1
FAIL: gcc.c-torture/execute/20020227-1.c execution, -O2
FAIL: gcc.c-torture/execute/20020227-1.c execution, -O3 -fomit-frame-pointer
FAIL: gcc.c-torture/execute/20020227-1.c execution, -O3 -g
FAIL: gcc.c-torture/execute/20020227-1.c execution, -Os
FAIL: gcc.c-torture/execute/20020307-2.c execution, -O0
FAIL: gcc.c-torture/execute/20020307-2.c execution, -O1
FAIL: gcc.c-torture/execute/20020307-2.c execution, -O2
FAIL: gcc.c-torture/execute/20020307-2.c execution, -O3 -fomit-frame-pointer
FAIL: gcc.c-torture/execute/20020307-2.c execution, -O3 -fomit-frame-pointer -funroll-loops
FAIL: gcc.c-torture/execute/20020307-2.c execution, -O3 -fomit-frame-pointer -funroll-all-loops -finline-functions
FAIL: gcc.c-torture/execute/20020307-2.c execution, -O3 -g
FAIL: gcc.c-torture/execute/20020307-2.c execution, -Os
FAIL: gcc.c-torture/execute/950607-2.c execution, -O2
FAIL: gcc.c-torture/execute/950607-2.c execution, -Os
FAIL: gcc.dg/cpp/endif-pedantic1.c bad warning (test for bogus messages, line 14)
FAIL: gcc.dg/cpp/endif-pedantic1.c bad warning (test for bogus messages, line 15)
FAIL: gcc.dg/cpp/extratokens2.c bad warning (test for bogus messages, line 14)
FAIL: gcc.dg/cpp/extratokens2.c bad warning (test for bogus messages, line 15)
FAIL: gcc.dg/cpp/mac-dir-1.c (test for excess errors)
WARNING: gcc.dg/cpp/mac-dir-1.c compilation failed to produce executable
FAIL: gcc.dg/cpp/mac-dir-2.c (test for warnings, line 14)
FAIL: gcc.dg/cpp/mac-dir-2.c (test for excess errors)
FAIL: gcc.dg/Wswitch-default.c (test for warnings, line 14)
FAIL: gcc.dg/Wswitch-default.c (test for warnings, line 22)
FAIL: gcc.dg/Wswitch-default.c (test for warnings, line 31)
FAIL: gcc.dg/Wswitch-default.c (test for warnings, line 41)
FAIL: gcc.dg/Wswitch-default.c (test for warnings, line 53)
FAIL: gcc.dg/Wswitch-default.c (test for excess errors)
FAIL: gcc.dg/Wswitch-enum.c enum e1 (test for warnings, line 23)
FAIL: gcc.dg/Wswitch-enum.c enum e2 (test for warnings, line 23)
FAIL: gcc.dg/Wswitch-enum.c enum e1 (test for warnings, line 28)
FAIL: gcc.dg/Wswitch-enum.c enum e2 (test for warnings, line 28)
FAIL: gcc.dg/Wswitch-enum.c enum e2 (test for warnings, line 32)
FAIL: gcc.dg/Wswitch-enum.c enum e2 (test for warnings, line 37)
FAIL: gcc.dg/Wswitch-enum.c excess 3 (test for warnings, line 54)
FAIL: gcc.dg/Wswitch-enum.c excess 3 (test for warnings, line 61)
FAIL: gcc.dg/Wswitch-enum.c (test for excess errors)
FAIL: gcc.dg/unordered-1.c (test for errors, line 7)
FAIL: gcc.dg/unordered-1.c (test for errors, line 16)
FAIL: gcc.dg/unordered-1.c (test for errors, line 17)
FAIL: gcc.dg/unordered-1.c (test for excess errors)
=== gcc Summary ===
# of expected passes 17734
# of unexpected failures 56
# of expected failures 83
# of unsupported tests 122
/es/scratch/aoliva/mips-sgi-irix6.5/egcs/gcc/xgcc version 3.1 20020401 (prerelease)
=== libstdc++-v3 tests ===
Running target unix
XPASS: 22_locale/collate_members_wchar_t.cc execution test
XPASS: 22_locale/money_get_members_wchar_t.cc execution test
XPASS: 22_locale/money_put_members_wchar_t.cc execution test
XPASS: 22_locale/moneypunct_members_wchar_t.cc execution test
XPASS: 22_locale/num_get_members_wchar_t.cc execution test
XPASS: 22_locale/num_put_members_wchar_t.cc execution test
XPASS: 22_locale/numpunct_members_wchar_t.cc execution test
XPASS: 22_locale/time_get_members_wchar_t.cc execution test
XPASS: 22_locale/time_put_members_wchar_t.cc execution test
FAIL: 27_io/ostream_inserter_arith.cc execution test
=== libstdc++-v3 Summary ===
# of expected passes 358
# of unexpected failures 1
# of unexpected successes 9
# of expected failures 16
# of unsupported tests 6
=== objc tests ===
Running target unix
=== objc Summary ===
# of expected passes 1036
# of expected failures 6
/es/scratch/aoliva/mips-sgi-irix6.5/egcs/gcc/xgcc version 3.1 20020401 (prerelease)
Compiler version: 3.1 20020401 (prerelease)
Platform: mips-sgi-irix6.5
BOOT_CFLAGS: -g -O9 -W -Wall
Counting all warnings,
there are 0 warnings in stage3 of this bootstrap.
Number of warnings per file:
Number of warning types: