This is the mail archive of the gcc-testresults@gcc.gnu.org mailing list for the GCC project.


Index Nav: [Date Index] [Subject Index] [Author Index] [Thread Index]
Message Nav: [Date Prev] [Date Next] [Thread Prev] [Thread Next]
Other format: [Raw text]

Results for 3.1 20020401 (prerelease) testsuite on sparc-sun-solaris2.5


Native configuration is sparc-sun-solaris2.5

		=== binutils tests ===


Running target unix
FAIL: readelf -wi

		=== binutils Summary ===

# of expected passes		31
# of unexpected failures	1
		=== g++ tests ===


Running target unix

		=== g++ Summary ===

# of expected passes		324
# of expected failures		1
# of unsupported tests		1
/tmp/egcs/gcc/testsuite/../g++ version 3.1 20020401 (prerelease)

		=== g77 tests ===


Running target unix

		=== g77 Summary ===

# of expected passes		1598
# of unsupported tests		8
/tmp/egcs/gcc/testsuite/../g77 version 3.1 20020401 (prerelease)

		=== gas tests ===


Running target unix

		=== gas Summary ===

# of expected passes		39
		=== gcc tests ===


Running target unix
FAIL: gcc.c-torture/execute/20020225-2.c execution,  -O1 
FAIL: gcc.c-torture/execute/20020225-2.c execution,  -O2 
FAIL: gcc.c-torture/execute/20020225-2.c execution,  -O3 -fomit-frame-pointer 
FAIL: gcc.c-torture/execute/20020225-2.c execution,  -O3 -g 
FAIL: gcc.c-torture/execute/20020225-2.c execution,  -Os 
FAIL: gcc.dg/cpp/endif-pedantic1.c bad warning (test for bogus messages, line 14)
FAIL: gcc.dg/cpp/endif-pedantic1.c bad warning (test for bogus messages, line 15)
FAIL: gcc.dg/cpp/extratokens2.c bad warning (test for bogus messages, line 14)
FAIL: gcc.dg/cpp/extratokens2.c bad warning (test for bogus messages, line 15)
FAIL: gcc.dg/cpp/mac-dir-1.c (test for excess errors)
FAIL: gcc.dg/cpp/mac-dir-2.c  (test for warnings, line 14)
FAIL: gcc.dg/cpp/mac-dir-2.c (test for excess errors)
FAIL: gcc.dg/Wswitch-default.c  (test for warnings, line 14)
FAIL: gcc.dg/Wswitch-default.c  (test for warnings, line 22)
FAIL: gcc.dg/Wswitch-default.c  (test for warnings, line 31)
FAIL: gcc.dg/Wswitch-default.c  (test for warnings, line 41)
FAIL: gcc.dg/Wswitch-default.c  (test for warnings, line 53)
FAIL: gcc.dg/Wswitch-default.c (test for excess errors)
FAIL: gcc.dg/Wswitch-enum.c enum e1 (test for warnings, line 23)
FAIL: gcc.dg/Wswitch-enum.c enum e2 (test for warnings, line 23)
FAIL: gcc.dg/Wswitch-enum.c enum e1 (test for warnings, line 28)
FAIL: gcc.dg/Wswitch-enum.c enum e2 (test for warnings, line 28)
FAIL: gcc.dg/Wswitch-enum.c enum e2 (test for warnings, line 32)
FAIL: gcc.dg/Wswitch-enum.c enum e2 (test for warnings, line 37)
FAIL: gcc.dg/Wswitch-enum.c excess 3 (test for warnings, line 54)
FAIL: gcc.dg/Wswitch-enum.c excess 3 (test for warnings, line 61)
FAIL: gcc.dg/Wswitch-enum.c (test for excess errors)
FAIL: gcc.dg/arm-asm.c (test for excess errors)
FAIL: gcc.dg/unordered-1.c  (test for errors, line 7)
FAIL: gcc.dg/unordered-1.c  (test for errors, line 16)
FAIL: gcc.dg/unordered-1.c  (test for errors, line 17)
FAIL: gcc.dg/unordered-1.c (test for excess errors)

		=== gcc Summary ===

# of expected passes		18138
# of unexpected failures	32
# of expected failures		62
# of unsupported tests		108
/tmp/egcs/gcc/xgcc version 3.1 20020401 (prerelease)

		=== gdb tests ===


Running target unix
FAIL: gdb.base/attach.exp: attach to nonsense is prohibited (bogus pid allowed)
FAIL: gdb.base/attach.exp: attach1, after setting file
XPASS: gdb.base/callfuncs.exp: p t_float_values2(0.0,0.0)
XPASS: gdb.base/constvars.exp: ptype qux1
XPASS: gdb.base/constvars.exp: ptype lecherous
XPASS: gdb.base/constvars.exp: ptype lectern
XPASS: gdb.base/constvars.exp: ptype laconic
XPASS: gdb.base/constvars.exp: ptype laggard
XPASS: gdb.base/constvars.exp: ptype lagoon
XPASS: gdb.base/constvars.exp: ptype laity
XPASS: gdb.base/constvars.exp: ptype lambent
XPASS: gdb.base/constvars.exp: ptype laminated
XPASS: gdb.base/constvars.exp: ptype lampoon
XPASS: gdb.base/constvars.exp: ptype languid
XPASS: gdb.base/constvars.exp: ptype legend
XPASS: gdb.base/constvars.exp: ptype legerdemain
XPASS: gdb.base/constvars.exp: ptype leniency
XPASS: gdb.base/constvars.exp: ptype leonine
XPASS: gdb.base/constvars.exp: ptype lesion
XPASS: gdb.base/constvars.exp: ptype lethal
XPASS: gdb.base/constvars.exp: ptype lethargic
XPASS: gdb.base/constvars.exp: ptype levity
XPASS: gdb.base/constvars.exp: ptype lewd
XPASS: gdb.base/constvars.exp: ptype lexicographer
XPASS: gdb.base/constvars.exp: ptype lexicon
XPASS: gdb.base/constvars.exp: ptype liaison
XPASS: gdb.base/constvars.exp: ptype libation
XPASS: gdb.base/constvars.exp: ptype libelous
XPASS: gdb.base/constvars.exp: ptype libertine
XPASS: gdb.base/constvars.exp: ptype libidinous
XPASS: gdb.base/constvars.exp: ptype languish
XPASS: gdb.base/constvars.exp: ptype languor
XPASS: gdb.base/constvars.exp: ptype lank
XPASS: gdb.base/constvars.exp: ptype lapidary
XPASS: gdb.base/constvars.exp: ptype larceny
XPASS: gdb.base/constvars.exp: ptype largess
XPASS: gdb.base/constvars.exp: ptype lascivious
XPASS: gdb.base/constvars.exp: ptype lassitude
XPASS: gdb.base/constvars.exp: ptype lamprey
XPASS: gdb.base/constvars.exp: ptype lariat
XPASS: gdb.base/constvars.exp: ptype laudanum
XPASS: gdb.base/constvars.exp: ptype lecithin
XPASS: gdb.base/constvars.exp: ptype leviathan
XPASS: gdb.base/constvars.exp: ptype libretto
XPASS: gdb.base/constvars.exp: ptype lissome
XPASS: gdb.base/constvars.exp: ptype locust
FAIL: gdb.base/corefile.exp: print func2::coremaker_local
FAIL: gdb.base/corefile.exp: backtrace in corefile.exp
FAIL: gdb.base/selftest.exp: printed version
FAIL: gdb.base/selftest.exp: unknown source line after step over argv initialization
FAIL: gdb.base/selftest.exp: step into xmalloc call
FAIL: gdb.base/shlib-call.exp: (timeout) print g
FAIL: gdb.base/shlib-call.exp: next over shr1 (timeout)
FAIL: gdb.base/shlib-call.exp: (timeout) print g
FAIL: gdb.base/shlib-call.exp: (timeout) print shr1(1)
FAIL: gdb.base/shlib-call.exp: (timeout) print shr1(g)
FAIL: gdb.base/shlib-call.exp: breakpoint function shr2
FAIL: gdb.base/shlib-call.exp: run until breakpoint set at a function
FAIL: gdb.base/shlib-call.exp: (timeout) print shr1(1) 2nd time
FAIL: gdb.base/shlib-call.exp: (timeout) print mainshr1(1) from shlib func
FAIL: gdb.base/shlib-call.exp: step inside shr2 (shlib func) (timeout)
FAIL: gdb.base/shlib-call.exp: step out of shr2 to main (timeout)
FAIL: gdb.base/shlib-call.exp: (timeout) print mainshr1(1) from main
FAIL: gdb.base/shlib-call.exp: step into mainshr1 (timeout)
FAIL: gdb.base/shlib-call.exp: run to bp in shared library
FAIL: gdb.base/shlib-call.exp: cont
FAIL: gdb.base/shlib-call.exp: re-run to bp in shared library (PR's 16495, 18213)
FAIL: gdb.base/shlib-call.exp: cont
XPASS: gdb.base/signals.exp: continue to handler
XPASS: gdb.base/volatile.exp: ptype vox
XPASS: gdb.base/volatile.exp: ptype victuals
XPASS: gdb.base/volatile.exp: ptype vixen
XPASS: gdb.base/volatile.exp: ptype vitriol
XPASS: gdb.base/volatile.exp: ptype vellum
XPASS: gdb.base/volatile.exp: ptype valve
XPASS: gdb.base/volatile.exp: ptype vacuity
XPASS: gdb.base/volatile.exp: ptype vertigo
XPASS: gdb.base/volatile.exp: ptype vampire
XPASS: gdb.base/volatile.exp: ptype viper
XPASS: gdb.base/volatile.exp: ptype vigour
XPASS: gdb.base/volatile.exp: ptype vapour
XPASS: gdb.base/volatile.exp: ptype ventricle
XPASS: gdb.base/volatile.exp: ptype vigintillion
XPASS: gdb.base/volatile.exp: ptype vocation
XPASS: gdb.base/volatile.exp: ptype veracity
XPASS: gdb.base/volatile.exp: ptype vapidity
XPASS: gdb.base/volatile.exp: ptype velocity
XPASS: gdb.base/volatile.exp: ptype veneer
XPASS: gdb.base/volatile.exp: ptype video
XPASS: gdb.base/volatile.exp: ptype vacuum
XPASS: gdb.base/volatile.exp: ptype veniality
XPASS: gdb.base/volatile.exp: ptype vitality
XPASS: gdb.base/volatile.exp: ptype voracity
XPASS: gdb.base/volatile.exp: ptype victor
XPASS: gdb.base/volatile.exp: ptype vicar
XPASS: gdb.base/volatile.exp: ptype victory
XPASS: gdb.base/volatile.exp: ptype vicarage
XPASS: gdb.base/volatile.exp: ptype vein
XPASS: gdb.base/volatile.exp: ptype vogue
XPASS: gdb.base/volatile.exp: ptype cavern
XPASS: gdb.base/volatile.exp: ptype coverlet
XPASS: gdb.base/volatile.exp: ptype caveat
XPASS: gdb.base/volatile.exp: ptype covenant
XPASS: gdb.base/volatile.exp: ptype vizier
XPASS: gdb.base/volatile.exp: ptype vanadium
XPASS: gdb.base/volatile.exp: ptype vane
XPASS: gdb.base/volatile.exp: ptype veldt
XPASS: gdb.base/volatile.exp: ptype cove
XPASS: gdb.base/volatile.exp: ptype cavity
XPASS: gdb.base/volatile.exp: ptype vagus
XPASS: gdb.base/volatile.exp: ptype vagrancy
XPASS: gdb.base/volatile.exp: ptype vagary
XPASS: gdb.base/volatile.exp: ptype vendor
XPASS: gdb.base/volatile.exp: ptype qux2
FAIL: gdb.c++/annota2.exp: run until main breakpoint
FAIL: gdb.c++/annota2.exp: print class
FAIL: gdb.c++/annota2.exp: continue to exit
FAIL: gdb.c++/annota2.exp: run until main breakpoint
FAIL: gdb.c++/annota2.exp: set watch on a.x
FAIL: gdb.c++/annota2.exp: watch triggered on a.x
FAIL: gdb.c++/anon-union.exp: running to main in runto
FAIL: gdb.c++/classes.exp: running to 'inheritance2' in runto
FAIL: gdb.c++/classes.exp: continue to enums2(\(\)|): the program is no longer running
FAIL: gdb.c++/classes.exp: running to main in runto
FAIL: gdb.c++/classes.exp: running to marker_reg1 in runto
FAIL: gdb.c++/cplusfuncs.exp: running to main in runto
FAIL: gdb.c++/cplusfuncs.exp: print &'hairyfunc5'
FAIL: gdb.c++/cplusfuncs.exp: print &'hairyfunc6'
FAIL: gdb.c++/cplusfuncs.exp: print &'hairyfunc7'
FAIL: gdb.c++/derivation.exp: running to main in runto
FAIL: gdb.c++/inherit.exp: running to main in runto
FAIL: gdb.c++/inherit.exp: running to 'inheritance2' in runto
FAIL: gdb.c++/inherit.exp: print g_A.A::a
FAIL: gdb.c++/inherit.exp: print g_A.A::x
FAIL: gdb.c++/inherit.exp: print g_A.a
FAIL: gdb.c++/inherit.exp: print g_A.x
FAIL: gdb.c++/inherit.exp: print g_B.A::a
FAIL: gdb.c++/inherit.exp: print g_B.A::x
FAIL: gdb.c++/inherit.exp: print g_B.B::b
FAIL: gdb.c++/inherit.exp: print g_B.B::x
FAIL: gdb.c++/inherit.exp: print g_B.a
FAIL: gdb.c++/inherit.exp: print g_B.b
FAIL: gdb.c++/inherit.exp: print g_B.x
FAIL: gdb.c++/inherit.exp: print g_C.A::a
FAIL: gdb.c++/inherit.exp: print g_C.A::x
FAIL: gdb.c++/inherit.exp: print g_C.C::c
FAIL: gdb.c++/inherit.exp: print g_C.C::x
FAIL: gdb.c++/inherit.exp: print g_C.a
FAIL: gdb.c++/inherit.exp: print g_C.c
FAIL: gdb.c++/inherit.exp: print g_C.x
FAIL: gdb.c++/inherit.exp: print g_A
FAIL: gdb.c++/inherit.exp: print g_B
FAIL: gdb.c++/inherit.exp: print g_C
FAIL: gdb.c++/inherit.exp: print g_A.A::a
FAIL: gdb.c++/inherit.exp: print g_A.A::x
FAIL: gdb.c++/inherit.exp: print g_B.A::a
FAIL: gdb.c++/inherit.exp: print g_B.A::x
FAIL: gdb.c++/inherit.exp: print g_B.B::b
FAIL: gdb.c++/inherit.exp: print g_B.B::x
FAIL: gdb.c++/inherit.exp: print g_C.A::a
FAIL: gdb.c++/inherit.exp: print g_C.A::x
FAIL: gdb.c++/inherit.exp: print g_C.C::c
FAIL: gdb.c++/inherit.exp: print g_C.C::x
FAIL: gdb.c++/inherit.exp: print g_D.B::b
FAIL: gdb.c++/inherit.exp: print g_D.B::x
FAIL: gdb.c++/inherit.exp: print g_D.C::c
FAIL: gdb.c++/inherit.exp: print g_D.C::x
FAIL: gdb.c++/inherit.exp: print g_D.D::d
FAIL: gdb.c++/inherit.exp: print g_D.D::x
FAIL: gdb.c++/inherit.exp: print g_E.B::b
FAIL: gdb.c++/inherit.exp: print g_E.B::x
FAIL: gdb.c++/inherit.exp: print g_E.C::c
FAIL: gdb.c++/inherit.exp: print g_E.C::x
FAIL: gdb.c++/inherit.exp: print g_E.D::d
FAIL: gdb.c++/inherit.exp: print g_E.D::x
FAIL: gdb.c++/inherit.exp: print g_E.E::e
FAIL: gdb.c++/inherit.exp: print g_E.E::x
FAIL: gdb.c++/inherit.exp: print g_D
FAIL: gdb.c++/inherit.exp: print g_E
FAIL: gdb.c++/inherit.exp: print anonymous union member
FAIL: gdb.c++/inherit.exp: print variable of type anonymous union
FAIL: gdb.c++/inherit.exp: running to 'inheritance4' in runto
FAIL: gdb.c++/inherit.exp: print g_vA.vA::va
FAIL: gdb.c++/inherit.exp: print g_vA.vA::vx
FAIL: gdb.c++/inherit.exp: print g_vA.va
FAIL: gdb.c++/inherit.exp: print g_vA.vx
FAIL: gdb.c++/inherit.exp: print g_vB.vA::va
FAIL: gdb.c++/inherit.exp: print g_vB.vA::vx
FAIL: gdb.c++/inherit.exp: print g_vB.vB::vb
FAIL: gdb.c++/inherit.exp: print g_vB.vB::vx
FAIL: gdb.c++/inherit.exp: print g_vB.va
FAIL: gdb.c++/inherit.exp: print g_vB.vb
FAIL: gdb.c++/inherit.exp: print g_vB.vx
FAIL: gdb.c++/inherit.exp: print g_vC.vA::va
FAIL: gdb.c++/inherit.exp: print g_vC.vA::vx
FAIL: gdb.c++/inherit.exp: print g_vC.vC::vc
FAIL: gdb.c++/inherit.exp: print g_vC.vC::vx
FAIL: gdb.c++/inherit.exp: print g_vC.va
FAIL: gdb.c++/inherit.exp: print g_vC.vc
FAIL: gdb.c++/inherit.exp: print g_vC.vx
FAIL: gdb.c++/inherit.exp: print g_vA
FAIL: gdb.c++/inherit.exp: print g_vB
FAIL: gdb.c++/inherit.exp: print g_vC
FAIL: gdb.c++/inherit.exp: print g_vD.vA::va
FAIL: gdb.c++/inherit.exp: print g_vD.vA::vx
FAIL: gdb.c++/inherit.exp: print g_vD.vB::vb
FAIL: gdb.c++/inherit.exp: print g_vD.vB::vx
FAIL: gdb.c++/inherit.exp: print g_vD.vC::vc
FAIL: gdb.c++/inherit.exp: print g_vD.vC::vx
FAIL: gdb.c++/inherit.exp: print g_vD.vD::vd
FAIL: gdb.c++/inherit.exp: print g_vD.vD::vx
FAIL: gdb.c++/inherit.exp: print g_vE.vA::va
FAIL: gdb.c++/inherit.exp: print g_vE.vA::vx
FAIL: gdb.c++/inherit.exp: print g_vE.vB::vb
FAIL: gdb.c++/inherit.exp: print g_vE.vB::vx
FAIL: gdb.c++/inherit.exp: print g_vE.vC::vc
FAIL: gdb.c++/inherit.exp: print g_vE.vC::vx
FAIL: gdb.c++/inherit.exp: print g_vE.vD::vd
FAIL: gdb.c++/inherit.exp: print g_vE.vD::vx
FAIL: gdb.c++/inherit.exp: print g_vE.vE::ve
FAIL: gdb.c++/inherit.exp: print g_vE.vE::vx
FAIL: gdb.c++/inherit.exp: print g_vD
FAIL: gdb.c++/inherit.exp: print g_vE
FAIL: gdb.c++/local.exp: running to main in runto
FAIL: gdb.c++/misc.exp: running to main in runto
FAIL: gdb.c++/misc.exp: set a bool var (print v_bool)
FAIL: gdb.c++/misc.exp: set a bool array elem (print v_bool_array)
FAIL: gdb.c++/namespace.exp: running to main in runto
FAIL: gdb.c++/templates.exp: constructor breakpoint
FAIL: gdb.c++/templates.exp: running to main in runto
FAIL: gdb.c++/templates.exp: print fint
FAIL: gdb.c++/templates.exp: print fvpchar
FAIL: gdb.c++/templates.exp: ptype fint
FAIL: gdb.c++/templates.exp: ptype fchar
FAIL: gdb.c++/templates.exp: ptype fvpchar
FAIL: gdb.c++/templates.exp: print Foo<volatile char *>::foo
FAIL: gdb.c++/templates.exp: ptype bint
FAIL: gdb.c++/templates.exp: ptype bint2
FAIL: gdb.c++/templates.exp: ptype bazint
FAIL: gdb.c++/templates.exp: ptype bazint2
FAIL: gdb.c++/templates.exp: ptype quxint
FAIL: gdb.c++/templates.exp: ptype siip
FAIL: gdb.c++/templates.exp: print Garply<Garply<char> >::garply
FAIL: gdb.c++/userdef.exp: running to main in runto
FAIL: gdb.c++/virtfunc.exp: running to 'test_calls' in runto
FAIL: gdb.mi/mi-break.exp: insert temp breakpoint at "<fullfilename>":6 (callee4)
FAIL: gdb.mi/mi-console.exp: Hello message (known bug)
FAIL: gdb.mi/mi-disassemble.exp: data-disassemble file, line assembly mixed
FAIL: gdb.mi/mi-disassemble.exp: data-disassemble file, line, number (zero lines) assembly mixed
FAIL: gdb.mi/mi-simplerun.exp: insert breakpoint at "<fullfilename>":6 (callee4)
FAIL: gdb.mi/mi0-break.exp: insert temp breakpoint at "<fullfilename>":6 (callee4)
FAIL: gdb.mi/mi0-console.exp: Hello message (known bug)
FAIL: gdb.mi/mi0-disassemble.exp: data-disassemble file, line assembly mixed
FAIL: gdb.mi/mi0-disassemble.exp: data-disassemble file, line, number (zero lines) assembly mixed
FAIL: gdb.mi/mi0-simplerun.exp: insert breakpoint at "<fullfilename>":6 (callee4)
FAIL: gdb.threads/gcore-thread.exp: thread2 is current thread in corefile

		=== gdb Summary ===

# of expected passes		7843
# of unexpected failures	166
# of unexpected successes	90
# of expected failures		73
# of unresolved testcases	45
# of untested testcases		6
/tmp/egcs/gdb/testsuite/../../gdb/gdb version  2002-04-02-cvs -nx

		=== ld tests ===


Running target unix
FAIL: shared (non PIC, load offset)

		=== ld Summary ===

# of expected passes		67
# of unexpected failures	1
# of expected failures		13
		=== libjava tests ===


Running target unix
FAIL: Invoke_1 execution from source compiled test
FAIL: Invoke_1 execution from bytecode->native test
FAIL: Invoke_1 -O execution from source compiled test
FAIL: Invoke_1 -O execution from bytecode->native test
FAIL: Thread_Interrupt output from source compiled test
FAIL: Thread_Interrupt output from bytecode->native test
FAIL: Thread_Interrupt -O output from source compiled test
FAIL: Thread_Interrupt -O output from bytecode->native test
FAIL: Throw_2 execution from source compiled test
FAIL: Throw_2 execution from bytecode->native test
FAIL: Throw_2 -O execution from source compiled test
FAIL: Throw_2 -O execution from bytecode->native test
FAIL: invokethrow execution from source compiled test
FAIL: invokethrow execution from bytecode->native test
FAIL: invokethrow -O execution from source compiled test
FAIL: invokethrow -O execution from bytecode->native test
FAIL: FileHandleGcTest execution from source compiled test
FAIL: FileHandleGcTest execution from bytecode->native test
FAIL: FileHandleGcTest -O execution from source compiled test
FAIL: FileHandleGcTest -O execution from bytecode->native test
FAIL: gnu.testlet.java.io.BufferedByteOutputStream.interrupt: single-byte writes (number 3)
FAIL: gnu.testlet.java.io.BufferedByteOutputStream.interrupt: single-byte writes (number 4)
FAIL: gnu.testlet.java.io.ObjectStreamClass.Test: uncaught exception at "lookup" number 1: java.lang.NoClassDefFoundError: gnu.testlet.java.io.ObjectStreamClass.Serial
FAIL: gnu.testlet.java.io.PipedStream.close (number 1)
FAIL: gnu.testlet.java.lang.Character.classify: isDefined (number 1)
FAIL: gnu.testlet.java.lang.Character.classify: isDefined (number 2)
FAIL: gnu.testlet.java.lang.Character.classify12 (number 1)
FAIL: gnu.testlet.java.lang.Character.getType (number 11)
FAIL: gnu.testlet.java.lang.Character.getType (number 20)
FAIL: gnu.testlet.java.lang.Character.getType (number 22)
FAIL: gnu.testlet.java.lang.Character.unicode: Character 0:UNDEFINED is reported to be type Cc instead of Cn (number 1)
FAIL: gnu.testlet.java.lang.Character.unicode: Character 0:UNDEFINED incorectly reported as javaidentifierpart (number 1)
FAIL: gnu.testlet.java.lang.Character.unicode: Character 0:UNDEFINED incorectly reported as unicodeidentifierpart (number 1)
FAIL: gnu.testlet.java.lang.Character.unicode: Character 0:UNDEFINED has wrong numeric value of -1 instead of 35 (number 1)
FAIL: gnu.testlet.java.lang.Character.unicode: Character 1:UNDEFINED is reported to be type Cc instead of Cn (number 1)
FAIL: gnu.testlet.java.lang.Character.unicode: Character 1:UNDEFINED incorectly reported as javaidentifierpart (number 1)
FAIL: gnu.testlet.java.lang.Character.unicode: Character 1:UNDEFINED incorectly reported as unicodeidentifierpart (number 1)
FAIL: gnu.testlet.java.lang.Character.unicode: Character 1:UNDEFINED has wrong numeric value of -1 instead of 35 (number 1)
FAIL: gnu.testlet.java.lang.Character.unicode: Character 2:UNDEFINED is reported to be type Cc instead of Cn (number 1)
FAIL: gnu.testlet.java.lang.Character.unicode: Character 2:UNDEFINED incorectly reported as javaidentifierpart (number 1)
FAIL: gnu.testlet.java.lang.Character.unicode: Character 2:UNDEFINED incorectly reported as unicodeidentifierpart (number 1)
FAIL: gnu.testlet.java.lang.Character.unicode: Character 2:UNDEFINED has wrong numeric value of -1 instead of 35 (number 1)
FAIL: gnu.testlet.java.lang.Character.unicode: Character 3:UNDEFINED is reported to be type Cc instead of Cn (number 1)
FAIL: gnu.testlet.java.lang.Character.unicode: Character 3:UNDEFINED incorectly reported as javaidentifierpart (number 1)
FAIL: gnu.testlet.java.lang.Character.unicode: Character 3:UNDEFINED incorectly reported as unicodeidentifierpart (number 1)
FAIL: gnu.testlet.java.lang.Character.unicode: Character 3:UNDEFINED has wrong numeric value of -1 instead of 35 (number 1)
FAIL: gnu.testlet.java.lang.Character.unicode: Character 4:UNDEFINED is reported to be type Cc instead of Cn (number 1)
FAIL: gnu.testlet.java.lang.Character.unicode: Character 4:UNDEFINED incorectly reported as javaidentifierpart (number 1)
FAIL: gnu.testlet.java.lang.Character.unicode: Character 4:UNDEFINED incorectly reported as unicodeidentifierpart (number 1)
FAIL: gnu.testlet.java.lang.Character.unicode: Character 4:UNDEFINED has wrong numeric value of -1 instead of 35 (number 1)
FAIL: gnu.testlet.java.lang.Character.unicode: Character 5:UNDEFINED is reported to be type Cc instead of Cn (number 1)
FAIL: gnu.testlet.java.lang.Character.unicode: Character 5:UNDEFINED incorectly reported as javaidentifierpart (number 1)
FAIL: gnu.testlet.java.lang.Character.unicode: Character 5:UNDEFINED incorectly reported as unicodeidentifierpart (number 1)
FAIL: gnu.testlet.java.lang.Character.unicode: Character 5:UNDEFINED has wrong numeric value of -1 instead of 35 (number 1)
FAIL: gnu.testlet.java.lang.Character.unicode: Character 6:UNDEFINED is reported to be type Cc instead of Cn (number 1)
FAIL: gnu.testlet.java.lang.Character.unicode: Character 6:UNDEFINED incorectly reported as javaidentifierpart (number 1)
FAIL: gnu.testlet.java.lang.Character.unicode: Character 6:UNDEFINED incorectly reported as unicodeidentifierpart (number 1)
FAIL: gnu.testlet.java.lang.Character.unicode: Character 6:UNDEFINED has wrong numeric value of -1 instead of 35 (number 1)
FAIL: gnu.testlet.java.lang.Character.unicode: Character 7:UNDEFINED is reported to be type Cc instead of Cn (number 1)
FAIL: gnu.testlet.java.lang.Character.unicode: Character 7:UNDEFINED incorectly reported as javaidentifierpart (number 1)
FAIL: gnu.testlet.java.lang.Character.unicode: Character 7:UNDEFINED incorectly reported as unicodeidentifierpart (number 1)
FAIL: gnu.testlet.java.lang.Character.unicode: Character 7:UNDEFINED has wrong numeric value of -1 instead of 35 (number 1)
FAIL: gnu.testlet.java.lang.Character.unicode: Character 8:UNDEFINED is reported to be type Cc instead of Cn (number 1)
FAIL: gnu.testlet.java.lang.Character.unicode: Character 8:UNDEFINED incorectly reported as javaidentifierpart (number 1)
FAIL: gnu.testlet.java.lang.Character.unicode: Character 8:UNDEFINED incorectly reported as unicodeidentifierpart (number 1)
FAIL: gnu.testlet.java.lang.Character.unicode: Character 8:UNDEFINED has wrong numeric value of -1 instead of 35 (number 1)
FAIL: gnu.testlet.java.lang.Character.unicode: Character 9:UNDEFINED is reported to be type Cc instead of Cn (number 1)
FAIL: gnu.testlet.java.lang.Character.unicode: Character 9:UNDEFINED has wrong numeric value of -1 instead of 35 (number 1)
FAIL: gnu.testlet.java.lang.Character.unicode: Character a:UNDEFINED is reported to be type Cc instead of Cn (number 1)
FAIL: gnu.testlet.java.lang.Character.unicode: Character a:UNDEFINED has wrong numeric value of -1 instead of 35 (number 1)
FAIL: gnu.testlet.java.lang.Character.unicode: Character b:UNDEFINED is reported to be type Cc instead of Cn (number 1)
FAIL: gnu.testlet.java.lang.Character.unicode: Character b:UNDEFINED has wrong numeric value of -1 instead of 35 (number 1)
FAIL: gnu.testlet.java.lang.Character.unicode: Character c:UNDEFINED is reported to be type Cc instead of Cn (number 1)
FAIL: gnu.testlet.java.lang.Character.unicode: Character c:UNDEFINED has wrong numeric value of -1 instead of 35 (number 1)
FAIL: gnu.testlet.java.lang.Character.unicode: Character d:UNDEFINED is reported to be type Cc instead of Cn (number 1)
FAIL: gnu.testlet.java.lang.Character.unicode: Character d:UNDEFINED has wrong numeric value of -1 instead of 35 (number 1)
FAIL: gnu.testlet.java.lang.Character.unicode: Character e:UNDEFINED is reported to be type Cc instead of Cn (number 1)
FAIL: gnu.testlet.java.lang.Character.unicode: Character e:UNDEFINED incorectly reported as javaidentifierpart (number 1)
FAIL: gnu.testlet.java.lang.Character.unicode: Character e:UNDEFINED incorectly reported as unicodeidentifierpart (number 1)
FAIL: gnu.testlet.java.lang.Character.unicode: Character e:UNDEFINED has wrong numeric value of -1 instead of 35 (number 1)
FAIL: gnu.testlet.java.lang.Character.unicode: Character f:UNDEFINED is reported to be type Cc instead of Cn (number 1)
FAIL: gnu.testlet.java.lang.Character.unicode: Character f:UNDEFINED incorectly reported as javaidentifierpart (number 1)
FAIL: gnu.testlet.java.lang.Character.unicode: Character f:UNDEFINED incorectly reported as unicodeidentifierpart (number 1)
FAIL: gnu.testlet.java.lang.Character.unicode: Character f:UNDEFINED has wrong numeric value of -1 instead of 35 (number 1)
FAIL: gnu.testlet.java.lang.Character.unicode: Character 10:UNDEFINED is reported to be type Cc instead of Cn (number 1)
FAIL: gnu.testlet.java.lang.Character.unicode: Character 10:UNDEFINED incorectly reported as javaidentifierpart (number 1)
FAIL: gnu.testlet.java.lang.Character.unicode: Character 10:UNDEFINED incorectly reported as unicodeidentifierpart (number 1)
FAIL: gnu.testlet.java.lang.Character.unicode: Character 10:UNDEFINED has wrong numeric value of -1 instead of 35 (number 1)
FAIL: gnu.testlet.java.lang.Character.unicode: Character 11:UNDEFINED is reported to be type Cc instead of Cn (number 1)
FAIL: gnu.testlet.java.lang.Character.unicode: Character 11:UNDEFINED incorectly reported as javaidentifierpart (number 1)
FAIL: gnu.testlet.java.lang.Character.unicode: Character 11:UNDEFINED incorectly reported as unicodeidentifierpart (number 1)
FAIL: gnu.testlet.java.lang.Character.unicode: Character 11:UNDEFINED has wrong numeric value of -1 instead of 35 (number 1)
FAIL: gnu.testlet.java.lang.Character.unicode: Character 12:UNDEFINED is reported to be type Cc instead of Cn (number 1)
FAIL: gnu.testlet.java.lang.Character.unicode: Character 12:UNDEFINED incorectly reported as javaidentifierpart (number 1)
FAIL: gnu.testlet.java.lang.Character.unicode: Character 12:UNDEFINED incorectly reported as unicodeidentifierpart (number 1)
FAIL: gnu.testlet.java.lang.Character.unicode: Character 12:UNDEFINED has wrong numeric value of -1 instead of 35 (number 1)
FAIL: gnu.testlet.java.lang.Character.unicode: Character 13:UNDEFINED is reported to be type Cc instead of Cn (number 1)
FAIL: gnu.testlet.java.lang.Character.unicode: Character 13:UNDEFINED incorectly reported as javaidentifierpart (number 1)
FAIL: gnu.testlet.java.lang.Character.unicode: Character 13:UNDEFINED incorectly reported as unicodeidentifierpart (number 1)
FAIL: gnu.testlet.java.lang.Character.unicode: Character 13:UNDEFINED has wrong numeric value of -1 instead of 35 (number 1)
FAIL: gnu.testlet.java.lang.Character.unicode: Character 14:UNDEFINED is reported to be type Cc instead of Cn (number 1)
FAIL: gnu.testlet.java.lang.Character.unicode: Character 14:UNDEFINED incorectly reported as javaidentifierpart (number 1)
FAIL: gnu.testlet.java.lang.Character.unicode: Character 14:UNDEFINED incorectly reported as unicodeidentifierpart (number 1)
FAIL: gnu.testlet.java.lang.Character.unicode: Character 14:UNDEFINED has wrong numeric value of -1 instead of 35 (number 1)
FAIL: gnu.testlet.java.lang.Character.unicode: Character 15:UNDEFINED is reported to be type Cc instead of Cn (number 1)
FAIL: gnu.testlet.java.lang.Character.unicode: Character 15:UNDEFINED incorectly reported as javaidentifierpart (number 1)
FAIL: gnu.testlet.java.lang.Character.unicode: Character 15:UNDEFINED incorectly reported as unicodeidentifierpart (number 1)
FAIL: gnu.testlet.java.lang.Character.unicode: Character 15:UNDEFINED has wrong numeric value of -1 instead of 35 (number 1)
FAIL: gnu.testlet.java.lang.Character.unicode: Character 16:UNDEFINED is reported to be type Cc instead of Cn (number 1)
FAIL: gnu.testlet.java.lang.Character.unicode: Character 16:UNDEFINED incorectly reported as javaidentifierpart (number 1)
FAIL: gnu.testlet.java.lang.Character.unicode: Character 16:UNDEFINED incorectly reported as unicodeidentifierpart (number 1)
FAIL: gnu.testlet.java.lang.Character.unicode: Character 16:UNDEFINED has wrong numeric value of -1 instead of 35 (number 1)
FAIL: gnu.testlet.java.lang.Character.unicode: Character 17:UNDEFINED is reported to be type Cc instead of Cn (number 1)
FAIL: gnu.testlet.java.lang.Character.unicode: Character 17:UNDEFINED incorectly reported as javaidentifierpart (number 1)
FAIL: gnu.testlet.java.lang.Character.unicode: Character 17:UNDEFINED incorectly reported as unicodeidentifierpart (number 1)
FAIL: gnu.testlet.java.lang.Character.unicode: Character 17:UNDEFINED has wrong numeric value of -1 instead of 35 (number 1)
FAIL: gnu.testlet.java.lang.Character.unicode: Character 18:UNDEFINED is reported to be type Cc instead of Cn (number 1)
FAIL: gnu.testlet.java.lang.Character.unicode: Character 18:UNDEFINED incorectly reported as javaidentifierpart (number 1)
FAIL: gnu.testlet.java.lang.Character.unicode: Character 18:UNDEFINED incorectly reported as unicodeidentifierpart (number 1)
FAIL: gnu.testlet.java.lang.Character.unicode: Character 18:UNDEFINED has wrong numeric value of -1 instead of 35 (number 1)
FAIL: gnu.testlet.java.lang.Character.unicode: Character 19:UNDEFINED is reported to be type Cc instead of Cn (number 1)
FAIL: gnu.testlet.java.lang.Character.unicode: Character 19:UNDEFINED incorectly reported as javaidentifierpart (number 1)
FAIL: gnu.testlet.java.lang.Character.unicode: Character 19:UNDEFINED incorectly reported as unicodeidentifierpart (number 1)
FAIL: gnu.testlet.java.lang.Character.unicode: Character 19:UNDEFINED has wrong numeric value of -1 instead of 35 (number 1)
FAIL: gnu.testlet.java.lang.Character.unicode: Character 1a:UNDEFINED is reported to be type Cc instead of Cn (number 1)
FAIL: gnu.testlet.java.lang.Character.unicode: Character 1a:UNDEFINED incorectly reported as javaidentifierpart (number 1)
FAIL: gnu.testlet.java.lang.Character.unicode: Character 1a:UNDEFINED incorectly reported as unicodeidentifierpart (number 1)
FAIL: gnu.testlet.java.lang.Character.unicode: Character 1a:UNDEFINED has wrong numeric value of -1 instead of 35 (number 1)
FAIL: gnu.testlet.java.lang.Character.unicode: Character 1b:UNDEFINED is reported to be type Cc instead of Cn (number 1)
FAIL: gnu.testlet.java.lang.Character.unicode: Character 1b:UNDEFINED incorectly reported as javaidentifierpart (number 1)
FAIL: gnu.testlet.java.lang.Character.unicode: Character 1b:UNDEFINED incorectly reported as unicodeidentifierpart (number 1)
FAIL: gnu.testlet.java.lang.Character.unicode: Character 1b:UNDEFINED has wrong numeric value of -1 instead of 35 (number 1)
FAIL: gnu.testlet.java.lang.Character.unicode: Character 1c:UNDEFINED is reported to be type Cc instead of Cn (number 1)
FAIL: gnu.testlet.java.lang.Character.unicode: Character 1c:UNDEFINED has wrong numeric value of -1 instead of 35 (number 1)
FAIL: gnu.testlet.java.lang.Character.unicode: Character 1d:UNDEFINED is reported to be type Cc instead of Cn (number 1)
FAIL: gnu.testlet.java.lang.Character.unicode: Character 1d:UNDEFINED has wrong numeric value of -1 instead of 35 (number 1)
FAIL: gnu.testlet.java.lang.Character.unicode: Character 1e:UNDEFINED is reported to be type Cc instead of Cn (number 1)
FAIL: gnu.testlet.java.lang.Character.unicode: Character 1e:UNDEFINED has wrong numeric value of -1 instead of 35 (number 1)
FAIL: gnu.testlet.java.lang.Character.unicode: Character 1f:UNDEFINED is reported to be type Cc instead of Cn (number 1)
FAIL: gnu.testlet.java.lang.Character.unicode: Character 1f:UNDEFINED has wrong numeric value of -1 instead of 35 (number 1)
FAIL: gnu.testlet.java.lang.Character.unicode: Character 20:UNDEFINED incorectly reported as spacechar (number 1)
FAIL: gnu.testlet.java.lang.Character.unicode: Character 20:UNDEFINED incorectly reported as whitespace (number 1)
FAIL: gnu.testlet.java.lang.Character.unicode: Character 20:UNDEFINED is reported to be type Zs instead of Cn (number 1)
FAIL: gnu.testlet.java.lang.Character.unicode: Character 20:UNDEFINED has wrong numeric value of -1 instead of 35 (number 1)
FAIL: gnu.testlet.java.lang.Character.unicode: Character 21:UNDEFINED is reported to be type Po instead of Cn (number 1)
FAIL: gnu.testlet.java.lang.Character.unicode: Character 21:UNDEFINED has wrong numeric value of -1 instead of 35 (number 1)
FAIL: gnu.testlet.java.lang.Character.unicode: Character 22:UNDEFINED is reported to be type Po instead of Cn (number 1)
FAIL: gnu.testlet.java.lang.Character.unicode: Character 22:UNDEFINED has wrong numeric value of -1 instead of 35 (number 1)
FAIL: gnu.testlet.java.lang.Character.unicode: Character 23:UNDEFINED is reported to be type Po instead of Cn (number 1)
FAIL: gnu.testlet.java.lang.Character.unicode: Character 23:UNDEFINED has wrong numeric value of -1 instead of 35 (number 1)
FAIL: gnu.testlet.java.lang.Character.unicode: Character 24:UNDEFINED is reported to be type Sc instead of Cn (number 1)
FAIL: gnu.testlet.java.lang.Character.unicode: Character 24:UNDEFINED incorectly reported as javaindetifierstart (number 1)
FAIL: gnu.testlet.java.lang.Character.unicode: Character 24:UNDEFINED incorectly reported as javaidentifierpart (number 1)
FAIL: gnu.testlet.java.lang.Character.unicode: Character 24:UNDEFINED has wrong numeric value of -1 instead of 35 (number 1)
FAIL: gnu.testlet.java.lang.Character.unicode: Character 25:UNDEFINED is reported to be type Po instead of Cn (number 1)
FAIL: gnu.testlet.java.lang.Character.unicode: Character 25:UNDEFINED has wrong numeric value of -1 instead of 35 (number 1)
FAIL: gnu.testlet.java.lang.Character.unicode: Character 26:UNDEFINED is reported to be type Po instead of Cn (number 1)
FAIL: gnu.testlet.java.lang.Character.unicode: Character 26:UNDEFINED has wrong numeric value of -1 instead of 35 (number 1)
FAIL: gnu.testlet.java.lang.Character.unicode: Character 27:UNDEFINED is reported to be type Po instead of Cn (number 1)
FAIL: gnu.testlet.java.lang.Character.unicode: Character 27:UNDEFINED has wrong numeric value of -1 instead of 35 (number 1)
FAIL: gnu.testlet.java.lang.Character.unicode: Character 28:UNDEFINED is reported to be type Ps instead of Cn (number 1)
FAIL: gnu.testlet.java.lang.Character.unicode: Character 28:UNDEFINED has wrong numeric value of -1 instead of 35 (number 1)
FAIL: gnu.testlet.java.lang.Character.unicode: Character 29:UNDEFINED is reported to be type Pe instead of Cn (number 1)
FAIL: gnu.testlet.java.lang.Character.unicode: Character 29:UNDEFINED has wrong numeric value of -1 instead of 35 (number 1)
FAIL: gnu.testlet.java.lang.Character.unicode: Character 2a:UNDEFINED is reported to be type Po instead of Cn (number 1)
FAIL: gnu.testlet.java.lang.Character.unicode: Character 2a:UNDEFINED has wrong numeric value of -1 instead of 35 (number 1)
FAIL: gnu.testlet.java.lang.Character.unicode: Character 2b:UNDEFINED is reported to be type Sm instead of Cn (number 1)
FAIL: gnu.testlet.java.lang.Character.unicode: Character 2b:UNDEFINED has wrong numeric value of -1 instead of 35 (number 1)
FAIL: gnu.testlet.java.lang.Character.unicode: Character 2c:UNDEFINED is reported to be type Po instead of Cn (number 1)
FAIL: gnu.testlet.java.lang.Character.unicode: Character 2c:UNDEFINED has wrong numeric value of -1 instead of 35 (number 1)
FAIL: gnu.testlet.java.lang.Character.unicode: Character 2d:UNDEFINED is reported to be type Pd instead of Cn (number 1)
FAIL: gnu.testlet.java.lang.Character.unicode: Character 2d:UNDEFINED has wrong numeric value of -1 instead of 35 (number 1)
FAIL: gnu.testlet.java.lang.Character.unicode: Character 2e:UNDEFINED is reported to be type Po instead of Cn (number 1)
FAIL: gnu.testlet.java.lang.Character.unicode: Character 2e:UNDEFINED has wrong numeric value of -1 instead of 35 (number 1)
FAIL: gnu.testlet.java.lang.Character.unicode: Character 2f:UNDEFINED is reported to be type Po instead of Cn (number 1)
FAIL: gnu.testlet.java.lang.Character.unicode: Character 2f:UNDEFINED has wrong numeric value of -1 instead of 35 (number 1)
FAIL: gnu.testlet.java.lang.Character.unicode: Character 30:UNDEFINED is reported to be type Nd instead of Cn (number 1)
FAIL: gnu.testlet.java.lang.Character.unicode: Character 30:UNDEFINED incorectly reported as javaidentifierpart (number 1)
FAIL: gnu.testlet.java.lang.Character.unicode: Character 30:UNDEFINED incorectly reported as unicodeidentifierpart (number 1)
FAIL: gnu.testlet.java.lang.Character.unicode: Character 30:UNDEFINED has wrong digit form of 0 for radix 2 instead of -1 (number 1)
FAIL: gnu.testlet.java.lang.Character.unicode: Character 30:UNDEFINED has wrong digit form of 0 for radix 3 instead of -1 (number 1)
FAIL: gnu.testlet.java.lang.Character.unicode: Character 30:UNDEFINED has wrong digit form of 0 for radix 4 instead of -1 (number 1)
FAIL: gnu.testlet.java.lang.Character.unicode: Character 30:UNDEFINED has wrong digit form of 0 for radix 5 instead of -1 (number 1)
FAIL: gnu.testlet.java.lang.Character.unicode: Character 30:UNDEFINED has wrong digit form of 0 for radix 6 instead of -1 (number 1)
FAIL: gnu.testlet.java.lang.Character.unicode: Character 30:UNDEFINED has wrong digit form of 0 for radix 7 instead of -1 (number 1)
FAIL: gnu.testlet.java.lang.Character.unicode: Character 30:UNDEFINED has wrong digit form of 0 for radix 8 instead of -1 (number 1)
FAIL: gnu.testlet.java.lang.Character.unicode: Character 30:UNDEFINED has wrong digit form of 0 for radix 9 instead of -1 (number 1)
FAIL: gnu.testlet.java.lang.Character.unicode: Character 30:UNDEFINED has wrong digit form of 0 for radix 10 instead of -1 (number 1)
FAIL: gnu.testlet.java.lang.Character.unicode: Character 30:UNDEFINED has wrong digit form of 0 for radix 11 instead of -1 (number 1)
FAIL: gnu.testlet.java.lang.Character.unicode: Character 30:UNDEFINED has wrong digit form of 0 for radix 12 instead of -1 (number 1)
FAIL: gnu.testlet.java.lang.Character.unicode: Character 30:UNDEFINED has wrong digit form of 0 for radix 13 instead of -1 (number 1)
FAIL: gnu.testlet.java.lang.Character.unicode: Character 30:UNDEFINED has wrong digit form of 0 for radix 14 instead of -1 (number 1)
FAIL: gnu.testlet.java.lang.Character.unicode: Character 30:UNDEFINED has wrong digit form of 0 for radix 15 instead of -1 (number 1)
FAIL: gnu.testlet.java.lang.Character.unicode: Character 30:UNDEFINED has wrong digit form of 0 for radix 16 instead of -1 (number 1)
FAIL: gnu.testlet.java.lang.Character.unicode: Character 30:UNDEFINED has wrong digit form of 0 for radix 17 instead of -1 (number 1)
FAIL: gnu.testlet.java.lang.Character.unicode: Character 30:UNDEFINED has wrong digit form of 0 for radix 18 instead of -1 (number 1)
FAIL: gnu.testlet.java.lang.Character.unicode: Character 30:UNDEFINED has wrong digit form of 0 for radix 19 instead of -1 (number 1)
FAIL: gnu.testlet.java.lang.Character.unicode: Character 30:UNDEFINED has wrong digit form of 0 for radix 20 instead of -1 (number 1)
FAIL: gnu.testlet.java.lang.Character.unicode: Character 30:UNDEFINED has wrong digit form of 0 for radix 21 instead of -1 (number 1)
FAIL: gnu.testlet.java.lang.Character.unicode: Character 30:UNDEFINED has wrong digit form of 0 for radix 22 instead of -1 (number 1)
FAIL: gnu.testlet.java.lang.Character.unicode: Character 30:UNDEFINED has wrong digit form of 0 for radix 23 instead of -1 (number 1)
FAIL: gnu.testlet.java.lang.Character.unicode: Character 30:UNDEFINED has wrong digit form of 0 for radix 24 instead of -1 (number 1)
FAIL: gnu.testlet.java.lang.Character.unicode: Character 30:UNDEFINED has wrong digit form of 0 for radix 25 instead of -1 (number 1)
FAIL: gnu.testlet.java.lang.Character.unicode: Character 30:UNDEFINED has wrong digit form of 0 for radix 26 instead of -1 (number 1)
FAIL: gnu.testlet.java.lang.Character.unicode: Character 30:UNDEFINED has wrong digit form of 0 for radix 27 instead of -1 (number 1)
FAIL: gnu.testlet.java.lang.Character.unicode: Character 30:UNDEFINED has wrong digit form of 0 for radix 28 instead of -1 (number 1)
FAIL: gnu.testlet.java.lang.Character.unicode: Character 30:UNDEFINED has wrong digit form of 0 for radix 29 instead of -1 (number 1)
FAIL: gnu.testlet.java.lang.Character.unicode: Character 30:UNDEFINED has wrong digit form of 0 for radix 30 instead of -1 (number 1)
FAIL: gnu.testlet.java.lang.Character.unicode: Character 30:UNDEFINED has wrong digit form of 0 for radix 31 instead of -1 (number 1)
FAIL: gnu.testlet.java.lang.Character.unicode: Character 30:UNDEFINED has wrong digit form of 0 for radix 32 instead of -1 (number 1)
FAIL: gnu.testlet.java.lang.Character.unicode: Character 30:UNDEFINED has wrong digit form of 0 for radix 33 instead of -1 (number 1)
FAIL: gnu.testlet.java.lang.Character.unicode: Character 30:UNDEFINED has wrong digit form of 0 for radix 34 instead of -1 (number 1)
FAIL: gnu.testlet.java.lang.Character.unicode: Character 30:UNDEFINED has wrong digit form of 0 for radix 35 instead of -1 (number 1)
FAIL: gnu.testlet.java.lang.Character.unicode: Character 30:UNDEFINED has wrong digit form of 0 for radix 36 instead of -1 (number 1)
FAIL: gnu.testlet.java.lang.Character.unicode: Character 30:UNDEFINED has wrong numeric value of 0 instead of 35 (number 1)
FAIL: gnu.testlet.java.lang.Character.unicode: Character 31:UNDEFINED is reported to be type Nd instead of Cn (number 1)
FAIL: gnu.testlet.java.lang.Character.unicode: Character 31:UNDEFINED incorectly reported as javaidentifierpart (number 1)
FAIL: gnu.testlet.java.lang.Character.unicode: Character 31:UNDEFINED incorectly reported as unicodeidentifierpart (number 1)
FAIL: gnu.testlet.java.lang.Character.unicode: Character 31:UNDEFINED has wrong digit form of 1 for radix 2 instead of -1 (number 1)
FAIL: gnu.testlet.java.lang.Character.unicode: Character 31:UNDEFINED has wrong digit form of 1 for radix 3 instead of -1 (number 1)
FAIL: gnu.testlet.java.lang.Character.unicode: Character 31:UNDEFINED has wrong digit form of 1 for radix 4 instead of -1 (number 1)
FAIL: gnu.testlet.java.lang.Character.unicode: Character 31:UNDEFINED has wrong digit form of 1 for radix 5 instead of -1 (number 1)
FAIL: gnu.testlet.java.lang.Character.unicode: Character 31:UNDEFINED has wrong digit form of 1 for radix 6 instead of -1 (number 1)
FAIL: gnu.testlet.java.lang.Character.unicode: Character 31:UNDEFINED has wrong digit form of 1 for radix 7 instead of -1 (number 1)
FAIL: gnu.testlet.java.lang.Character.unicode: Character 31:UNDEFINED has wrong digit form of 1 for radix 8 instead of -1 (number 1)
FAIL: gnu.testlet.java.lang.Character.unicode: Character 31:UNDEFINED has wrong digit form of 1 for radix 9 instead of -1 (number 1)
FAIL: gnu.testlet.java.lang.Character.unicode: Character 31:UNDEFINED has wrong digit form of 1 for radix 10 instead of -1 (number 1)
FAIL: gnu.testlet.java.lang.Character.unicode: Character 31:UNDEFINED has wrong digit form of 1 for radix 11 instead of -1 (number 1)
FAIL: gnu.testlet.java.lang.Character.unicode: Character 31:UNDEFINED has wrong digit form of 1 for radix 12 instead of -1 (number 1)
FAIL: gnu.testlet.java.lang.Character.unicode: Character 31:UNDEFINED has wrong digit form of 1 for radix 13 instead of -1 (number 1)
FAIL: gnu.testlet.java.lang.Character.unicode: Character 31:UNDEFINED has wrong digit form of 1 for radix 14 instead of -1 (number 1)
FAIL: gnu.testlet.java.lang.Character.unicode: Character 31:UNDEFINED has wrong digit form of 1 for radix 15 instead of -1 (number 1)
FAIL: gnu.testlet.java.lang.Character.unicode: Character 31:UNDEFINED has wrong digit form of 1 for radix 16 instead of -1 (number 1)
FAIL: gnu.testlet.java.lang.Character.unicode: Character 31:UNDEFINED has wrong digit form of 1 for radix 17 instead of -1 (number 1)
FAIL: gnu.testlet.java.lang.Character.unicode: Character 31:UNDEFINED has wrong digit form of 1 for radix 18 instead of -1 (number 1)
FAIL: gnu.testlet.java.lang.Character.unicode: Character 31:UNDEFINED has wrong digit form of 1 for radix 19 instead of -1 (number 1)
FAIL: gnu.testlet.java.lang.Character.unicode: Character 31:UNDEFINED has wrong digit form of 1 for radix 20 instead of -1 (number 1)
FAIL: gnu.testlet.java.lang.Character.unicode: Character 31:UNDEFINED has wrong digit form of 1 for radix 21 instead of -1 (number 1)
FAIL: gnu.testlet.java.lang.Character.unicode: Character 31:UNDEFINED has wrong digit form of 1 for radix 22 instead of -1 (number 1)
FAIL: gnu.testlet.java.lang.Character.unicode: Character 31:UNDEFINED has wrong digit form of 1 for radix 23 instead of -1 (number 1)
FAIL: gnu.testlet.java.lang.Character.unicode: Character 31:UNDEFINED has wrong digit form of 1 for radix 24 instead of -1 (number 1)
FAIL: gnu.testlet.java.lang.Character.unicode: Character 31:UNDEFINED has wrong digit form of 1 for radix 25 instead of -1 (number 1)
FAIL: gnu.testlet.java.lang.Character.unicode: Character 31:UNDEFINED has wrong digit form of 1 for radix 26 instead of -1 (number 1)
FAIL: gnu.testlet.java.lang.Character.unicode: Character 31:UNDEFINED has wrong digit form of 1 for radix 27 instead of -1 (number 1)
FAIL: gnu.testlet.java.lang.Character.unicode: Character 31:UNDEFINED has wrong digit form of 1 for radix 28 instead of -1 (number 1)
FAIL: gnu.testlet.java.lang.Character.unicode: Character 31:UNDEFINED has wrong digit form of 1 for radix 29 instead of -1 (number 1)
FAIL: gnu.testlet.java.lang.Character.unicode: Character 31:UNDEFINED has wrong digit form of 1 for radix 30 instead of -1 (number 1)
FAIL: gnu.testlet.java.lang.Character.unicode: Character 31:UNDEFINED has wrong digit form of 1 for radix 31 instead of -1 (number 1)
FAIL: gnu.testlet.java.lang.Character.unicode: Character 31:UNDEFINED has wrong digit form of 1 for radix 32 instead of -1 (number 1)
FAIL: gnu.testlet.java.lang.Character.unicode: Character 31:UNDEFINED has wrong digit form of 1 for radix 33 instead of -1 (number 1)
FAIL: gnu.testlet.java.lang.Character.unicode: Character 31:UNDEFINED has wrong digit form of 1 for radix 34 instead of -1 (number 1)
FAIL: gnu.testlet.java.lang.Character.unicode: Character 31:UNDEFINED has wrong digit form of 1 for radix 35 instead of -1 (number 1)
FAIL: gnu.testlet.java.lang.Character.unicode: Character 31:UNDEFINED has wrong digit form of 1 for radix 36 instead of -1 (number 1)
FAIL: gnu.testlet.java.lang.Character.unicode: Character 31:UNDEFINED has wrong numeric value of 1 instead of 35 (number 1)
FAIL: gnu.testlet.java.lang.Character.unicode: Character 32:UNDEFINED is reported to be type Nd instead of Cn (number 1)
FAIL: gnu.testlet.java.lang.Character.unicode: Character 32:UNDEFINED incorectly reported as javaidentifierpart (number 1)
FAIL: gnu.testlet.java.lang.Character.unicode: Character 32:UNDEFINED incorectly reported as unicodeidentifierpart (number 1)
FAIL: gnu.testlet.java.lang.Character.unicode: Character 32:UNDEFINED has wrong digit form of 2 for radix 3 instead of -1 (number 1)
FAIL: gnu.testlet.java.lang.Character.unicode: Character 32:UNDEFINED has wrong digit form of 2 for radix 4 instead of -1 (number 1)
FAIL: gnu.testlet.java.lang.Character.unicode: Character 32:UNDEFINED has wrong digit form of 2 for radix 5 instead of -1 (number 1)
FAIL: gnu.testlet.java.lang.Character.unicode: Character 32:UNDEFINED has wrong digit form of 2 for radix 6 instead of -1 (number 1)
FAIL: gnu.testlet.java.lang.Character.unicode: Character 32:UNDEFINED has wrong digit form of 2 for radix 7 instead of -1 (number 1)
FAIL: gnu.testlet.java.lang.Character.unicode: Character 32:UNDEFINED has wrong digit form of 2 for radix 8 instead of -1 (number 1)
FAIL: gnu.testlet.java.lang.Character.unicode: Character 32:UNDEFINED has wrong digit form of 2 for radix 9 instead of -1 (number 1)
FAIL: gnu.testlet.java.lang.Character.unicode: Character 32:UNDEFINED has wrong digit form of 2 for radix 10 instead of -1 (number 1)
FAIL: gnu.testlet.java.lang.Character.unicode: Character 32:UNDEFINED has wrong digit form of 2 for radix 11 instead of -1 (number 1)
FAIL: gnu.testlet.java.lang.Character.unicode: Character 32:UNDEFINED has wrong digit form of 2 for radix 12 instead of -1 (number 1)
FAIL: gnu.testlet.java.lang.Character.unicode: Character 32:UNDEFINED has wrong digit form of 2 for radix 13 instead of -1 (number 1)
FAIL: gnu.testlet.java.lang.Character.unicode: Character 32:UNDEFINED has wrong digit form of 2 for radix 14 instead of -1 (number 1)
FAIL: gnu.testlet.java.lang.Character.unicode: Character 32:UNDEFINED has wrong digit form of 2 for radix 15 instead of -1 (number 1)
FAIL: gnu.testlet.java.lang.Character.unicode: Character 32:UNDEFINED has wrong digit form of 2 for radix 16 instead of -1 (number 1)
FAIL: gnu.testlet.java.lang.Character.unicode: Character 32:UNDEFINED has wrong digit form of 2 for radix 17 instead of -1 (number 1)
FAIL: gnu.testlet.java.lang.Character.unicode: Character 32:UNDEFINED has wrong digit form of 2 for radix 18 instead of -1 (number 1)
FAIL: gnu.testlet.java.lang.Character.unicode: Character 32:UNDEFINED has wrong digit form of 2 for radix 19 instead of -1 (number 1)
FAIL: gnu.testlet.java.lang.Character.unicode: Character 32:UNDEFINED has wrong digit form of 2 for radix 20 instead of -1 (number 1)
FAIL: gnu.testlet.java.lang.Character.unicode: Character 32:UNDEFINED has wrong digit form of 2 for radix 21 instead of -1 (number 1)
FAIL: gnu.testlet.java.lang.Character.unicode: Character 32:UNDEFINED has wrong digit form of 2 for radix 22 instead of -1 (number 1)
FAIL: gnu.testlet.java.lang.Character.unicode: Character 32:UNDEFINED has wrong digit form of 2 for radix 23 instead of -1 (number 1)
FAIL: gnu.testlet.java.lang.Character.unicode: Character 32:UNDEFINED has wrong digit form of 2 for radix 24 instead of -1 (number 1)
FAIL: gnu.testlet.java.lang.Character.unicode: Character 32:UNDEFINED has wrong digit form of 2 for radix 25 instead of -1 (number 1)
FAIL: gnu.testlet.java.lang.Character.unicode: Character 32:UNDEFINED has wrong digit form of 2 for radix 26 instead of -1 (number 1)
FAIL: gnu.testlet.java.lang.Character.unicode: Character 32:UNDEFINED has wrong digit form of 2 for radix 27 instead of -1 (number 1)
FAIL: gnu.testlet.java.lang.Character.unicode: Character 32:UNDEFINED has wrong digit form of 2 for radix 28 instead of -1 (number 1)
FAIL: gnu.testlet.java.lang.Character.unicode: Character 32:UNDEFINED has wrong digit form of 2 for radix 29 instead of -1 (number 1)
FAIL: gnu.testlet.java.lang.Character.unicode: Character 32:UNDEFINED has wrong digit form of 2 for radix 30 instead of -1 (number 1)
FAIL: gnu.testlet.java.lang.Character.unicode: Character 32:UNDEFINED has wrong digit form of 2 for radix 31 instead of -1 (number 1)
FAIL: gnu.testlet.java.lang.Character.unicode: Character 32:UNDEFINED has wrong digit form of 2 for radix 32 instead of -1 (number 1)
FAIL: gnu.testlet.java.lang.Character.unicode: Character 32:UNDEFINED has wrong digit form of 2 for radix 33 instead of -1 (number 1)
FAIL: gnu.testlet.java.lang.Character.unicode: Character 32:UNDEFINED has wrong digit form of 2 for radix 34 instead of -1 (number 1)
FAIL: gnu.testlet.java.lang.Character.unicode: Character 32:UNDEFINED has wrong digit form of 2 for radix 35 instead of -1 (number 1)
FAIL: gnu.testlet.java.lang.Character.unicode: Character 32:UNDEFINED has wrong digit form of 2 for radix 36 instead of -1 (number 1)
FAIL: gnu.testlet.java.lang.Character.unicode: Character 32:UNDEFINED has wrong numeric value of 2 instead of 35 (number 1)
FAIL: gnu.testlet.java.lang.Character.unicode: Character 33:UNDEFINED is reported to be type Nd instead of Cn (number 1)
FAIL: gnu.testlet.java.lang.Character.unicode: Character 33:UNDEFINED incorectly reported as javaidentifierpart (number 1)
FAIL: gnu.testlet.java.lang.Character.unicode: Character 33:UNDEFINED incorectly reported as unicodeidentifierpart (number 1)
FAIL: gnu.testlet.java.lang.Character.unicode: Character 33:UNDEFINED has wrong digit form of 3 for radix 4 instead of -1 (number 1)
FAIL: gnu.testlet.java.lang.Character.unicode: Character 33:UNDEFINED has wrong digit form of 3 for radix 5 instead of -1 (number 1)
FAIL: gnu.testlet.java.lang.Character.unicode: Character 33:UNDEFINED has wrong digit form of 3 for radix 6 instead of -1 (number 1)
FAIL: gnu.testlet.java.lang.Character.unicode: Character 33:UNDEFINED has wrong digit form of 3 for radix 7 instead of -1 (number 1)
FAIL: gnu.testlet.java.lang.Character.unicode: Character 33:UNDEFINED has wrong digit form of 3 for radix 8 instead of -1 (number 1)
FAIL: gnu.testlet.java.lang.Character.unicode: Character 33:UNDEFINED has wrong digit form of 3 for radix 9 instead of -1 (number 1)
FAIL: gnu.testlet.java.lang.Character.unicode: Character 33:UNDEFINED has wrong digit form of 3 for radix 10 instead of -1 (number 1)
FAIL: gnu.testlet.java.lang.Character.unicode: Character 33:UNDEFINED has wrong digit form of 3 for radix 11 instead of -1 (number 1)
FAIL: gnu.testlet.java.lang.Character.unicode: Character 33:UNDEFINED has wrong digit form of 3 for radix 12 instead of -1 (number 1)
FAIL: gnu.testlet.java.lang.Character.unicode: Character 33:UNDEFINED has wrong digit form of 3 for radix 13 instead of -1 (number 1)
FAIL: gnu.testlet.java.lang.Character.unicode: Character 33:UNDEFINED has wrong digit form of 3 for radix 14 instead of -1 (number 1)
FAIL: gnu.testlet.java.lang.Character.unicode: Character 33:UNDEFINED has wrong digit form of 3 for radix 15 instead of -1 (number 1)
FAIL: gnu.testlet.java.lang.Character.unicode: Character 33:UNDEFINED has wrong digit form of 3 for radix 16 instead of -1 (number 1)
FAIL: gnu.testlet.java.lang.Character.unicode: Character 33:UNDEFINED has wrong digit form of 3 for radix 17 instead of -1 (number 1)
FAIL: gnu.testlet.java.lang.Character.unicode: Character 33:UNDEFINED has wrong digit form of 3 for radix 18 instead of -1 (number 1)
FAIL: gnu.testlet.java.lang.Character.unicode: Character 33:UNDEFINED has wrong digit form of 3 for radix 19 instead of -1 (number 1)
FAIL: gnu.testlet.java.lang.Character.unicode: Character 33:UNDEFINED has wrong digit form of 3 for radix 20 instead of -1 (number 1)
FAIL: gnu.testlet.java.lang.Character.unicode: Character 33:UNDEFINED has wrong digit form of 3 for radix 21 instead of -1 (number 1)
FAIL: gnu.testlet.java.lang.Character.unicode: Character 33:UNDEFINED has wrong digit form of 3 for radix 22 instead of -1 (number 1)
FAIL: gnu.testlet.java.lang.Character.unicode: Character 33:UNDEFINED has wrong digit form of 3 for radix 23 instead of -1 (number 1)
FAIL: gnu.testlet.java.lang.Character.unicode: Character 33:UNDEFINED has wrong digit form of 3 for radix 24 instead of -1 (number 1)
FAIL: gnu.testlet.java.lang.Character.unicode: Character 33:UNDEFINED has wrong digit form of 3 for radix 25 instead of -1 (number 1)
FAIL: gnu.testlet.java.lang.Character.unicode: Character 33:UNDEFINED has wrong digit form of 3 for radix 26 instead of -1 (number 1)
FAIL: gnu.testlet.java.lang.Character.unicode: Character 33:UNDEFINED has wrong digit form of 3 for radix 27 instead of -1 (number 1)
FAIL: gnu.testlet.java.lang.Character.unicode: Character 33:UNDEFINED has wrong digit form of 3 for radix 28 instead of -1 (number 1)
FAIL: gnu.testlet.java.lang.Character.unicode: Character 33:UNDEFINED has wrong digit form of 3 for radix 29 instead of -1 (number 1)
FAIL: gnu.testlet.java.lang.Character.unicode: Character 33:UNDEFINED has wrong digit form of 3 for radix 30 instead of -1 (number 1)
FAIL: gnu.testlet.java.lang.Character.unicode: Character 33:UNDEFINED has wrong digit form of 3 for radix 31 instead of -1 (number 1)
FAIL: gnu.testlet.java.lang.Character.unicode: Character 33:UNDEFINED has wrong digit form of 3 for radix 32 instead of -1 (number 1)
FAIL: gnu.testlet.java.lang.Character.unicode: Character 33:UNDEFINED has wrong digit form of 3 for radix 33 instead of -1 (number 1)
FAIL: gnu.testlet.java.lang.Character.unicode: Character 33:UNDEFINED has wrong digit form of 3 for radix 34 instead of -1 (number 1)
FAIL: gnu.testlet.java.lang.Character.unicode: Character 33:UNDEFINED has wrong digit form of 3 for radix 35 instead of -1 (number 1)
FAIL: gnu.testlet.java.lang.Character.unicode: Character 33:UNDEFINED has wrong digit form of 3 for radix 36 instead of -1 (number 1)
FAIL: gnu.testlet.java.lang.Character.unicode: Character 33:UNDEFINED has wrong numeric value of 3 instead of 35 (number 1)
FAIL: gnu.testlet.java.lang.Character.unicode: Character 34:UNDEFINED is reported to be type Nd instead of Cn (number 1)
FAIL: gnu.testlet.java.lang.Character.unicode: Character 34:UNDEFINED incorectly reported as javaidentifierpart (number 1)
FAIL: gnu.testlet.java.lang.Character.unicode: Character 34:UNDEFINED incorectly reported as unicodeidentifierpart (number 1)
FAIL: gnu.testlet.java.lang.Character.unicode: Character 34:UNDEFINED has wrong digit form of 4 for radix 5 instead of -1 (number 1)
FAIL: gnu.testlet.java.lang.Character.unicode: Character 34:UNDEFINED has wrong digit form of 4 for radix 6 instead of -1 (number 1)
FAIL: gnu.testlet.java.lang.Character.unicode: Character 34:UNDEFINED has wrong digit form of 4 for radix 7 instead of -1 (number 1)
FAIL: gnu.testlet.java.lang.Character.unicode: Character 34:UNDEFINED has wrong digit form of 4 for radix 8 instead of -1 (number 1)
FAIL: gnu.testlet.java.lang.Character.unicode: Character 34:UNDEFINED has wrong digit form of 4 for radix 9 instead of -1 (number 1)
FAIL: gnu.testlet.java.lang.Character.unicode: Character 34:UNDEFINED has wrong digit form of 4 for radix 10 instead of -1 (number 1)
FAIL: gnu.testlet.java.lang.Character.unicode: Character 34:UNDEFINED has wrong digit form of 4 for radix 11 instead of -1 (number 1)
FAIL: gnu.testlet.java.lang.Character.unicode: Character 34:UNDEFINED has wrong digit form of 4 for radix 12 instead of -1 (number 1)
FAIL: gnu.testlet.java.lang.Character.unicode: Character 34:UNDEFINED has wrong digit form of 4 for radix 13 instead of -1 (number 1)
FAIL: gnu.testlet.java.lang.Character.unicode: Character 34:UNDEFINED has wrong digit form of 4 for radix 14 instead of -1 (number 1)
FAIL: gnu.testlet.java.lang.Character.unicode: Character 34:UNDEFINED has wrong digit form of 4 for radix 15 instead of -1 (number 1)
FAIL: gnu.testlet.java.lang.Character.unicode: Character 34:UNDEFINED has wrong digit form of 4 for radix 16 instead of -1 (number 1)
FAIL: gnu.testlet.java.lang.Character.unicode: Character 34:UNDEFINED has wrong digit form of 4 for radix 17 instead of -1 (number 1)
FAIL: gnu.testlet.java.lang.Character.unicode: Character 34:UNDEFINED has wrong digit form of 4 for radix 18 instead of -1 (number 1)
FAIL: gnu.testlet.java.lang.Character.unicode: Character 34:UNDEFINED has wrong digit form of 4 for radix 19 instead of -1 (number 1)
FAIL: gnu.testlet.java.lang.Character.unicode: Character 34:UNDEFINED has wrong digit form of 4 for radix 20 instead of -1 (number 1)
FAIL: gnu.testlet.java.lang.Character.unicode: Character 34:UNDEFINED has wrong digit form of 4 for radix 21 instead of -1 (number 1)
FAIL: gnu.testlet.java.lang.Character.unicode: Character 34:UNDEFINED has wrong digit form of 4 for radix 22 instead of -1 (number 1)
FAIL: gnu.testlet.java.lang.Character.unicode: Character 34:UNDEFINED has wrong digit form of 4 for radix 23 instead of -1 (number 1)
FAIL: gnu.testlet.java.lang.Character.unicode: Character 34:UNDEFINED has wrong digit form of 4 for radix 24 instead of -1 (number 1)
FAIL: gnu.testlet.java.lang.Character.unicode: Character 34:UNDEFINED has wrong digit form of 4 for radix 25 instead of -1 (number 1)
FAIL: gnu.testlet.java.lang.Character.unicode: Character 34:UNDEFINED has wrong digit form of 4 for radix 26 instead of -1 (number 1)
FAIL: gnu.testlet.java.lang.Character.unicode: Character 34:UNDEFINED has wrong digit form of 4 for radix 27 instead of -1 (number 1)
FAIL: gnu.testlet.java.lang.Character.unicode: Character 34:UNDEFINED has wrong digit form of 4 for radix 28 instead of -1 (number 1)
FAIL: gnu.testlet.java.lang.Character.unicode: Character 34:UNDEFINED has wrong digit form of 4 for radix 29 instead of -1 (number 1)
FAIL: gnu.testlet.java.lang.Character.unicode: Character 34:UNDEFINED has wrong digit form of 4 for radix 30 instead of -1 (number 1)
FAIL: gnu.testlet.java.lang.Character.unicode: Character 34:UNDEFINED has wrong digit form of 4 for radix 31 instead of -1 (number 1)
FAIL: gnu.testlet.java.lang.Character.unicode: Character 34:UNDEFINED has wrong digit form of 4 for radix 32 instead of -1 (number 1)
FAIL: gnu.testlet.java.lang.Character.unicode: Character 34:UNDEFINED has wrong digit form of 4 for radix 33 instead of -1 (number 1)
FAIL: gnu.testlet.java.lang.Character.unicode: Character 34:UNDEFINED has wrong digit form of 4 for radix 34 instead of -1 (number 1)
FAIL: gnu.testlet.java.lang.Character.unicode: Character 34:UNDEFINED has wrong digit form of 4 for radix 35 instead of -1 (number 1)
FAIL: gnu.testlet.java.lang.Character.unicode: Character 34:UNDEFINED has wrong digit form of 4 for radix 36 instead of -1 (number 1)
FAIL: gnu.testlet.java.lang.Character.unicode: Character 34:UNDEFINED has wrong numeric value of 4 instead of 35 (number 1)
FAIL: gnu.testlet.java.lang.Character.unicode: Character 35:UNDEFINED is reported to be type Nd instead of Cn (number 1)
FAIL: gnu.testlet.java.lang.Character.unicode: Character 35:UNDEFINED incorectly reported as javaidentifierpart (number 1)
FAIL: gnu.testlet.java.lang.Character.unicode: Character 35:UNDEFINED incorectly reported as unicodeidentifierpart (number 1)
FAIL: gnu.testlet.java.lang.Character.unicode: Character 35:UNDEFINED has wrong digit form of 5 for radix 6 instead of -1 (number 1)
FAIL: gnu.testlet.java.lang.Character.unicode: Character 35:UNDEFINED has wrong digit form of 5 for radix 7 instead of -1 (number 1)
FAIL: gnu.testlet.java.lang.Character.unicode: Character 35:UNDEFINED has wrong digit form of 5 for radix 8 instead of -1 (number 1)
FAIL: gnu.testlet.java.lang.Character.unicode: Character 35:UNDEFINED has wrong digit form of 5 for radix 9 instead of -1 (number 1)
FAIL: gnu.testlet.java.lang.Character.unicode: Character 35:UNDEFINED has wrong digit form of 5 for radix 10 instead of -1 (number 1)
FAIL: gnu.testlet.java.lang.Character.unicode: Character 35:UNDEFINED has wrong digit form of 5 for radix 11 instead of -1 (number 1)
FAIL: gnu.testlet.java.lang.Character.unicode: Character 35:UNDEFINED has wrong digit form of 5 for radix 12 instead of -1 (number 1)
FAIL: gnu.testlet.java.lang.Character.unicode: Character 35:UNDEFINED has wrong digit form of 5 for radix 13 instead of -1 (number 1)
FAIL: gnu.testlet.java.lang.Character.unicode: Character 35:UNDEFINED has wrong digit form of 5 for radix 14 instead of -1 (number 1)
FAIL: gnu.testlet.java.lang.Character.unicode: Character 35:UNDEFINED has wrong digit form of 5 for radix 15 instead of -1 (number 1)
FAIL: gnu.testlet.java.lang.Character.unicode: Character 35:UNDEFINED has wrong digit form of 5 for radix 16 instead of -1 (number 1)
FAIL: gnu.testlet.java.lang.Character.unicode: Character 35:UNDEFINED has wrong digit form of 5 for radix 17 instead of -1 (number 1)
FAIL: gnu.testlet.java.lang.Character.unicode: Character 35:UNDEFINED has wrong digit form of 5 for radix 18 instead of -1 (number 1)
FAIL: gnu.testlet.java.lang.Character.unicode: Character 35:UNDEFINED has wrong digit form of 5 for radix 19 instead of -1 (number 1)
FAIL: gnu.testlet.java.lang.Character.unicode: Character 35:UNDEFINED has wrong digit form of 5 for radix 20 instead of -1 (number 1)
FAIL: gnu.testlet.java.lang.Character.unicode: Character 35:UNDEFINED has wrong digit form of 5 for radix 21 instead of -1 (number 1)
FAIL: gnu.testlet.java.lang.Character.unicode: Character 35:UNDEFINED has wrong digit form of 5 for radix 22 instead of -1 (number 1)
FAIL: gnu.testlet.java.lang.Character.unicode: Character 35:UNDEFINED has wrong digit form of 5 for radix 23 instead of -1 (number 1)
FAIL: gnu.testlet.java.lang.Character.unicode: Character 35:UNDEFINED has wrong digit form of 5 for radix 24 instead of -1 (number 1)
FAIL: gnu.testlet.java.lang.Character.unicode: Character 35:UNDEFINED has wrong digit form of 5 for radix 25 instead of -1 (number 1)
FAIL: gnu.testlet.java.lang.Character.unicode: Character 35:UNDEFINED has wrong digit form of 5 for radix 26 instead of -1 (number 1)
FAIL: gnu.testlet.java.lang.Character.unicode: Character 35:UNDEFINED has wrong digit form of 5 for radix 27 instead of -1 (number 1)
FAIL: gnu.testlet.java.lang.Character.unicode: Character 35:UNDEFINED has wrong digit form of 5 for radix 28 instead of -1 (number 1)
FAIL: gnu.testlet.java.lang.Character.unicode: Character 35:UNDEFINED has wrong digit form of 5 for radix 29 instead of -1 (number 1)
FAIL: gnu.testlet.java.lang.Character.unicode: Character 35:UNDEFINED has wrong digit form of 5 for radix 30 instead of -1 (number 1)
FAIL: gnu.testlet.java.lang.Character.unicode: Character 35:UNDEFINED has wrong digit form of 5 for radix 31 instead of -1 (number 1)
FAIL: gnu.testlet.java.lang.Character.unicode: Character 35:UNDEFINED has wrong digit form of 5 for radix 32 instead of -1 (number 1)
FAIL: gnu.testlet.java.lang.Character.unicode: Character 35:UNDEFINED has wrong digit form of 5 for radix 33 instead of -1 (number 1)
FAIL: gnu.testlet.java.lang.Character.unicode: Character 35:UNDEFINED has wrong digit form of 5 for radix 34 instead of -1 (number 1)
FAIL: gnu.testlet.java.lang.Character.unicode: Character 35:UNDEFINED has wrong digit form of 5 for radix 35 instead of -1 (number 1)
FAIL: gnu.testlet.java.lang.Character.unicode: Character 35:UNDEFINED has wrong digit form of 5 for radix 36 instead of -1 (number 1)
FAIL: gnu.testlet.java.lang.Character.unicode: Character 35:UNDEFINED has wrong numeric value of 5 instead of 35 (number 1)
FAIL: gnu.testlet.java.lang.Character.unicode: Character 36:UNDEFINED is reported to be type Nd instead of Cn (number 1)
FAIL: gnu.testlet.java.lang.Character.unicode: Character 36:UNDEFINED incorectly reported as javaidentifierpart (number 1)
FAIL: gnu.testlet.java.lang.Character.unicode: Character 36:UNDEFINED incorectly reported as unicodeidentifierpart (number 1)
FAIL: gnu.testlet.java.lang.Character.unicode: Character 36:UNDEFINED has wrong digit form of 6 for radix 7 instead of -1 (number 1)
FAIL: gnu.testlet.java.lang.Character.unicode: Character 36:UNDEFINED has wrong digit form of 6 for radix 8 instead of -1 (number 1)
FAIL: gnu.testlet.java.lang.Character.unicode: Character 36:UNDEFINED has wrong digit form of 6 for radix 9 instead of -1 (number 1)
FAIL: gnu.testlet.java.lang.Character.unicode: Character 36:UNDEFINED has wrong digit form of 6 for radix 10 instead of -1 (number 1)
FAIL: gnu.testlet.java.lang.Character.unicode: Character 36:UNDEFINED has wrong digit form of 6 for radix 11 instead of -1 (number 1)
FAIL: gnu.testlet.java.lang.Character.unicode: Character 36:UNDEFINED has wrong digit form of 6 for radix 12 instead of -1 (number 1)
FAIL: gnu.testlet.java.lang.Character.unicode: Character 36:UNDEFINED has wrong digit form of 6 for radix 13 instead of -1 (number 1)
FAIL: gnu.testlet.java.lang.Character.unicode: Character 36:UNDEFINED has wrong digit form of 6 for radix 14 instead of -1 (number 1)
FAIL: gnu.testlet.java.lang.Character.unicode: Character 36:UNDEFINED has wrong digit form of 6 for radix 15 instead of -1 (number 1)
FAIL: gnu.testlet.java.lang.Character.unicode: Character 36:UNDEFINED has wrong digit form of 6 for radix 16 instead of -1 (number 1)
FAIL: gnu.testlet.java.lang.Character.unicode: Character 36:UNDEFINED has wrong digit form of 6 for radix 17 instead of -1 (number 1)
FAIL: gnu.testlet.java.lang.Character.unicode: Character 36:UNDEFINED has wrong digit form of 6 for radix 18 instead of -1 (number 1)
FAIL: gnu.testlet.java.lang.Character.unicode: Character 36:UNDEFINED has wrong digit form of 6 for radix 19 instead of -1 (number 1)
FAIL: gnu.testlet.java.lang.Character.unicode: Character 36:UNDEFINED has wrong digit form of 6 for radix 20 instead of -1 (number 1)
FAIL: gnu.testlet.java.lang.Character.unicode: Character 36:UNDEFINED has wrong digit form of 6 for radix 21 instead of -1 (number 1)
FAIL: gnu.testlet.java.lang.Character.unicode: Character 36:UNDEFINED has wrong digit form of 6 for radix 22 instead of -1 (number 1)
FAIL: gnu.testlet.java.lang.Character.unicode: Character 36:UNDEFINED has wrong digit form of 6 for radix 23 instead of -1 (number 1)
FAIL: gnu.testlet.java.lang.Character.unicode: Character 36:UNDEFINED has wrong digit form of 6 for radix 24 instead of -1 (number 1)
FAIL: gnu.testlet.java.lang.Character.unicode: Character 36:UNDEFINED has wrong digit form of 6 for radix 25 instead of -1 (number 1)
FAIL: gnu.testlet.java.lang.Character.unicode: Character 36:UNDEFINED has wrong digit form of 6 for radix 26 instead of -1 (number 1)
FAIL: gnu.testlet.java.lang.Character.unicode: Character 36:UNDEFINED has wrong digit form of 6 for radix 27 instead of -1 (number 1)
FAIL: gnu.testlet.java.lang.Character.unicode: Character 36:UNDEFINED has wrong digit form of 6 for radix 28 instead of -1 (number 1)
FAIL: gnu.testlet.java.lang.Character.unicode: Character 36:UNDEFINED has wrong digit form of 6 for radix 29 instead of -1 (number 1)
FAIL: gnu.testlet.java.lang.Character.unicode: Character 36:UNDEFINED has wrong digit form of 6 for radix 30 instead of -1 (number 1)
FAIL: gnu.testlet.java.lang.Character.unicode: Character 36:UNDEFINED has wrong digit form of 6 for radix 31 instead of -1 (number 1)
FAIL: gnu.testlet.java.lang.Character.unicode: Character 36:UNDEFINED has wrong digit form of 6 for radix 32 instead of -1 (number 1)
FAIL: gnu.testlet.java.lang.Character.unicode: Character 36:UNDEFINED has wrong digit form of 6 for radix 33 instead of -1 (number 1)
FAIL: gnu.testlet.java.lang.Character.unicode: Character 36:UNDEFINED has wrong digit form of 6 for radix 34 instead of -1 (number 1)
FAIL: gnu.testlet.java.lang.Character.unicode: Character 36:UNDEFINED has wrong digit form of 6 for radix 35 instead of -1 (number 1)
FAIL: gnu.testlet.java.lang.Character.unicode: Character 36:UNDEFINED has wrong digit form of 6 for radix 36 instead of -1 (number 1)
FAIL: gnu.testlet.java.lang.Character.unicode: Character 36:UNDEFINED has wrong numeric value of 6 instead of 35 (number 1)
FAIL: gnu.testlet.java.lang.Character.unicode: Character 37:UNDEFINED is reported to be type Nd instead of Cn (number 1)
FAIL: gnu.testlet.java.lang.Character.unicode: Character 37:UNDEFINED incorectly reported as javaidentifierpart (number 1)
FAIL: gnu.testlet.java.lang.Character.unicode: Character 37:UNDEFINED incorectly reported as unicodeidentifierpart (number 1)
FAIL: gnu.testlet.java.lang.Character.unicode: Character 37:UNDEFINED has wrong digit form of 7 for radix 8 instead of -1 (number 1)
FAIL: gnu.testlet.java.lang.Character.unicode: Character 37:UNDEFINED has wrong digit form of 7 for radix 9 instead of -1 (number 1)
FAIL: gnu.testlet.java.lang.Character.unicode: Character 37:UNDEFINED has wrong digit form of 7 for radix 10 instead of -1 (number 1)
FAIL: gnu.testlet.java.lang.Character.unicode: Character 37:UNDEFINED has wrong digit form of 7 for radix 11 instead of -1 (number 1)
FAIL: gnu.testlet.java.lang.Character.unicode: Character 37:UNDEFINED has wrong digit form of 7 for radix 12 instead of -1 (number 1)
FAIL: gnu.testlet.java.lang.Character.unicode: Character 37:UNDEFINED has wrong digit form of 7 for radix 13 instead of -1 (number 1)
FAIL: gnu.testlet.java.lang.Character.unicode: Character 37:UNDEFINED has wrong digit form of 7 for radix 14 instead of -1 (number 1)
FAIL: gnu.testlet.java.lang.Character.unicode: Character 37:UNDEFINED has wrong digit form of 7 for radix 15 instead of -1 (number 1)
FAIL: gnu.testlet.java.lang.Character.unicode: Character 37:UNDEFINED has wrong digit form of 7 for radix 16 instead of -1 (number 1)
FAIL: gnu.testlet.java.lang.Character.unicode: Character 37:UNDEFINED has wrong digit form of 7 for radix 17 instead of -1 (number 1)
FAIL: gnu.testlet.java.lang.Character.unicode: Character 37:UNDEFINED has wrong digit form of 7 for radix 18 instead of -1 (number 1)
FAIL: gnu.testlet.java.lang.Character.unicode: Character 37:UNDEFINED has wrong digit form of 7 for radix 19 instead of -1 (number 1)
FAIL: gnu.testlet.java.lang.Character.unicode: Character 37:UNDEFINED has wrong digit form of 7 for radix 20 instead of -1 (number 1)
FAIL: gnu.testlet.java.lang.Character.unicode: Character 37:UNDEFINED has wrong digit form of 7 for radix 21 instead of -1 (number 1)
FAIL: gnu.testlet.java.lang.Character.unicode: Character 37:UNDEFINED has wrong digit form of 7 for radix 22 instead of -1 (number 1)
FAIL: gnu.testlet.java.lang.Character.unicode: Character 37:UNDEFINED has wrong digit form of 7 for radix 23 instead of -1 (number 1)
FAIL: gnu.testlet.java.lang.Character.unicode: Character 37:UNDEFINED has wrong digit form of 7 for radix 24 instead of -1 (number 1)
FAIL: gnu.testlet.java.lang.Character.unicode: Character 37:UNDEFINED has wrong digit form of 7 for radix 25 instead of -1 (number 1)
FAIL: gnu.testlet.java.lang.Character.unicode: Character 37:UNDEFINED has wrong digit form of 7 for radix 26 instead of -1 (number 1)
FAIL: gnu.testlet.java.lang.Character.unicode: Character 37:UNDEFINED has wrong digit form of 7 for radix 27 instead of -1 (number 1)
FAIL: gnu.testlet.java.lang.Character.unicode: Character 37:UNDEFINED has wrong digit form of 7 for radix 28 instead of -1 (number 1)
FAIL: gnu.testlet.java.lang.Character.unicode: Character 37:UNDEFINED has wrong digit form of 7 for radix 29 instead of -1 (number 1)
FAIL: gnu.testlet.java.lang.Character.unicode: Character 37:UNDEFINED has wrong digit form of 7 for radix 30 instead of -1 (number 1)
FAIL: gnu.testlet.java.lang.Character.unicode: Character 37:UNDEFINED has wrong digit form of 7 for radix 31 instead of -1 (number 1)
FAIL: gnu.testlet.java.lang.Character.unicode: Character 37:UNDEFINED has wrong digit form of 7 for radix 32 instead of -1 (number 1)
FAIL: gnu.testlet.java.lang.Character.unicode: Character 37:UNDEFINED has wrong digit form of 7 for radix 33 instead of -1 (number 1)
FAIL: gnu.testlet.java.lang.Character.unicode: Character 37:UNDEFINED has wrong digit form of 7 for radix 34 instead of -1 (number 1)
FAIL: gnu.testlet.java.lang.Character.unicode: Character 37:UNDEFINED has wrong digit form of 7 for radix 35 instead of -1 (number 1)
FAIL: gnu.testlet.java.lang.Character.unicode: Character 37:UNDEFINED has wrong digit form of 7 for radix 36 instead of -1 (number 1)
FAIL: gnu.testlet.java.lang.Character.unicode: Character 37:UNDEFINED has wrong numeric value of 7 instead of 35 (number 1)
FAIL: gnu.testlet.java.lang.Character.unicode: Character 38:UNDEFINED is reported to be type Nd instead of Cn (number 1)
FAIL: gnu.testlet.java.lang.Character.unicode: Character 38:UNDEFINED incorectly reported as javaidentifierpart (number 1)
FAIL: gnu.testlet.java.lang.Character.unicode: Character 38:UNDEFINED incorectly reported as unicodeidentifierpart (number 1)
FAIL: gnu.testlet.java.lang.Character.unicode: Character 38:UNDEFINED has wrong digit form of 8 for radix 9 instead of -1 (number 1)
FAIL: gnu.testlet.java.lang.Character.unicode: Character 38:UNDEFINED has wrong digit form of 8 for radix 10 instead of -1 (number 1)
FAIL: gnu.testlet.java.lang.Character.unicode: Character 38:UNDEFINED has wrong digit form of 8 for radix 11 instead of -1 (number 1)
FAIL: gnu.testlet.java.lang.Character.unicode: Character 38:UNDEFINED has wrong digit form of 8 for radix 12 instead of -1 (number 1)
FAIL: gnu.testlet.java.lang.Character.unicode: Character 38:UNDEFINED has wrong digit form of 8 for radix 13 instead of -1 (number 1)
FAIL: gnu.testlet.java.lang.Character.unicode: Character 38:UNDEFINED has wrong digit form of 8 for radix 14 instead of -1 (number 1)
FAIL: gnu.testlet.java.lang.Character.unicode: Character 38:UNDEFINED has wrong digit form of 8 for radix 15 instead of -1 (number 1)
FAIL: gnu.testlet.java.lang.Character.unicode: Character 38:UNDEFINED has wrong digit form of 8 for radix 16 instead of -1 (number 1)
FAIL: gnu.testlet.java.lang.Character.unicode: Character 38:UNDEFINED has wrong digit form of 8 for radix 17 instead of -1 (number 1)
FAIL: gnu.testlet.java.lang.Character.unicode: Character 38:UNDEFINED has wrong digit form of 8 for radix 18 instead of -1 (number 1)
FAIL: gnu.testlet.java.lang.Character.unicode: Character 38:UNDEFINED has wrong digit form of 8 for radix 19 instead of -1 (number 1)
FAIL: gnu.testlet.java.lang.Character.unicode: Character 38:UNDEFINED has wrong digit form of 8 for radix 20 instead of -1 (number 1)
FAIL: gnu.testlet.java.lang.Character.unicode: Character 38:UNDEFINED has wrong digit form of 8 for radix 21 instead of -1 (number 1)
FAIL: gnu.testlet.java.lang.Character.unicode: Character 38:UNDEFINED has wrong digit form of 8 for radix 22 instead of -1 (number 1)
FAIL: gnu.testlet.java.lang.Character.unicode: Character 38:UNDEFINED has wrong digit form of 8 for radix 23 instead of -1 (number 1)
FAIL: gnu.testlet.java.lang.Character.unicode: Character 38:UNDEFINED has wrong digit form of 8 for radix 24 instead of -1 (number 1)
FAIL: gnu.testlet.java.lang.Character.unicode: Character 38:UNDEFINED has wrong digit form of 8 for radix 25 instead of -1 (number 1)
FAIL: gnu.testlet.java.lang.Character.unicode: Character 38:UNDEFINED has wrong digit form of 8 for radix 26 instead of -1 (number 1)
FAIL: gnu.testlet.java.lang.Character.unicode: Character 38:UNDEFINED has wrong digit form of 8 for radix 27 instead of -1 (number 1)
FAIL: gnu.testlet.java.lang.Character.unicode: Character 38:UNDEFINED has wrong digit form of 8 for radix 28 instead of -1 (number 1)
FAIL: gnu.testlet.java.lang.Character.unicode: Character 38:UNDEFINED has wrong digit form of 8 for radix 29 instead of -1 (number 1)
FAIL: gnu.testlet.java.lang.Character.unicode: Character 38:UNDEFINED has wrong digit form of 8 for radix 30 instead of -1 (number 1)
FAIL: gnu.testlet.java.lang.Character.unicode: Character 38:UNDEFINED has wrong digit form of 8 for radix 31 instead of -1 (number 1)
FAIL: gnu.testlet.java.lang.Character.unicode: Character 38:UNDEFINED has wrong digit form of 8 for radix 32 instead of -1 (number 1)
FAIL: gnu.testlet.java.lang.Character.unicode: Character 38:UNDEFINED has wrong digit form of 8 for radix 33 instead of -1 (number 1)
FAIL: gnu.testlet.java.lang.Character.unicode: Character 38:UNDEFINED has wrong digit form of 8 for radix 34 instead of -1 (number 1)
FAIL: gnu.testlet.java.lang.Character.unicode: Character 38:UNDEFINED has wrong digit form of 8 for radix 35 instead of -1 (number 1)
FAIL: gnu.testlet.java.lang.Character.unicode: Character 38:UNDEFINED has wrong digit form of 8 for radix 36 instead of -1 (number 1)
FAIL: gnu.testlet.java.lang.Character.unicode: Character 38:UNDEFINED has wrong numeric value of 8 instead of 35 (number 1)
FAIL: gnu.testlet.java.lang.Character.unicode: Character 39:UNDEFINED is reported to be type Nd instead of Cn (number 1)
FAIL: gnu.testlet.java.lang.Character.unicode: Character 39:UNDEFINED incorectly reported as javaidentifierpart (number 1)
FAIL: gnu.testlet.java.lang.Character.unicode: Character 39:UNDEFINED incorectly reported as unicodeidentifierpart (number 1)
FAIL: gnu.testlet.java.lang.Character.unicode: Character 39:UNDEFINED has wrong digit form of 9 for radix 10 instead of -1 (number 1)
FAIL: gnu.testlet.java.lang.Character.unicode: Character 39:UNDEFINED has wrong digit form of 9 for radix 11 instead of -1 (number 1)
FAIL: gnu.testlet.java.lang.Character.unicode: Character 39:UNDEFINED has wrong digit form of 9 for radix 12 instead of -1 (number 1)
FAIL: gnu.testlet.java.lang.Character.unicode: Character 39:UNDEFINED has wrong digit form of 9 for radix 13 instead of -1 (number 1)
FAIL: gnu.testlet.java.lang.Character.unicode: Character 39:UNDEFINED has wrong digit form of 9 for radix 14 instead of -1 (number 1)
FAIL: gnu.testlet.java.lang.Character.unicode: Character 39:UNDEFINED has wrong digit form of 9 for radix 15 instead of -1 (number 1)
FAIL: gnu.testlet.java.lang.Character.unicode: Character 39:UNDEFINED has wrong digit form of 9 for radix 16 instead of -1 (number 1)
FAIL: gnu.testlet.java.lang.Character.unicode: Character 39:UNDEFINED has wrong digit form of 9 for radix 17 instead of -1 (number 1)
FAIL: gnu.testlet.java.lang.Character.unicode: Character 39:UNDEFINED has wrong digit form of 9 for radix 18 instead of -1 (number 1)
FAIL: gnu.testlet.java.lang.Character.unicode: Character 39:UNDEFINED has wrong digit form of 9 for radix 19 instead of -1 (number 1)
FAIL: gnu.testlet.java.lang.Character.unicode: Character 39:UNDEFINED has wrong digit form of 9 for radix 20 instead of -1 (number 1)
FAIL: gnu.testlet.java.lang.Character.unicode: Character 39:UNDEFINED has wrong digit form of 9 for radix 21 instead of -1 (number 1)
FAIL: gnu.testlet.java.lang.Character.unicode: Character 39:UNDEFINED has wrong digit form of 9 for radix 22 instead of -1 (number 1)
FAIL: gnu.testlet.java.lang.Character.unicode: Character 39:UNDEFINED has wrong digit form of 9 for radix 23 instead of -1 (number 1)
FAIL: gnu.testlet.java.lang.Character.unicode: Character 39:UNDEFINED has wrong digit form of 9 for radix 24 instead of -1 (number 1)
FAIL: gnu.testlet.java.lang.Character.unicode: Character 39:UNDEFINED has wrong digit form of 9 for radix 25 instead of -1 (number 1)
FAIL: gnu.testlet.java.lang.Character.unicode: Character 39:UNDEFINED has wrong digit form of 9 for radix 26 instead of -1 (number 1)
FAIL: gnu.testlet.java.lang.Character.unicode: Character 39:UNDEFINED has wrong digit form of 9 for radix 27 instead of -1 (number 1)
FAIL: gnu.testlet.java.lang.Character.unicode: Character 39:UNDEFINED has wrong digit form of 9 for radix 28 instead of -1 (number 1)
FAIL: gnu.testlet.java.lang.Character.unicode: Character 39:UNDEFINED has wrong digit form of 9 for radix 29 instead of -1 (number 1)
FAIL: gnu.testlet.java.lang.Character.unicode: Character 39:UNDEFINED has wrong digit form of 9 for radix 30 instead of -1 (number 1)
FAIL: gnu.testlet.java.lang.Character.unicode: Character 39:UNDEFINED has wrong digit form of 9 for radix 31 instead of -1 (number 1)
FAIL: gnu.testlet.java.lang.Character.unicode: Character 39:UNDEFINED has wrong digit form of 9 for radix 32 instead of -1 (number 1)
FAIL: gnu.testlet.java.lang.Character.unicode: Character 39:UNDEFINED has wrong digit form of 9 for radix 33 instead of -1 (number 1)
FAIL: gnu.testlet.java.lang.Character.unicode: Character 39:UNDEFINED has wrong digit form of 9 for radix 34 instead of -1 (number 1)
FAIL: gnu.testlet.java.lang.Character.unicode: Character 39:UNDEFINED has wrong digit form of 9 for radix 35 instead of -1 (number 1)
FAIL: gnu.testlet.java.lang.Character.unicode: Character 39:UNDEFINED has wrong digit form of 9 for radix 36 instead of -1 (number 1)
FAIL: gnu.testlet.java.lang.Character.unicode: Character 39:UNDEFINED has wrong numeric value of 9 instead of 35 (number 1)
FAIL: gnu.testlet.java.lang.Character.unicode: Character 3a:UNDEFINED is reported to be type Po instead of Cn (number 1)
FAIL: gnu.testlet.java.lang.Character.unicode: Character 3a:UNDEFINED has wrong numeric value of -1 instead of 35 (number 1)
FAIL: gnu.testlet.java.lang.Character.unicode: Character 3b:UNDEFINED is reported to be type Po instead of Cn (number 1)
FAIL: gnu.testlet.java.lang.Character.unicode: Character 3b:UNDEFINED has wrong numeric value of -1 instead of 35 (number 1)
FAIL: gnu.testlet.java.lang.Character.unicode: Character 3c:UNDEFINED is reported to be type Sm instead of Cn (number 1)
FAIL: gnu.testlet.java.lang.Character.unicode: Character 3c:UNDEFINED has wrong numeric value of -1 instead of 35 (number 1)
FAIL: gnu.testlet.java.lang.Character.unicode: Character 3d:UNDEFINED is reported to be type Sm instead of Cn (number 1)
FAIL: gnu.testlet.java.lang.Character.unicode: Character 3d:UNDEFINED has wrong numeric value of -1 instead of 35 (number 1)
FAIL: gnu.testlet.java.lang.Character.unicode: Character 3e:UNDEFINED is reported to be type Sm instead of Cn (number 1)
FAIL: gnu.testlet.java.lang.Character.unicode: Character 3e:UNDEFINED has wrong numeric value of -1 instead of 35 (number 1)
FAIL: gnu.testlet.java.lang.Character.unicode: Character 3f:UNDEFINED is reported to be type Po instead of Cn (number 1)
FAIL: gnu.testlet.java.lang.Character.unicode: Character 3f:UNDEFINED has wrong numeric value of -1 instead of 35 (number 1)
FAIL: gnu.testlet.java.lang.Character.unicode: Character 40:UNDEFINED is reported to be type Po instead of Cn (number 1)
FAIL: gnu.testlet.java.lang.Character.unicode: Character 40:UNDEFINED has wrong numeric value of -1 instead of 35 (number 1)
FAIL: gnu.testlet.java.lang.Character.unicode: Character 41:UNDEFINED incorectly reported as uppercase (number 1)
FAIL: gnu.testlet.java.lang.Character.unicode: Character 41:UNDEFINED incorectly reported as letter (number 1)
FAIL: gnu.testlet.java.lang.Character.unicode: Character 41:UNDEFINED is reported to be type Lu instead of Cn (number 1)
FAIL: gnu.testlet.java.lang.Character.unicode: Character 41:UNDEFINED incorectly reported as javaindetifierstart (number 1)
FAIL: gnu.testlet.java.lang.Character.unicode: Character 41:UNDEFINED incorectly reported as javaidentifierpart (number 1)
FAIL: gnu.testlet.java.lang.Character.unicode: Character 41:UNDEFINED incorectly reported as unicodeidentifierstart (number 1)
FAIL: gnu.testlet.java.lang.Character.unicode: Character 41:UNDEFINED incorectly reported as unicodeidentifierpart (number 1)
FAIL: gnu.testlet.java.lang.Character.unicode: Character 41:UNDEFINED has wrong lowercase form of Character 61:UNDEFINED instead of Character 41:UNDEFINED (number 1)
FAIL: gnu.testlet.java.lang.Character.unicode: Character 41:UNDEFINED has wrong numeric value of 10 instead of 35 (number 1)
FAIL: gnu.testlet.java.lang.Character.unicode: Character 42:UNDEFINED incorectly reported as uppercase (number 1)
FAIL: gnu.testlet.java.lang.Character.unicode: Character 42:UNDEFINED incorectly reported as letter (number 1)
FAIL: gnu.testlet.java.lang.Character.unicode: Character 42:UNDEFINED is reported to be type Lu instead of Cn (number 1)
FAIL: gnu.testlet.java.lang.Character.unicode: Character 42:UNDEFINED incorectly reported as javaindetifierstart (number 1)
FAIL: gnu.testlet.java.lang.Character.unicode: Character 42:UNDEFINED incorectly reported as javaidentifierpart (number 1)
FAIL: gnu.testlet.java.lang.Character.unicode: Character 42:UNDEFINED incorectly reported as unicodeidentifierstart (number 1)
FAIL: gnu.testlet.java.lang.Character.unicode: Character 42:UNDEFINED incorectly reported as unicodeidentifierpart (number 1)
FAIL: gnu.testlet.java.lang.Character.unicode: Character 42:UNDEFINED has wrong lowercase form of Character 62:UNDEFINED instead of Character 42:UNDEFINED (number 1)
FAIL: gnu.testlet.java.lang.Character.unicode: Character 42:UNDEFINED has wrong numeric value of 11 instead of 35 (number 1)
FAIL: gnu.testlet.java.lang.Character.unicode: Character 43:UNDEFINED incorectly reported as uppercase (number 1)
FAIL: gnu.testlet.java.lang.Character.unicode: Character 43:UNDEFINED incorectly reported as letter (number 1)
FAIL: gnu.testlet.java.lang.Character.unicode: Character 43:UNDEFINED is reported to be type Lu instead of Cn (number 1)
FAIL: gnu.testlet.java.lang.Character.unicode: Character 43:UNDEFINED incorectly reported as javaindetifierstart (number 1)
FAIL: gnu.testlet.java.lang.Character.unicode: Character 43:UNDEFINED incorectly reported as javaidentifierpart (number 1)
FAIL: gnu.testlet.java.lang.Character.unicode: Character 43:UNDEFINED incorectly reported as unicodeidentifierstart (number 1)
FAIL: gnu.testlet.java.lang.Character.unicode: Character 43:UNDEFINED incorectly reported as unicodeidentifierpart (number 1)
FAIL: gnu.testlet.java.lang.Character.unicode: Character 43:UNDEFINED has wrong lowercase form of Character 63:UNDEFINED instead of Character 43:UNDEFINED (number 1)
FAIL: gnu.testlet.java.lang.Character.unicode: Character 43:UNDEFINED has wrong numeric value of 12 instead of 35 (number 1)
FAIL: gnu.testlet.java.lang.Character.unicode: Character 44:UNDEFINED incorectly reported as uppercase (number 1)
FAIL: gnu.testlet.java.lang.Character.unicode: Character 44:UNDEFINED incorectly reported as letter (number 1)
FAIL: gnu.testlet.java.lang.Character.unicode: Character 44:UNDEFINED is reported to be type Lu instead of Cn (number 1)
FAIL: gnu.testlet.java.lang.Character.unicode: Character 44:UNDEFINED incorectly reported as javaindetifierstart (number 1)
FAIL: gnu.testlet.java.lang.Character.unicode: Character 44:UNDEFINED incorectly reported as javaidentifierpart (number 1)
FAIL: gnu.testlet.java.lang.Character.unicode: Character 44:UNDEFINED incorectly reported as unicodeidentifierstart (number 1)
FAIL: gnu.testlet.java.lang.Character.unicode: Character 44:UNDEFINED incorectly reported as unicodeidentifierpart (number 1)
FAIL: gnu.testlet.java.lang.Character.unicode: Character 44:UNDEFINED has wrong lowercase form of Character 64:UNDEFINED instead of Character 44:UNDEFINED (number 1)
FAIL: gnu.testlet.java.lang.Character.unicode: Character 44:UNDEFINED has wrong numeric value of 13 instead of 35 (number 1)
FAIL: gnu.testlet.java.lang.Character.unicode: Character 45:UNDEFINED incorectly reported as uppercase (number 1)
FAIL: gnu.testlet.java.lang.Character.unicode: Character 45:UNDEFINED incorectly reported as letter (number 1)
FAIL: gnu.testlet.java.lang.Character.unicode: Character 45:UNDEFINED is reported to be type Lu instead of Cn (number 1)
FAIL: gnu.testlet.java.lang.Character.unicode: Character 45:UNDEFINED incorectly reported as javaindetifierstart (number 1)
FAIL: gnu.testlet.java.lang.Character.unicode: Character 45:UNDEFINED incorectly reported as javaidentifierpart (number 1)
FAIL: gnu.testlet.java.lang.Character.unicode: Character 45:UNDEFINED incorectly reported as unicodeidentifierstart (number 1)
FAIL: gnu.testlet.java.lang.Character.unicode: Character 45:UNDEFINED incorectly reported as unicodeidentifierpart (number 1)
FAIL: gnu.testlet.java.lang.Character.unicode: Character 45:UNDEFINED has wrong lowercase form of Character 65:UNDEFINED instead of Character 45:UNDEFINED (number 1)
FAIL: gnu.testlet.java.lang.Character.unicode: Character 45:UNDEFINED has wrong numeric value of 14 instead of 35 (number 1)
FAIL: gnu.testlet.java.lang.Character.unicode: Character 46:UNDEFINED incorectly reported as uppercase (number 1)
FAIL: gnu.testlet.java.lang.Character.unicode: Character 46:UNDEFINED incorectly reported as letter (number 1)
FAIL: gnu.testlet.java.lang.Character.unicode: Character 46:UNDEFINED is reported to be type Lu instead of Cn (number 1)
FAIL: gnu.testlet.java.lang.Character.unicode: Character 46:UNDEFINED incorectly reported as javaindetifierstart (number 1)
FAIL: gnu.testlet.java.lang.Character.unicode: Character 46:UNDEFINED incorectly reported as javaidentifierpart (number 1)
FAIL: gnu.testlet.java.lang.Character.unicode: Character 46:UNDEFINED incorectly reported as unicodeidentifierstart (number 1)
FAIL: gnu.testlet.java.lang.Character.unicode: Character 46:UNDEFINED incorectly reported as unicodeidentifierpart (number 1)
FAIL: gnu.testlet.java.lang.Character.unicode: Character 46:UNDEFINED has wrong lowercase form of Character 66:UNDEFINED instead of Character 46:UNDEFINED (number 1)
FAIL: gnu.testlet.java.lang.Character.unicode: Character 46:UNDEFINED has wrong numeric value of 15 instead of 35 (number 1)
FAIL: gnu.testlet.java.lang.Character.unicode: Character 47:UNDEFINED incorectly reported as uppercase (number 1)
FAIL: gnu.testlet.java.lang.Character.unicode: Character 47:UNDEFINED incorectly reported as letter (number 1)
FAIL: gnu.testlet.java.lang.Character.unicode: Character 47:UNDEFINED is reported to be type Lu instead of Cn (number 1)
FAIL: gnu.testlet.java.lang.Character.unicode: Character 47:UNDEFINED incorectly reported as javaindetifierstart (number 1)
FAIL: gnu.testlet.java.lang.Character.unicode: Character 47:UNDEFINED incorectly reported as javaidentifierpart (number 1)
FAIL: gnu.testlet.java.lang.Character.unicode: Character 47:UNDEFINED incorectly reported as unicodeidentifierstart (number 1)
FAIL: gnu.testlet.java.lang.Character.unicode: Character 47:UNDEFINED incorectly reported as unicodeidentifierpart (number 1)
FAIL: gnu.testlet.java.lang.Character.unicode: Character 47:UNDEFINED has wrong lowercase form of Character 67:UNDEFINED instead of Character 47:UNDEFINED (number 1)
FAIL: gnu.testlet.java.lang.Character.unicode: Character 47:UNDEFINED has wrong numeric value of 16 instead of 35 (number 1)
FAIL: gnu.testlet.java.lang.Character.unicode: Character 48:UNDEFINED incorectly reported as uppercase (number 1)
FAIL: gnu.testlet.java.lang.Character.unicode: Character 48:UNDEFINED incorectly reported as letter (number 1)
FAIL: gnu.testlet.java.lang.Character.unicode: Character 48:UNDEFINED is reported to be type Lu instead of Cn (number 1)
FAIL: gnu.testlet.java.lang.Character.unicode: Character 48:UNDEFINED incorectly reported as javaindetifierstart (number 1)
FAIL: gnu.testlet.java.lang.Character.unicode: Character 48:UNDEFINED incorectly reported as javaidentifierpart (number 1)
FAIL: gnu.testlet.java.lang.Character.unicode: Character 48:UNDEFINED incorectly reported as unicodeidentifierstart (number 1)
FAIL: gnu.testlet.java.lang.Character.unicode: Character 48:UNDEFINED incorectly reported as unicodeidentifierpart (number 1)
FAIL: gnu.testlet.java.lang.Character.unicode: Character 48:UNDEFINED has wrong lowercase form of Character 68:UNDEFINED instead of Character 48:UNDEFINED (number 1)
FAIL: gnu.testlet.java.lang.Character.unicode: Character 48:UNDEFINED has wrong numeric value of 17 instead of 35 (number 1)
FAIL: gnu.testlet.java.lang.Character.unicode: Character 49:UNDEFINED incorectly reported as uppercase (number 1)
FAIL: gnu.testlet.java.lang.Class.ClassTest: Error: test_getClassLoader failed - 1 (number 1)
FAIL: gnu.testlet.java.lang.Class.ClassTest: Error: test_getClassLoader failed - 2 (number 1)
FAIL: gnu.testlet.java.lang.Double.DoubleTest: Error: test_toString failed - 8 (number 1)
FAIL: gnu.testlet.java.lang.Double.DoubleTest: Error: test_equals failed CYGNUS: Double.equals - 8 (number 1)
FAIL: gnu.testlet.java.lang.Double.DoubleTest: Error: test_intValue returned wrong results CYGNUS: Float to int conversions - 1 (number 1)
FAIL: gnu.testlet.java.lang.Double.DoubleTest: Error: test_longValue returned wrong results CYGNUS: Float to int conversions - 1 (number 1)
XPASS: gnu.testlet.java.lang.Double.DoubleTest: Error: test_shortbyteValue failed - 5 (number 1)
FAIL: gnu.testlet.java.lang.Float.FloatTest: Error: test_Basics failed - 3 (number 1)
FAIL: gnu.testlet.java.lang.Float.FloatTest: Error: test_Basics failed - 4 (number 1)
FAIL: gnu.testlet.java.lang.Float.FloatTest: Error: test_toString failed - 8 (number 1)
FAIL: gnu.testlet.java.lang.Float.FloatTest: Error: test_equals failed - 8 (number 1)
FAIL: gnu.testlet.java.lang.Float.FloatTest: Error: test_intValue returned wrong results - 1 (number 1)
XPASS: gnu.testlet.java.lang.Float.FloatTest: Error: test_shortbyteValue failed - 5 (number 1)
FAIL: gnu.testlet.java.lang.Integer.getInteger: uncaught exception at  number 17: java.lang.NullPointerException
FAIL: gnu.testlet.java.lang.Long.LongTest: uncaught exception at "Error: test_valueOf returned wrong results - 2" number 2: java.lang.NullPointerException
FAIL: gnu.testlet.java.lang.Long.getLong: uncaught exception at  number 1: java.lang.NullPointerException
FAIL: gnu.testlet.java.lang.Math.MathTest: Error : test_asinacosatan failed - 4 (number 1)
FAIL: gnu.testlet.java.lang.Math.MathTest: Error : test_asinacosatan failed - 6 (number 1)
FAIL: gnu.testlet.java.lang.Math.MathTest: Error : test_atan2 failed - 5 (number 1)
FAIL: gnu.testlet.java.lang.Math.MathTest: Error : test_log failed - 2 (number 1)
FAIL: gnu.testlet.java.lang.Math.max (number 2)
FAIL: gnu.testlet.java.lang.Math.max (number 18)
FAIL: Compile gnu/testlet/java/lang/Math/min.o for gnu.testlet.java.lang.Math.min
FAIL: gnu.testlet.java.lang.String.CASE_INSENSITIVE_ORDER: unicode mappings (number 1)
FAIL: gnu.testlet.java.lang.String.CASE_INSENSITIVE_ORDER: unicode mappings (number 2)
FAIL: gnu.testlet.java.lang.StringBuffer.plus (number 1)
FAIL: gnu.testlet.java.lang.reflect.Method.invoke: takes_int (number 7)
FAIL: gnu.testlet.java.lang.reflect.Modifier.toString12 (number 1)
FAIL: gnu.testlet.java.lang.reflect.Modifier.toString12 (number 2)
FAIL: gnu.testlet.java.net.DatagramSocket.DatagramSocketTest: Error : test_echoWithTimeout failed - 5 Exception occured while sending/receiving  (number 1)
FAIL: gnu.testlet.java.net.InetAddress.InetAddressTest: Error : test_Basics failed - 10  Should not throw UnknownHostException here  (number 1)
FAIL: gnu.testlet.java.net.InetAddress.InetAddressTest: uncaught exception at "Error : test_Basics failed - 10  Should not throw UnknownHostException here " number 2: java.lang.NullPointerException
FAIL: gnu.testlet.java.net.ServerSocket.ServerSocketTest: Error : test_params failed - 4toString did not return proper values  (number 1)
FAIL: gnu.testlet.java.net.Socket.SocketTest: Error : test_Basics failed - 7 exception should not have been thrown here (number 1)
FAIL: gnu.testlet.java.net.Socket.SocketTest: Error : test_params failed - 10 exception was thrown (number 1)
FAIL: gnu.testlet.java.net.Socket.SocketTest: Error : test_BasicServer failed - 7 len returned is not correct.  1 (number 1)
FAIL: gnu.testlet.java.net.URL.URLTest: openConnection (number 1)
FAIL: gnu.testlet.java.net.URL.URLTest: openConnection (number 2)
FAIL: gnu.testlet.java.net.URL.URLTest: new URL(string) (number 16)
FAIL: gnu.testlet.java.net.URL.URLTest: new URL(string) (number 18)
FAIL: gnu.testlet.java.net.URLConnection.URLConnectionTest: Error in test_getContentFunctions  - 1  content type was not correct  (number 1)
FAIL: gnu.testlet.java.net.URLConnection.URLConnectionTest: Error in test_getContentFunctions  - 3 size  was not correct  (number 1)
FAIL: gnu.testlet.java.net.URLConnection.URLConnectionTest: Error in test_getContentFunctions  - 4 getContent did not return proper results  (number 1)
FAIL: gnu.testlet.java.net.URLConnection.URLConnectionTest: Error in test_getHeaderField  - 0  0 header field wrong (number 1)
FAIL: gnu.testlet.java.net.URLConnection.URLConnectionTest: Error in test_getHeaderField  - 1  2 header field wrong (number 1)
FAIL: gnu.testlet.java.net.URLConnection.URLConnectionTest: Error in test_getHeaderField  - 2  4 header field wrong (number 1)
FAIL: gnu.testlet.java.net.URLConnection.URLConnectionTest: Error in test_getHeaderField  - 3  5 header field wrong (number 1)
FAIL: gnu.testlet.java.net.URLConnection.URLConnectionTest: Error in test_getHeaderField  - 4  0 headerkey  field wrong (number 1)
FAIL: gnu.testlet.java.net.URLConnection.URLConnectionTest: Error in test_getHeaderField  - 6  2 headerkey field wrong (number 1)
FAIL: gnu.testlet.java.net.URLConnection.URLConnectionTest: Error in test_getHeaderField  - 7  3 headerkey field wrong (number 1)
FAIL: gnu.testlet.java.net.URLConnection.URLConnectionTest: Error in test_getHeaderField  - 8  4 headerkey field wrong (number 1)
FAIL: gnu.testlet.java.net.URLConnection.URLConnectionTest: Error in test_getHeaderField  - 9  5 headerkey field wrong (number 1)
FAIL: gnu.testlet.java.net.URLConnection.URLConnectionTest: Error in test_URLConnection  - 23  should not have raised  exception here  (number 1)
FAIL: gnu.testlet.java.net.URLConnection.URLConnectionTest: Error in test_HttpURLConnectionI - 1  should not have raised  Throwable here  (number 1)
FAIL: Link for gnu.testlet.java.text.AttributedCharacterIterator.implement
FAIL: gnu.testlet.java.text.AttributedString.Test: Attribute key count (number 1)
FAIL: gnu.testlet.java.text.DateFormatSymbols.Test: invalid locale (number 1)
FAIL: gnu.testlet.java.text.SimpleDateFormat.regress: CDT (number 1)
FAIL: gnu.testlet.java.text.SimpleDateFormat.regress: EDT (number 1)
FAIL: gnu.testlet.java.text.SimpleDateFormat.regress: EST (number 1)
FAIL: gnu.testlet.java.text.SimpleDateFormat.regress: PDT (number 1)
FAIL: Link for gnu.testlet.java.util.AbstractCollection.AcuniaAbstractCollectionTest
FAIL: Link for gnu.testlet.java.util.AbstractList.AcuniaAbstractListTest
FAIL: Link for gnu.testlet.java.util.AbstractMap.AcuniaAbstractMapTest
FAIL: Link for gnu.testlet.java.util.AbstractMap.AcuniaExAbstractMap
FAIL: Link for gnu.testlet.java.util.AbstractSequentialList.AcuniaAbstractSequentialListTest
FAIL: Link for gnu.testlet.java.util.AbstractSet.AcuniaAbstractSetTest
FAIL: Link for gnu.testlet.java.util.ArrayList.AcuniaArrayListTest
FAIL: uncaught exception loading gnu.testlet.java.util.ArrayList.AcuniaExArrayList: java.lang.NoSuchMethodException
FAIL: gnu.testlet.java.util.Arrays.sort (number 1)
FAIL: gnu.testlet.java.util.Arrays.sort (number 2)
FAIL: gnu.testlet.java.util.Arrays.sort (number 3)
FAIL: gnu.testlet.java.util.Arrays.sort (number 4)
FAIL: gnu.testlet.java.util.Arrays.sort (number 5)
FAIL: gnu.testlet.java.util.Arrays.sort (number 6)
FAIL: gnu.testlet.java.util.Arrays.sort (number 7)
FAIL: gnu.testlet.java.util.Arrays.sort (number 8)
FAIL: gnu.testlet.java.util.Arrays.sort (number 9)
FAIL: gnu.testlet.java.util.Arrays.sort (number 10)
FAIL: gnu.testlet.java.util.HashMap.AcuniaHashMapTest: checking value of loadFactor, got 1.5 (number 1)
FAIL: gnu.testlet.java.util.HashMap.AcuniaHashMapTest: uncaught exception at "entrySet()java.util.Set" number 4: java.util.ConcurrentModificationException
FAIL: gnu.testlet.java.util.Hashtable.AcuniaHashtableTest: should throw NullPointerException (number 1)
FAIL: gnu.testlet.java.util.Hashtable.AcuniaHashtableTest: should throw NullPointerException -- 1 (number 1)
FAIL: gnu.testlet.java.util.LinkedList.AcuniaLinkedListTest: should throw a ConcurrentModificationException -- 7 (number 1)
FAIL: gnu.testlet.java.util.Properties.AcuniaPropertiesTest: should throw NullPointerException -- 1 (number 1)
FAIL: gnu.testlet.java.util.Properties.AcuniaPropertiesTest: v does not contain:$longvalue=I'mtryingtogiveavaluelongerthen40characters$ (number 1)
FAIL: gnu.testlet.java.util.Properties.AcuniaPropertiesTest: should throw NullPointerException -- 1 (number 1)
FAIL: gnu.testlet.java.util.Properties.AcuniaPropertiesTest: all elements are the same (number 1)
FAIL: uncaught exception loading gnu.testlet.java.util.Vector.AcuniaExVector: java.lang.NoSuchMethodException
FAIL: Link for gnu.testlet.java.util.Vector.AcuniaVectorTest

		=== libjava Summary ===

# of expected passes		8968
# of unexpected failures	705
# of unexpected successes	2
# of expected failures		36
# of untested testcases		30
		=== libstdc++-v3 tests ===


Running target unix
FAIL: 18_support/numeric_limits.cc execution test
FAIL: 21_strings/inserters_extractors.cc execution test
XPASS: 22_locale/collate_members_wchar_t.cc execution test
XPASS: 22_locale/money_get_members_wchar_t.cc execution test
XPASS: 22_locale/money_put_members_wchar_t.cc execution test
XPASS: 22_locale/moneypunct_members_wchar_t.cc execution test
XPASS: 22_locale/num_get_members_wchar_t.cc execution test
XPASS: 22_locale/num_put_members_wchar_t.cc execution test
XPASS: 22_locale/numpunct_members_wchar_t.cc execution test
XPASS: 22_locale/time_get_members_wchar_t.cc execution test
XPASS: 22_locale/time_put_members_wchar_t.cc execution test
FAIL: 24_iterators/istream_iterator.cc execution test
FAIL: 26_numerics/complex_inserters_extractors.cc execution test
FAIL: 27_io/filebuf_virtuals.cc execution test
FAIL: 27_io/instantiations.cc execution test
FAIL: 27_io/ios_base_storage.cc execution test
FAIL: 27_io/istream_extractor_arith.cc execution test
FAIL: 27_io/istream_extractor_char.cc execution test
FAIL: 27_io/istream_extractor_other.cc execution test
FAIL: 27_io/istream_manip.cc execution test
FAIL: 27_io/istream_seeks.cc execution test
FAIL: 27_io/istream_sentry.cc execution test
FAIL: 27_io/istringstream_members.cc execution test
FAIL: 27_io/ostream_inserter_arith.cc execution test
FAIL: 27_io/ostream_inserter_other.cc execution test
FAIL: 27_io/streambuf.cc execution test
FAIL: 27_io/stringbuf.cc execution test
FAIL: 27_io/stringstream_members.cc execution test
FAIL: thread/pthread1.cc (test for excess errors)
FAIL: thread/pthread2.cc (test for excess errors)
FAIL: thread/pthread3.cc (test for excess errors)
FAIL: thread/pthread4.cc (test for excess errors)
FAIL: thread/pthread5.cc (test for excess errors)
FAIL: thread/pthread6.cc (test for excess errors)

		=== libstdc++-v3 Summary ===

# of expected passes		340
# of unexpected failures	25
# of unexpected successes	9
# of expected failures		16
		=== objc tests ===


Running target unix

		=== objc Summary ===

# of expected passes		1036
# of expected failures		6
/tmp/egcs/gcc/xgcc version 3.1 20020401 (prerelease)


Compiler version: 3.1 20020401 (prerelease) 
Platform: sparc-sun-solaris2.5

BOOT_CFLAGS: -g -O9 -W -Wall

Counting all warnings,
there are 67 warnings in stage3 of this bootstrap.

Number of warnings per file:
     23	gcc/combine.c
     10	gcc/regclass.c
      6	gcc/unwind-dw2-fde.c
      4	gcc/optabs.c
      4	gcc/gcc.c
      3	gcc/libgcc2.c
      2	gcc/unwind-dw2.c
      2	gcc/java/javaop.def
      2	gcc/fold-const.c
      2	gcc/config/sparc/sparc.c
      1	gcc/reload.c
      1	gcc/objc/lang-specs.h
      1	gcc/java/parse.y
      1	gcc/java/jvspec.c
      1	gcc/ggc-page.c
      1	gcc/function.c
      1	gcc/emit-rtl.c
      1	gcc/cppfiles.c
      1	gcc/cp/lang-specs.h

Number of warning types:
     38	comparison between signed and unsigned
      7	string length `???' is greater than the length `???' ISO C89 compilers are required to support
      4	signed and unsigned type in conditional expression
      4	implicit declaration of function `???'
      4	(near initialization for `???')
      2	operation on `???' may be undefined
      2	missing initializer
      2	missing braces around initializer
      1	unused parameter `???'
      1	static declaration for `???' follows non-static
      1	pointer targets in passing arg ??? of `???' differ in signedness
      1	`???' declared `static' but never defined


Index Nav: [Date Index] [Subject Index] [Author Index] [Thread Index]
Message Nav: [Date Prev] [Date Next] [Thread Prev] [Thread Next]