This is the mail archive of the gcc-testresults@gcc.gnu.org mailing list for the GCC project.


Index Nav: [Date Index] [Subject Index] [Author Index] [Thread Index]
Message Nav: [Date Prev] [Date Next] [Thread Prev] [Thread Next]
Other format: [Raw text]

Results for 3.1 20020401 (prerelease) testsuite on alphaev6-unknown-linux-gnu


Native configuration is alphaev6-unknown-linux-gnu

		=== binutils tests ===


Running target unix

		=== binutils Summary ===

# of expected passes		31
# of expected failures		1
		=== g++ tests ===


Running target unix

		=== g++ Summary ===

# of expected passes		324
# of expected failures		1
# of unsupported tests		1
/tmp/egcs/gcc/testsuite/../g++ version 3.1 20020401 (prerelease)

		=== g77 tests ===


Running target unix

		=== g77 Summary ===

# of expected passes		1598
# of unsupported tests		8
/tmp/egcs/gcc/testsuite/../g77 version 3.1 20020401 (prerelease)

		=== gas tests ===


Running target unix

		=== gas Summary ===

# of expected passes		37
		=== gcc tests ===


Running target unix
FAIL: gcc.c-torture/execute/20020227-1.c execution,  -O0 
FAIL: gcc.c-torture/execute/20020227-1.c execution,  -O1 
FAIL: gcc.c-torture/execute/20020227-1.c execution,  -O2 
FAIL: gcc.c-torture/execute/20020227-1.c execution,  -O3 -fomit-frame-pointer 
FAIL: gcc.c-torture/execute/20020227-1.c execution,  -O3 -g 
FAIL: gcc.c-torture/execute/20020227-1.c execution,  -Os 
FAIL: gcc.dg/cpp/endif-pedantic1.c bad warning (test for bogus messages, line 14)
FAIL: gcc.dg/cpp/endif-pedantic1.c bad warning (test for bogus messages, line 15)
FAIL: gcc.dg/cpp/extratokens2.c bad warning (test for bogus messages, line 14)
FAIL: gcc.dg/cpp/extratokens2.c bad warning (test for bogus messages, line 15)
FAIL: gcc.dg/cpp/mac-dir-1.c (test for excess errors)
FAIL: gcc.dg/cpp/mac-dir-2.c  (test for warnings, line 14)
FAIL: gcc.dg/cpp/mac-dir-2.c (test for excess errors)
FAIL: gcc.dg/Wswitch-default.c  (test for warnings, line 14)
FAIL: gcc.dg/Wswitch-default.c  (test for warnings, line 22)
FAIL: gcc.dg/Wswitch-default.c  (test for warnings, line 31)
FAIL: gcc.dg/Wswitch-default.c  (test for warnings, line 41)
FAIL: gcc.dg/Wswitch-default.c  (test for warnings, line 53)
FAIL: gcc.dg/Wswitch-default.c (test for excess errors)
FAIL: gcc.dg/Wswitch-enum.c enum e1 (test for warnings, line 23)
FAIL: gcc.dg/Wswitch-enum.c enum e2 (test for warnings, line 23)
FAIL: gcc.dg/Wswitch-enum.c enum e1 (test for warnings, line 28)
FAIL: gcc.dg/Wswitch-enum.c enum e2 (test for warnings, line 28)
FAIL: gcc.dg/Wswitch-enum.c enum e2 (test for warnings, line 32)
FAIL: gcc.dg/Wswitch-enum.c enum e2 (test for warnings, line 37)
FAIL: gcc.dg/Wswitch-enum.c excess 3 (test for warnings, line 54)
FAIL: gcc.dg/Wswitch-enum.c excess 3 (test for warnings, line 61)
FAIL: gcc.dg/Wswitch-enum.c (test for excess errors)
XPASS: gcc.dg/c99-intconst-1.c (test for excess errors)
FAIL: gcc.dg/unordered-1.c  (test for errors, line 7)
FAIL: gcc.dg/unordered-1.c  (test for errors, line 16)
FAIL: gcc.dg/unordered-1.c  (test for errors, line 17)
FAIL: gcc.dg/unordered-1.c (test for excess errors)

		=== gcc Summary ===

# of expected passes		18130
# of unexpected failures	32
# of unexpected successes	1
# of expected failures		65
# of unsupported tests		111
/tmp/egcs/gcc/xgcc version 3.1 20020401 (prerelease)

		=== gdb tests ===


Running target unix
FAIL: gdb.asm/asm-source.exp: f at main
FAIL: gdb.asm/asm-source.exp: next over macro
FAIL: gdb.asm/asm-source.exp: step into foo2
FAIL: gdb.asm/asm-source.exp: info target (timeout)
FAIL: gdb.asm/asm-source.exp: info symbol (timeout)
FAIL: gdb.asm/asm-source.exp: list
FAIL: gdb.asm/asm-source.exp: search
FAIL: gdb.asm/asm-source.exp: f in foo2
FAIL: gdb.asm/asm-source.exp: n in foo2
FAIL: gdb.asm/asm-source.exp: bt ALL in foo2
FAIL: gdb.asm/asm-source.exp: bt 2 in foo2
FAIL: gdb.asm/asm-source.exp: s 2
FAIL: gdb.asm/asm-source.exp: n 2
FAIL: gdb.asm/asm-source.exp: bt 3 in foo3
FAIL: gdb.asm/asm-source.exp: info source asmsrc1.s
FAIL: gdb.asm/asm-source.exp: finish from foo3
FAIL: gdb.asm/asm-source.exp: info source asmsrc2.s
FAIL: gdb.asm/asm-source.exp: info sources (timeout)
FAIL: gdb.asm/asm-source.exp: info line
FAIL: gdb.asm/asm-source.exp: next over foo3
FAIL: gdb.asm/asm-source.exp: return from foo2
FAIL: gdb.asm/asm-source.exp: look at global variable
FAIL: gdb.asm/asm-source.exp: look at static variable
FAIL: gdb.asm/asm-source.exp: look at static function
FAIL: gdb.base/a2-run.exp: (timeout) run "run" with arg
FAIL: gdb.base/a2-run.exp: (timeout) run "run" again with same args
FAIL: gdb.base/a2-run.exp: (timeout) run after setting args to nil
FAIL: gdb.base/a2-run.exp: (timeout) run "run" again after setting args
FAIL: gdb.base/a2-run.exp: (timeout) run "run" with shell
FAIL: gdb.base/all-bin.exp: running to main in runto (timeout)
FAIL: gdb.base/annota1.exp: annotation set at level 2 (timeout)
FAIL: gdb.base/annota1.exp: breakpoint info (timeout)
FAIL: gdb.base/annota1.exp: run until main breakpoint (timeout)
FAIL: gdb.base/annota1.exp: go after array init line (timeout)
FAIL: gdb.base/annota1.exp: print array (timeout)
FAIL: gdb.base/annota1.exp: print non_existent_value (timeout)
FAIL: gdb.base/annota1.exp: break at handle_USR1 (timeout)
FAIL: gdb.base/annota1.exp: break printf (timeout)
FAIL: gdb.base/annota1.exp: continue to printf (timeout)
FAIL: gdb.base/annota1.exp: backtrace from shlibrary (timeout)
FAIL: gdb.base/annota1.exp: send SIGUSR1 (timeout)
FAIL: gdb.base/annota1.exp: backtrace @ signal handler (timeout)
FAIL: gdb.base/annota1.exp: delete bp 1 (timeout)
FAIL: gdb.base/annota1.exp: delete bp 2 (timeout)
FAIL: gdb.base/annota1.exp: delete bp 3 (timeout)
FAIL: gdb.base/annota1.exp: break at 28 (timeout)
FAIL: gdb.base/annota1.exp: set up display (timeout)
FAIL: gdb.base/annota1.exp: re-run (timeout)
FAIL: gdb.base/annota1.exp: break at 46 (timeout)
FAIL: gdb.base/annota1.exp: ignore 5 4 (timeout)
FAIL: gdb.base/annota1.exp: annotate ignore count change (timeout)
FAIL: gdb.base/annota1.exp: next to exit loop
FAIL: gdb.base/annota1.exp: breakpoint ignore count (timeout)
FAIL: gdb.base/annota1.exp: signal sent (timeout)
FAIL: gdb.base/arithmet.exp: running to main in runto (timeout)
FAIL: gdb.base/attach.exp: (timeout) after attach1, print should_exit
FAIL: gdb.base/attach.exp: (timeout) attach1 detach
FAIL: gdb.base/attach.exp: (timeout) attach1, purging file after detach
FAIL: gdb.base/attach.exp: (timeout) attach2
FAIL: gdb.base/attach.exp: (timeout) after attach2, set should_exit
FAIL: gdb.base/attach.exp: (timeout) after attach2, set tbreak postloop
FAIL: gdb.base/attach.exp: (timeout) after attach2, reach tbreak postloop
FAIL: gdb.base/attach.exp: (timeout) after attach2, exit
FAIL: gdb.base/attach.exp: (timeout) set source path
FAIL: gdb.base/attach.exp: (timeout) cd away from process' a.out
FAIL: gdb.base/attach.exp: (timeout) before attach3, flush symbols
FAIL: gdb.base/attach.exp: (timeout) before attach3, flush exec
FAIL: gdb.base/attach.exp: (timeout) attach when process' a.out not in cwd
FAIL: gdb.base/attach.exp: (timeout) after attach3, exit
FAIL: gdb.base/attach.exp: timeout on info reg
FAIL: gdb.base/bitfields.exp: running to break1 in runto (timeout)
FAIL: gdb.base/bitfields.exp: determining signed-ness of bitfields
FAIL: gdb.base/break.exp: run until function breakpoint (timeout)
FAIL: gdb.base/break.exp: breakpoint line number #1 (timeout)
FAIL: gdb.base/break.exp: Temporary breakpoint line number in file #1 (timeout)
FAIL: gdb.base/break.exp: break tests suppressed
FAIL: gdb.base/break.exp: (timeout) catch requires an event name
FAIL: gdb.base/break.exp: (timeout) set catch fork, never expected to trigger
FAIL: gdb.base/break.exp: (timeout) set catch vfork, never expected to trigger
FAIL: gdb.base/break.exp: (timeout) set catch exec, never expected to trigger
FAIL: gdb.base/break.exp: (timeout) until 79
FAIL: gdb.base/break.exp: (timeout) malformed until
FAIL: gdb.base/break.exp: (timeout) break on non-existent source line
FAIL: gdb.base/break.exp: (timeout) break on default location, 1st time
FAIL: gdb.base/break.exp: (timeout) break on default location, 2nd time
FAIL: gdb.base/break.exp: (timeout) break on default location, 3rd time
FAIL: gdb.base/break.exp: (timeout) break on default location, 4th time
FAIL: gdb.base/break.exp: break tests suppressed
FAIL: gdb.base/break.exp: (timeout) set to-be-silent break 79
FAIL: gdb.base/call-ar-st.exp: running to main in runto (timeout)
FAIL: gdb.base/callfuncs.exp: running to main in runto (timeout)
FAIL: gdb.base/callfuncs.exp: setting breakpoint at add (timeout)
FAIL: gdb.base/callfuncs.exp: setting breakpoint at sum10 (timeout)
FAIL: gdb.base/callfuncs.exp: setting breakpoint at t_small_values (timeout)
FAIL: gdb.base/commands.exp: running to factorial in runto (timeout)
FAIL: gdb.base/commands.exp: (timeout or eof) commands in if_while_breakpoint_command_test
FAIL: gdb.base/commands.exp: (timeout or eof) commands in infrun_breakpoint_command_test
FAIL: gdb.base/commands.exp: (timeout or eof) define mycommand in user_defined_command_test
FAIL: gdb.base/commands.exp: (timeout) 3 commands in test_command_prompt_position
FAIL: gdb.base/completion.exp: running to main in runto (timeout)
FAIL: gdb.base/completion.exp: (timeout) complete 'show output'
FAIL: gdb.base/completion.exp: (timeout) complete 'show output-'
FAIL: gdb.base/completion.exp: (timeout) complete 'p' 1
FAIL: gdb.base/completion.exp: (timeout) complete 'p ' 2
FAIL: gdb.base/completion.exp: (timeout) complete 'info t foo'
FAIL: gdb.base/completion.exp: (timeout) complete 'info t'
FAIL: gdb.base/completion.exp: (timeout) complete 'info t '
FAIL: gdb.base/completion.exp: (timeout) complete 'info asdfgh'
FAIL: gdb.base/completion.exp: (timeout) complete 'info asdfgh '
FAIL: gdb.base/completion.exp: (timeout) complete 'info'
FAIL: gdb.base/completion.exp: (timeout) complete 'info '
FAIL: gdb.base/completion.exp: (timeout) complete (2) 'info '
FAIL: gdb.base/completion.exp: (timeout) complete 'p "break'
FAIL: gdb.base/completion.exp: (timeout) complete 'p 'a'
FAIL: gdb.base/completion.exp: (timeout) complete (2) 'p 'a'
FAIL: gdb.base/completion.exp: (timeout) complete 'p no_var_named_this-a'
FAIL: gdb.base/completion.exp: (timeout) complete (2) 'p no_var_named_this-a'
FAIL: gdb.base/completion.exp: (timeout) complete (2) 'p no_var_named_this-'
FAIL: gdb.base/completion.exp: (timeout) complete 'file ./Make'
FAIL: gdb.base/completion.exp: (timeout) complete 'file ./gdb.base/compl'
FAIL: gdb.base/completion.exp: (timeout) complete 'info func mar'
FAIL: gdb.base/completion.exp: (timeout) complete 'set follow-fork-mode'
FAIL: gdb.base/cond-expr.exp: running to main in runto (timeout)
FAIL: gdb.base/condbreak.exp: (timeout) rerun to main
FAIL: gdb.base/condbreak.exp: (timeout) run until breakpoint at marker1
FAIL: gdb.base/condbreak.exp: (timeout) run until breakpoint at marker2
FAIL: gdb.base/consecutive.exp: running to main in runto (timeout)
FAIL: gdb.base/dbx.exp: running to main (timeout)
FAIL: gdb.base/dbx.exp: assign first (timeout)
FAIL: gdb.base/define.exp: running to main in runto (timeout)
FAIL: gdb.base/define.exp: define tests suppressed
FAIL: gdb.base/define.exp: (timeout) define user command: nextwhere
FAIL: gdb.base/define.exp: (timeout) use user command: nextwhere
FAIL: gdb.base/define.exp: (timeout) define user command: nextwh
FAIL: gdb.base/define.exp: (timeout) redefine user command aborted: nextwhere
FAIL: gdb.base/define.exp: (timeout) redefine user command: nextwhere
FAIL: gdb.base/define.exp: (timeout) redocumenting builtin command disallowed
FAIL: gdb.base/define.exp: (timeout) document user command: nextwhere
FAIL: gdb.base/define.exp: (timeout) re-document user command: nextwhere
FAIL: gdb.base/define.exp: (timeout) help user command: nextwhere
FAIL: gdb.base/define.exp: (timeout) define user command: user-bt
FAIL: gdb.base/define.exp: (timeout) define hook-stop command
FAIL: gdb.base/define.exp: (timeout) use hook-stop command
FAIL: gdb.base/define.exp: (timeout) define hook undefined command aborted: bar
FAIL: gdb.base/define.exp: (timeout) define hook undefined command: bar
FAIL: gdb.base/define.exp: (timeout) set gdb_prompt
FAIL: gdb.base/define.exp: (timeout) reset gdb_prompt
FAIL: gdb.base/display.exp: running to main in runto (timeout)
FAIL: gdb.base/display.exp: Could not run to main - other tests will fail.
FAIL: gdb.base/dump.exp: running to checkpoint1 in runto (timeout)
FAIL: gdb.base/dump.exp: dump array as value, default (timeout)
FAIL: gdb.base/dump.exp: dump struct as value, default (timeout)
FAIL: gdb.base/dump.exp: dump array as value, binary (timeout)
FAIL: gdb.base/dump.exp: dump struct as value, binary (timeout)
FAIL: gdb.base/dump.exp: dump array as value, srec (timeout)
FAIL: gdb.base/dump.exp: dump struct as value, srec (timeout)
FAIL: gdb.base/dump.exp: dump array as value, intel hex (timeout)
FAIL: gdb.base/dump.exp: dump struct as value, intel hex (timeout)
FAIL: gdb.base/dump.exp: dump array as value, tekhex (timeout)
FAIL: gdb.base/dump.exp: dump struct as value, tekhex (timeout)
FAIL: gdb.base/dump.exp: capture_value failed on /x &intarray[0].
FAIL: gdb.base/dump.exp: capture_value failed on /x &intarray[32].
FAIL: gdb.base/dump.exp: capture_value failed on /x &intstruct.
FAIL: gdb.base/dump.exp: capture_value failed on /x &intstruct + 1.
FAIL: gdb.base/dump.exp: capture_value failed on intarray.
FAIL: gdb.base/dump.exp: capture_value failed on intstruct.
FAIL: gdb.base/dump.exp: dump array as memory, default (timeout)
FAIL: gdb.base/dump.exp: dump struct as memory, default (timeout)
FAIL: gdb.base/dump.exp: dump array as memory, binary (timeout)
FAIL: gdb.base/dump.exp: dump struct as memory, binary (timeout)
FAIL: gdb.base/dump.exp: dump array as memory, srec (timeout)
FAIL: gdb.base/dump.exp: dump struct as memory, srec (timeout)
FAIL: gdb.base/dump.exp: dump array as memory, ihex (timeout)
FAIL: gdb.base/dump.exp: dump struct as memory, ihex (timeout)
FAIL: gdb.base/dump.exp: dump array as memory, tekhex (timeout)
FAIL: gdb.base/dump.exp: dump struct as memory, tekhex (timeout)
FAIL: gdb.base/dump.exp: dump array as mem, srec, expressions (timeout)
FAIL: gdb.base/dump.exp: start with intarray un-initialized
FAIL: gdb.base/dump.exp: capture_value failed on intstruct.
FAIL: gdb.base/dump.exp: start with intstruct un-initialized
FAIL: gdb.base/dump.exp: capture_value failed on intarray.
FAIL: gdb.base/dump.exp: start with intarray un-initialized, runto main
FAIL: gdb.base/dump.exp: capture_value failed on intstruct.
FAIL: gdb.base/dump.exp: start with intstruct un-initialized, runto main
FAIL: gdb.base/dump.exp: Restore command, array as value, srec
FAIL: gdb.base/dump.exp: capture_value failed on intarray.
FAIL: gdb.base/dump.exp: Restore command, struct as value, srec
FAIL: gdb.base/dump.exp: capture_value failed on intstruct.
FAIL: gdb.base/dump.exp: zero all
FAIL: gdb.base/dump.exp: Restore command, array as memory, srec
FAIL: gdb.base/dump.exp: capture_value failed on intarray.
FAIL: gdb.base/dump.exp: Restore command, struct as memory, srec
FAIL: gdb.base/dump.exp: capture_value failed on intstruct.
FAIL: gdb.base/dump.exp: print zero_all ()
FAIL: gdb.base/dump.exp: Restore command, array as value, ihex
FAIL: gdb.base/dump.exp: capture_value failed on intarray.
FAIL: gdb.base/dump.exp: Restore command, struct as value, ihex
FAIL: gdb.base/dump.exp: capture_value failed on intstruct.
FAIL: gdb.base/dump.exp: print zero_all ()
FAIL: gdb.base/dump.exp: Restore command, array as memory, ihex
FAIL: gdb.base/dump.exp: capture_value failed on intarray.
FAIL: gdb.base/dump.exp: Restore command, struct as memory, ihex
FAIL: gdb.base/dump.exp: capture_value failed on intstruct.
FAIL: gdb.base/dump.exp: print zero_all ()
FAIL: gdb.base/dump.exp: Restore command, array as value, tekhex
FAIL: gdb.base/dump.exp: capture_value failed on intarray.
FAIL: gdb.base/dump.exp: Restore command, struct as value, tekhex
FAIL: gdb.base/dump.exp: capture_value failed on intstruct.
FAIL: gdb.base/dump.exp: print zero_all ()
FAIL: gdb.base/dump.exp: Restore command, array as memory, tekhex
FAIL: gdb.base/dump.exp: capture_value failed on intarray.
FAIL: gdb.base/dump.exp: Restore command, struct as memory, tekhex
FAIL: gdb.base/dump.exp: capture_value failed on intstruct.
FAIL: gdb.base/dump.exp: print zero_all ()
FAIL: gdb.base/dump.exp: Restore command, array as value, binary
FAIL: gdb.base/dump.exp: capture_value failed on intarray.
FAIL: gdb.base/dump.exp: Restore command, struct as value, binary
FAIL: gdb.base/dump.exp: capture_value failed on intstruct.
FAIL: gdb.base/dump.exp: print zero_all ()
FAIL: gdb.base/dump.exp: Restore command, array as memory, binary
FAIL: gdb.base/dump.exp: capture_value failed on intarray.
FAIL: gdb.base/dump.exp: Restore command, struct as memory, binary
FAIL: gdb.base/dump.exp: capture_value failed on intstruct.
FAIL: gdb.base/dump.exp: capture_value failed on /x &intarray2[0].
FAIL: gdb.base/dump.exp: capture_value failed on /x &intstruct2.
FAIL: gdb.base/dump.exp: capture_value failed on /x (char *) &intarray2 - (char *) &intarray.
FAIL: gdb.base/dump.exp: capture_value failed on /x (char *) &intstruct2 - (char *) &intstruct.
FAIL: gdb.base/dump.exp: print zero_all ()
FAIL: gdb.base/dump.exp: Restore command, array copy, srec
FAIL: gdb.base/dump.exp: capture_value failed on intarray2.
FAIL: gdb.base/dump.exp: Restore command, struct copy, srec
FAIL: gdb.base/dump.exp: capture_value failed on intstruct2.
FAIL: gdb.base/dump.exp: print zero_all ()
FAIL: gdb.base/dump.exp: Restore command, array copy, ihex
FAIL: gdb.base/dump.exp: capture_value failed on intarray2.
FAIL: gdb.base/dump.exp: Restore command, struct copy, ihex
FAIL: gdb.base/dump.exp: capture_value failed on intstruct2.
FAIL: gdb.base/dump.exp: print zero_all ()
FAIL: gdb.base/dump.exp: Restore command, array copy, tekhex
FAIL: gdb.base/dump.exp: capture_value failed on intarray2.
FAIL: gdb.base/dump.exp: Restore command, struct copy, tekhex
FAIL: gdb.base/dump.exp: capture_value failed on intstruct2.
FAIL: gdb.base/dump.exp: print zero_all ()
FAIL: gdb.base/dump.exp: Restore command, array copy, binary
FAIL: gdb.base/dump.exp: capture_value failed on intarray2.
FAIL: gdb.base/dump.exp: Restore command, struct copy, binary
FAIL: gdb.base/dump.exp: capture_value failed on intstruct2.
FAIL: gdb.base/dump.exp: capture_value failed on /x &intarray[3].
FAIL: gdb.base/dump.exp: capture_value failed on /x &intarray[4].
FAIL: gdb.base/dump.exp: capture_value failed on /x (char *) &intarray[3] - (char *) &intarray[0].
FAIL: gdb.base/dump.exp: capture_value failed on /x (char *) &intarray[4] - (char *) &intarray[0].
FAIL: gdb.base/dump.exp: print zero_all ()
FAIL: gdb.base/dump.exp: capture_value failed on 4.
FAIL: gdb.base/dump.exp: Restore command, array partial, srec
FAIL: gdb.base/dump.exp: capture_value failed on intarray[3].
FAIL: gdb.base/dump.exp: element 2 not changed - 1
FAIL: gdb.base/dump.exp: element 4 not changed - 1
FAIL: gdb.base/dump.exp: print zero_all ()
FAIL: gdb.base/dump.exp: capture_value failed on 4.
FAIL: gdb.base/dump.exp: Restore command, array partial, ihex
FAIL: gdb.base/dump.exp: capture_value failed on intarray[3].
FAIL: gdb.base/dump.exp: element 2 not changed - 2
FAIL: gdb.base/dump.exp: element 4 not changed - 2
FAIL: gdb.base/dump.exp: print zero_all ()
FAIL: gdb.base/dump.exp: capture_value failed on 4.
FAIL: gdb.base/dump.exp: Restore command, array partial, tekhex
FAIL: gdb.base/dump.exp: capture_value failed on intarray[3].
FAIL: gdb.base/dump.exp: element 2 not changed - 3
FAIL: gdb.base/dump.exp: element 4 not changed - 3
FAIL: gdb.base/dump.exp: print zero_all ()
FAIL: gdb.base/dump.exp: capture_value failed on 4.
FAIL: gdb.base/dump.exp: Restore command, array partial, binary
FAIL: gdb.base/dump.exp: capture_value failed on intarray[3].
FAIL: gdb.base/dump.exp: element 2 not changed - 4
FAIL: gdb.base/dump.exp: element 4 not changed - 4
FAIL: gdb.base/dump.exp:
FAIL: gdb.base/dump.exp: capture_value failed on 4.
FAIL: gdb.base/dump.exp: Restore command, array partial with expressions
FAIL: gdb.base/dump.exp: capture_value failed on intarray2[3].
FAIL: gdb.base/dump.exp: element 2 not changed, == 4
FAIL: gdb.base/dump.exp: element 4 not changed, == 4
FAIL: gdb.base/ena-dis-br.exp: running to main in runto (timeout)
FAIL: gdb.base/ena-dis-br.exp: enable/disable break tests suppressed
FAIL: gdb.base/ena-dis-br.exp: (timeout) break marker1
FAIL: gdb.base/ena-dis-br.exp: (timeout) enable break marker1
FAIL: gdb.base/ena-dis-br.exp: (timeout) info break marker1
FAIL: gdb.base/ena-dis-br.exp: (timeout) continue to break marker1
FAIL: gdb.base/ena-dis-br.exp: (timeout) delete break marker1
FAIL: gdb.base/ena-dis-br.exp: (timeout) break marker2
FAIL: gdb.base/ena-dis-br.exp: (timeout) enable once break marker2
FAIL: gdb.base/ena-dis-br.exp: (timeout) info auto-disabled break marker2
FAIL: gdb.base/ena-dis-br.exp: (timeout) continue to auto-disabled break marker2
FAIL: gdb.base/ena-dis-br.exp: (timeout) info auto-disabled break marker2
FAIL: gdb.base/ena-dis-br.exp: (timeout) rerun to main
FAIL: gdb.base/ena-dis-br.exp: enable/disable break tests suppressed
FAIL: gdb.base/ena-dis-br.exp: (timeout) break marker3
FAIL: gdb.base/ena-dis-br.exp: (timeout) enable del break marker3
FAIL: gdb.base/ena-dis-br.exp: (timeout) info auto-deleted break marker2
FAIL: gdb.base/ena-dis-br.exp: (timeout) continue to break marker3
FAIL: gdb.base/ena-dis-br.exp: (timeout) info auto-deleted break marker3
FAIL: gdb.base/ena-dis-br.exp: (timeout) break marker4
FAIL: gdb.base/ena-dis-br.exp: (timeout) disable break marker4
FAIL: gdb.base/ena-dis-br.exp: (timeout) info break marker4
FAIL: gdb.base/ena-dis-br.exp: enable/disable break tests suppressed
FAIL: gdb.base/ena-dis-br.exp: (timeout) break marker1
FAIL: gdb.base/ena-dis-br.exp: (timeout) ignore non-existent break
FAIL: gdb.base/ena-dis-br.exp: (timeout) ignore break with missing ignore count
FAIL: gdb.base/ena-dis-br.exp: (timeout) ignore break marker1 -1
FAIL: gdb.base/ena-dis-br.exp: (timeout) ignore break marker1 0
FAIL: gdb.base/ena-dis-br.exp: (timeout) ignore break marker1
FAIL: gdb.base/ena-dis-br.exp: (timeout) info ignored break marker1
FAIL: gdb.base/ena-dis-br.exp: (timeout) rerun to main
FAIL: gdb.base/ena-dis-br.exp: (timeout) continue to break marker1, 2nd time
FAIL: gdb.base/ena-dis-br.exp: enable/disable break tests suppressed
FAIL: gdb.base/ena-dis-br.exp: (timeout) break marker1
FAIL: gdb.base/ena-dis-br.exp: (timeout) ignore break marker1
FAIL: gdb.base/ena-dis-br.exp: (timeout) enable del break marker1
FAIL: gdb.base/ena-dis-br.exp: (timeout) info break marker2
FAIL: gdb.base/ena-dis-br.exp: (timeout) rerun to main
FAIL: gdb.base/ena-dis-br.exp: (timeout) continue to ignored & auto-deleted break marker1
FAIL: gdb.base/ena-dis-br.exp: enable/disable break tests suppressed
FAIL: gdb.base/ena-dis-br.exp: (timeout) break marker1
FAIL: gdb.base/ena-dis-br.exp: (timeout) ignore break marker1
FAIL: gdb.base/ena-dis-br.exp: (timeout) disable break marker1
FAIL: gdb.base/ena-dis-br.exp: (timeout) rerun to main
FAIL: gdb.base/ena-dis-br.exp: (timeout) info ignored & disabled break marker1
FAIL: gdb.base/ena-dis-br.exp: enable/disable break tests suppressed
FAIL: gdb.base/ena-dis-br.exp: (timeout) prepare to continue with ignore count
FAIL: gdb.base/ena-dis-br.exp: (timeout) continue with ignore count
FAIL: gdb.base/ena-dis-br.exp: (timeout) step after continue with ignore count
FAIL: gdb.base/ena-dis-br.exp: (timeout) step after continue with ignore count, not stopped at bpt
FAIL: gdb.base/ending-run.exp: hang or timeout on step at end 1
FAIL: gdb.base/ending-run.exp: (timeout) step to end of run
FAIL: gdb.base/eval-skip.exp: running to main in runto (timeout)
FAIL: gdb.base/finish.exp: set break on void_func
FAIL: gdb.base/finish.exp: continue to void_func
FAIL: gdb.base/finish.exp: finish from void_func (timeout)
FAIL: gdb.base/finish.exp: set break on char_func
FAIL: gdb.base/finish.exp: continue to char_func
FAIL: gdb.base/finish.exp: finish from char_func (timeout)
FAIL: gdb.base/finish.exp: set break on short_func
FAIL: gdb.base/finish.exp: continue to short_func
FAIL: gdb.base/finish.exp: finish from short_func (timeout)
FAIL: gdb.base/finish.exp: set break on int_func
FAIL: gdb.base/finish.exp: continue to int_func
FAIL: gdb.base/finish.exp: finish from int_func (timeout)
FAIL: gdb.base/finish.exp: set break on long_func
FAIL: gdb.base/finish.exp: continue to long_func
FAIL: gdb.base/finish.exp: finish from long_func (timeout)
FAIL: gdb.base/finish.exp: set break on long_long_func
FAIL: gdb.base/finish.exp: continue to long_long_func
FAIL: gdb.base/finish.exp: finish from long_long_func (timeout)
FAIL: gdb.base/finish.exp: set break on float_func
FAIL: gdb.base/finish.exp: continue to float_func
FAIL: gdb.base/finish.exp: finish from float_func (timeout)
FAIL: gdb.base/finish.exp: set break on double_func
FAIL: gdb.base/finish.exp: continue to double_func
FAIL: gdb.base/finish.exp: finish from double_func (timeout)
FAIL: gdb.base/funcargs.exp: setting breakpoint at call0b (timeout)
FAIL: gdb.base/funcargs.exp: setting breakpoint at call0c (timeout)
FAIL: gdb.base/funcargs.exp: setting breakpoint at call0d (timeout)
FAIL: gdb.base/funcargs.exp: setting breakpoint at call0e (timeout)
FAIL: gdb.base/funcargs.exp: (timeout) run to call0a
FAIL: gdb.base/funcargs.exp: setting breakpoint at call1b (timeout)
FAIL: gdb.base/funcargs.exp: setting breakpoint at call1c (timeout)
FAIL: gdb.base/funcargs.exp: setting breakpoint at call1d (timeout)
FAIL: gdb.base/funcargs.exp: setting breakpoint at call1e (timeout)
FAIL: gdb.base/funcargs.exp: (timeout) run to call1a
FAIL: gdb.base/funcargs.exp: setting breakpoint at call2b (timeout)
FAIL: gdb.base/funcargs.exp: setting breakpoint at call2c (timeout)
FAIL: gdb.base/funcargs.exp: setting breakpoint at call2d (timeout)
FAIL: gdb.base/funcargs.exp: setting breakpoint at call2e (timeout)
FAIL: gdb.base/funcargs.exp: setting breakpoint at call2f (timeout)
FAIL: gdb.base/funcargs.exp: setting breakpoint at call2g (timeout)
FAIL: gdb.base/funcargs.exp: setting breakpoint at call2h (timeout)
FAIL: gdb.base/funcargs.exp: (timeout) run to call2a
FAIL: gdb.base/funcargs.exp: setting breakpoint at call3b (timeout)
FAIL: gdb.base/funcargs.exp: setting breakpoint at call3c (timeout)
FAIL: gdb.base/funcargs.exp: (timeout) run to call3a
FAIL: gdb.base/funcargs.exp: setting breakpoint at call4b (timeout)
FAIL: gdb.base/funcargs.exp: (timeout) run to call4a
FAIL: gdb.base/funcargs.exp: setting breakpoint at call5b (timeout)
FAIL: gdb.base/funcargs.exp: (timeout) run to call5a
FAIL: gdb.base/funcargs.exp: setting breakpoint at call6b (timeout)
FAIL: gdb.base/funcargs.exp: setting breakpoint at call6c (timeout)
FAIL: gdb.base/funcargs.exp: setting breakpoint at call6d (timeout)
FAIL: gdb.base/funcargs.exp: setting breakpoint at call6e (timeout)
FAIL: gdb.base/funcargs.exp: setting breakpoint at call6f (timeout)
FAIL: gdb.base/funcargs.exp: setting breakpoint at call6g (timeout)
FAIL: gdb.base/funcargs.exp: setting breakpoint at call6h (timeout)
FAIL: gdb.base/funcargs.exp: (timeout) run to call6a
FAIL: gdb.base/funcargs.exp: (timeout) backtrace from call6a
FAIL: gdb.base/funcargs.exp: backtrace from call6b, pattern 1 (timeout)
FAIL: gdb.base/funcargs.exp: backtrace from call6c, pattern 1 (timeout)
FAIL: gdb.base/funcargs.exp: backtrace from call6d, pattern 1 (timeout)
FAIL: gdb.base/funcargs.exp: backtrace from call6e, pattern 1 (timeout)
FAIL: gdb.base/funcargs.exp: backtrace from call6f, pattern 1 (timeout)
FAIL: gdb.base/funcargs.exp: backtrace from call6g, pattern 1 (timeout)
FAIL: gdb.base/funcargs.exp: backtrace from call6h, pattern 1 (timeout)
FAIL: gdb.base/funcargs.exp: setting breakpoint at call6j (timeout)
FAIL: gdb.base/funcargs.exp: setting breakpoint at call6k (timeout)
FAIL: gdb.base/funcargs.exp: backtrace from call6i, pattern 1 (timeout)
FAIL: gdb.base/funcargs.exp: backtrace from call6j, pattern 1 (timeout)
FAIL: gdb.base/funcargs.exp: backtrace from call6k, pattern 1 (timeout)
FAIL: gdb.base/funcargs.exp: setting breakpoint at call7b (timeout)
FAIL: gdb.base/funcargs.exp: setting breakpoint at call7c (timeout)
FAIL: gdb.base/funcargs.exp: setting breakpoint at call7d (timeout)
FAIL: gdb.base/funcargs.exp: setting breakpoint at call7e (timeout)
FAIL: gdb.base/funcargs.exp: setting breakpoint at call7f (timeout)
FAIL: gdb.base/funcargs.exp: setting breakpoint at call7g (timeout)
FAIL: gdb.base/funcargs.exp: setting breakpoint at call7h (timeout)
FAIL: gdb.base/funcargs.exp: (timeout) run to call7a
FAIL: gdb.base/funcargs.exp: (timeout) backtrace from call7a
FAIL: gdb.base/funcargs.exp: (timeout) run to hitbottom
FAIL: gdb.base/funcargs.exp: recursive passing of structs by value, pattern 1 (timeout)
FAIL: gdb.base/funcargs.exp: setting breakpoint at call0a (timeout)
FAIL: gdb.base/funcargs.exp: finish from indirectly called function
FAIL: gdb.base/funcargs.exp: finish from marker_call_with_trampolines
FAIL: gdb.base/funcargs.exp: stepping back to main from function called with trampolines
FAIL: gdb.base/gcore.exp: running to main in runto (timeout)
FAIL: gdb.base/gcore.exp: set breakpoint at terminal_func
FAIL: gdb.base/gcore.exp: continue to terminal_func
FAIL: gdb.base/gcore.exp: capture_command_output failed on backtrace.
FAIL: gdb.base/gcore.exp: capture_command_output failed on info registers.
FAIL: gdb.base/gcore.exp: capture_command_output failed on info all-reg.
FAIL: gdb.base/gcore.exp: capture_command_output failed on print static_array.
FAIL: gdb.base/gcore.exp: capture_command_output failed on print un_initialized_array.
FAIL: gdb.base/gcore.exp: capture_command_output failed on print heap_string.
FAIL: gdb.base/gcore.exp: capture_command_output failed on print array_func::local_array.
FAIL: gdb.base/gcore.exp: capture_command_output failed on print extern_array.
FAIL: gdb.base/gcore.exp: save a corefile
FAIL: gdb.base/gcore.exp: capture_command_output failed on info registers.
FAIL: gdb.base/gcore.exp: capture_command_output failed on info all-reg.
FAIL: gdb.base/gcore.exp: capture_command_output failed on print extern_array.
FAIL: gdb.base/gcore.exp: capture_command_output failed on print static_array.
FAIL: gdb.base/gcore.exp: capture_command_output failed on print un_initialized_array.
FAIL: gdb.base/gcore.exp: capture_command_output failed on print heap_string.
FAIL: gdb.base/gcore.exp: capture_command_output failed on print array_func::local_array.
FAIL: gdb.base/gcore.exp: capture_command_output failed on backtrace.
FAIL: gdb.base/huge.exp: running to main in runto (timeout)
FAIL: gdb.base/huge.exp: print a very large data object
FAIL: gdb.base/info-proc.exp: running to main in runto (timeout)
FAIL: gdb.base/info-proc.exp: info proc with process
FAIL: gdb.base/info-proc.exp: info proc mapping
FAIL: gdb.base/interrupt.exp: running to main in runto (timeout)
FAIL: gdb.base/jump.exp: running to main in runto (timeout)
FAIL: gdb.base/langs.exp: running to csub in runto (timeout)
FAIL: gdb.base/logical.exp: running to main in runto (timeout)
FAIL: gdb.base/long_long.exp: run to known_types
FAIL: gdb.base/maint.exp: running to main in runto (timeout)
FAIL: gdb.base/maint.exp: (timeout) maint space
FAIL: gdb.base/maint.exp: (timeout) maint space 1
FAIL: gdb.base/maint.exp: (timeout) maint time
FAIL: gdb.base/maint.exp: (timeout) maint time 1
FAIL: gdb.base/maint.exp: (timeout) maint time 0
FAIL: gdb.base/maint.exp: (timeout) maint space 0
FAIL: gdb.base/maint.exp: (timeout) maint demangle
FAIL: gdb.base/maint.exp: (timeout) maint demangle
FAIL: gdb.base/maint.exp: (timeout) maint print statistics
FAIL: gdb.base/maint.exp: (timeout) maint print objfiles
FAIL: gdb.base/maint.exp: maint print objfiles: header
FAIL: gdb.base/maint.exp: maint print objfiles: psymtabs
FAIL: gdb.base/maint.exp: maint print objfiles: symtabs
FAIL: gdb.base/maint.exp: (timeout) maint print psymbols w/o args
FAIL: gdb.base/maint.exp: (timeout) maint print psymbols
FAIL: gdb.base/maint.exp: (timeout) maint print msymbols w/o args
FAIL: gdb.base/maint.exp: (timeout) maint print msymbols
FAIL: gdb.base/maint.exp: (timeout) maint print symbols w/o args
FAIL: gdb.base/maint.exp: (timeout) maint print symbols
FAIL: gdb.base/maint.exp: (timeout) maint print type
FAIL: gdb.base/maint.exp: (timeout) maint info sections
FAIL: gdb.base/maint.exp: (timeout) maint info sections .text
FAIL: gdb.base/maint.exp: (timeout) maint info sections CODE
FAIL: gdb.base/maint.exp: (timeout) maint info sections DATA
FAIL: gdb.base/maint.exp: (timeout) maint info breakpoints
FAIL: gdb.base/maint.exp: (timeout) maint print w/o args
FAIL: gdb.base/maint.exp: (timeout) maint info w/o args
FAIL: gdb.base/maint.exp: (timeout) maint w/o args
FAIL: gdb.base/maint.exp: (timeout) help maint
FAIL: gdb.base/maint.exp: (timeout) help maint check-symtabs
FAIL: gdb.base/maint.exp: (timeout) help maint space
FAIL: gdb.base/maint.exp: (timeout) help maint time
FAIL: gdb.base/maint.exp: (timeout) help maint demangle
FAIL: gdb.base/maint.exp: (timeout) help maint dump-me
FAIL: gdb.base/maint.exp: (timeout) help maint internal-error
FAIL: gdb.base/maint.exp: (timeout) help maint print statistics
FAIL: gdb.base/maint.exp: (timeout) help maint print objfiles
FAIL: gdb.base/maint.exp: (timeout) help maint print psymbols
FAIL: gdb.base/maint.exp: (timeout) help maint print msymbols
FAIL: gdb.base/maint.exp: (timeout) help maint print symbols
FAIL: gdb.base/maint.exp: (timeout) help maint print type
FAIL: gdb.base/maint.exp: (timeout) help maint info sections
FAIL: gdb.base/maint.exp: (timeout) help maint info breakpoints
FAIL: gdb.base/maint.exp: (timeout) help maint info
FAIL: gdb.base/maint.exp: (timeout) help maint print
FAIL: gdb.base/maint.exp: (timeout) help maint
FAIL: gdb.base/maint.exp: (timeout) maint dump-me
FAIL: gdb.base/maint.exp: (timeout) maint internal-error
FAIL: gdb.base/mips_pro.exp: running to middle in runto (timeout)
FAIL: gdb.base/miscexprs.exp: running to main in runto (timeout)
FAIL: gdb.base/opaque.exp: running to main in runto (timeout)
FAIL: gdb.base/pointers.exp: running to main in runto (timeout)
FAIL: gdb.base/printcmds.exp: running to main in runto (timeout)
FAIL: gdb.base/ptype.exp: running to main in runto (timeout)
FAIL: gdb.base/recurse.exp: running to recurse in runto (timeout)
FAIL: gdb.base/relational.exp: running to main in runto (timeout)
FAIL: gdb.base/reread.exp: run to foo() (timeout) (PRMS 13484)
FAIL: gdb.base/reread.exp: run to foo() second time (timeout)
FAIL: gdb.base/reread.exp: second pass: run to foo() (timeout)
FAIL: gdb.base/reread.exp: second pass: run to foo() second time (timeout)
FAIL: gdb.base/restore.exp: running to driver in runto (timeout)
FAIL: gdb.base/return.exp: running to func1 in runto (timeout)
FAIL: gdb.base/return2.exp: running to main in runto (timeout)
FAIL: gdb.base/return2.exp: set break on void_func
FAIL: gdb.base/return2.exp: continue to void_func
FAIL: gdb.base/return2.exp: return from void_func (timeout)
FAIL: gdb.base/return2.exp: void function returned successfully
FAIL: gdb.base/return2.exp: set break on char_func
FAIL: gdb.base/return2.exp: continue to char_func
FAIL: gdb.base/return2.exp: return from char_func (timeout)
FAIL: gdb.base/return2.exp: char value returned successfully
FAIL: gdb.base/return2.exp: validate result value not equal to program return value
FAIL: gdb.base/return2.exp: set break on short_func
FAIL: gdb.base/return2.exp: continue to short_func
FAIL: gdb.base/return2.exp: return from short_func (timeout)
FAIL: gdb.base/return2.exp: short value returned successfully
FAIL: gdb.base/return2.exp: validate result value not equal to program return value
FAIL: gdb.base/return2.exp: set break on int_func
FAIL: gdb.base/return2.exp: continue to int_func
FAIL: gdb.base/return2.exp: return from int_func (timeout)
FAIL: gdb.base/return2.exp: int value returned successfully
FAIL: gdb.base/return2.exp: validate result value not equal to program return value
FAIL: gdb.base/return2.exp: set break on long_func
FAIL: gdb.base/return2.exp: continue to long_func
FAIL: gdb.base/return2.exp: return from long_func (timeout)
FAIL: gdb.base/return2.exp: long value returned successfully
FAIL: gdb.base/return2.exp: validate result value not equal to program return value
FAIL: gdb.base/return2.exp: set break on long_long_func
FAIL: gdb.base/return2.exp: continue to long_long_func
FAIL: gdb.base/return2.exp: return from long_long_func (timeout)
FAIL: gdb.base/return2.exp: long_long value returned successfully
FAIL: gdb.base/return2.exp: validate result value not equal to program return value
FAIL: gdb.base/return2.exp: set break on float_func
FAIL: gdb.base/return2.exp: continue to float_func
FAIL: gdb.base/return2.exp: return from float_func (timeout)
FAIL: gdb.base/return2.exp: float value returned successfully
FAIL: gdb.base/return2.exp: validate result value not equal to program return value
FAIL: gdb.base/return2.exp: set break on double_func
FAIL: gdb.base/return2.exp: continue to double_func
FAIL: gdb.base/return2.exp: return from double_func (timeout)
FAIL: gdb.base/return2.exp: double value returned successfully
FAIL: gdb.base/return2.exp: validate result value not equal to program return value
FAIL: gdb.base/scope.exp: running to main in runto (timeout)
FAIL: gdb.base/selftest.exp: run until breakpoint at captured_main (timeout)
FAIL: gdb.base/selftest.exp: (timeout) printed version
FAIL: gdb.base/selftest.exp: unknown source line near main
FAIL: gdb.base/selftest.exp: step into xmalloc call (timeout)
FAIL: gdb.base/selftest.exp: (timeout) xgdb is at prompt
FAIL: gdb.base/selftest.exp: (timeout) Set xgdb prompt
FAIL: gdb.base/selftest.exp: send ^C to child process (timeout)
FAIL: gdb.base/selftest.exp: send SIGINT signal to child process (timeout)
FAIL: gdb.base/selftest.exp: backtrace through signal handler (timeout)
FAIL: gdb.base/setshow.exp: running to main in runto (timeout)
FAIL: gdb.base/setshow.exp: (timeout) set annotate 2
FAIL: gdb.base/setshow.exp: (timeout) show annotate (2)
FAIL: gdb.base/setshow.exp: (timeout) annotation_level 2
FAIL: gdb.base/setshow.exp: (timeout) set prompt (FooBarBaz)
FAIL: gdb.base/setshow.exp: (timeout) show prompt (FooBarBaz)
FAIL: gdb.base/setshow.exp: (timeout) set prompt (gdb)
FAIL: gdb.base/setvar.exp: running to main in runto (timeout)
FAIL: gdb.base/shlib-call.exp: (timeout) print g
FAIL: gdb.base/shlib-call.exp: next over shr1 (timeout)
FAIL: gdb.base/shlib-call.exp: (timeout) print g
FAIL: gdb.base/shlib-call.exp: (timeout) print shr1(1)
FAIL: gdb.base/shlib-call.exp: (timeout) print shr1(g)
FAIL: gdb.base/shlib-call.exp: (timeout) print shr1(1) 2nd time
FAIL: gdb.base/shlib-call.exp: (timeout) print mainshr1(1) from shlib func
FAIL: gdb.base/shlib-call.exp: step inside shr2 (shlib func) (timeout)
FAIL: gdb.base/shlib-call.exp: step out of shr2 to main (timeout)
FAIL: gdb.base/shlib-call.exp: (timeout) print mainshr1(1) from main
FAIL: gdb.base/shlib-call.exp: step into mainshr1 (timeout)
FAIL: gdb.base/sigall.exp: running to gen_ABRT in runto (timeout)
FAIL: gdb.base/sigall.exp: get signal ABRT (eof or timeout)
FAIL: gdb.base/sigall.exp: advance to HUP (eof or timeout)
FAIL: gdb.base/sigall.exp: get signal HUP (eof or timeout)
FAIL: gdb.base/sigall.exp: advance to QUIT (eof or timeout)
FAIL: gdb.base/sigall.exp: get signal QUIT (eof or timeout)
FAIL: gdb.base/sigall.exp: advance to ILL (eof or timeout)
FAIL: gdb.base/sigall.exp: get signal ILL (eof or timeout)
FAIL: gdb.base/sigall.exp: advance to EMT (eof or timeout)
FAIL: gdb.base/sigall.exp: get signal EMT (eof or timeout)
FAIL: gdb.base/sigall.exp: advance to FPE (eof or timeout)
FAIL: gdb.base/sigall.exp: get signal FPE (eof or timeout)
FAIL: gdb.base/sigall.exp: advance to BUS (eof or timeout)
FAIL: gdb.base/sigall.exp: get signal BUS (eof or timeout)
FAIL: gdb.base/sigall.exp: advance to SEGV (eof or timeout)
FAIL: gdb.base/sigall.exp: get signal SEGV (eof or timeout)
FAIL: gdb.base/sigall.exp: advance to SYS (eof or timeout)
FAIL: gdb.base/sigall.exp: get signal SYS (eof or timeout)
FAIL: gdb.base/sigall.exp: advance to PIPE (eof or timeout)
FAIL: gdb.base/sigall.exp: get signal PIPE (eof or timeout)
FAIL: gdb.base/sigall.exp: advance to ALRM (eof or timeout)
FAIL: gdb.base/sigall.exp: get signal ALRM (eof or timeout)
FAIL: gdb.base/sigall.exp: advance to URG (eof or timeout)
FAIL: gdb.base/sigall.exp: get signal URG (eof or timeout)
FAIL: gdb.base/sigall.exp: advance to TSTP (eof or timeout)
FAIL: gdb.base/sigall.exp: get signal TSTP (eof or timeout)
FAIL: gdb.base/sigall.exp: advance to CONT (eof or timeout)
FAIL: gdb.base/sigall.exp: get signal CONT (eof or timeout)
FAIL: gdb.base/sigall.exp: advance to CHLD (eof or timeout)
FAIL: gdb.base/sigall.exp: get signal CHLD (eof or timeout)
FAIL: gdb.base/sigall.exp: advance to TTIN (eof or timeout)
FAIL: gdb.base/sigall.exp: get signal TTIN (eof or timeout)
FAIL: gdb.base/sigall.exp: advance to TTOU (eof or timeout)
FAIL: gdb.base/sigall.exp: get signal TTOU (eof or timeout)
FAIL: gdb.base/sigall.exp: advance to IO (eof or timeout)
FAIL: gdb.base/sigall.exp: get signal IO (eof or timeout)
FAIL: gdb.base/sigall.exp: advance to XCPU (eof or timeout)
FAIL: gdb.base/sigall.exp: get signal XCPU (eof or timeout)
FAIL: gdb.base/sigall.exp: advance to XFSZ (eof or timeout)
FAIL: gdb.base/sigall.exp: get signal XFSZ (eof or timeout)
FAIL: gdb.base/sigall.exp: advance to VTALRM (eof or timeout)
FAIL: gdb.base/sigall.exp: get signal VTALRM (eof or timeout)
FAIL: gdb.base/sigall.exp: advance to PROF (eof or timeout)
FAIL: gdb.base/sigall.exp: get signal PROF (eof or timeout)
FAIL: gdb.base/sigall.exp: advance to WINCH (eof or timeout)
FAIL: gdb.base/sigall.exp: get signal WINCH (eof or timeout)
FAIL: gdb.base/sigall.exp: advance to LOST (eof or timeout)
FAIL: gdb.base/sigall.exp: get signal LOST (eof or timeout)
FAIL: gdb.base/sigall.exp: advance to USR1 (eof or timeout)
FAIL: gdb.base/sigall.exp: get signal USR1 (eof or timeout)
FAIL: gdb.base/sigall.exp: advance to USR2 (eof or timeout)
FAIL: gdb.base/sigall.exp: get signal USR2 (eof or timeout)
FAIL: gdb.base/sigall.exp: advance to PWR (eof or timeout)
FAIL: gdb.base/sigall.exp: get signal PWR (eof or timeout)
FAIL: gdb.base/sigall.exp: advance to POLL (eof or timeout)
FAIL: gdb.base/sigall.exp: get signal POLL (eof or timeout)
FAIL: gdb.base/sigall.exp: advance to WIND (eof or timeout)
FAIL: gdb.base/sigall.exp: get signal WIND (eof or timeout)
FAIL: gdb.base/sigall.exp: advance to PHONE (eof or timeout)
FAIL: gdb.base/sigall.exp: get signal PHONE (eof or timeout)
FAIL: gdb.base/sigall.exp: advance to WAITING (eof or timeout)
FAIL: gdb.base/sigall.exp: get signal WAITING (eof or timeout)
FAIL: gdb.base/sigall.exp: advance to LWP (eof or timeout)
FAIL: gdb.base/sigall.exp: get signal LWP (eof or timeout)
FAIL: gdb.base/sigall.exp: advance to DANGER (eof or timeout)
FAIL: gdb.base/sigall.exp: get signal DANGER (eof or timeout)
FAIL: gdb.base/sigall.exp: advance to GRANT (eof or timeout)
FAIL: gdb.base/sigall.exp: get signal GRANT (eof or timeout)
FAIL: gdb.base/sigall.exp: advance to RETRACT (eof or timeout)
FAIL: gdb.base/sigall.exp: get signal RETRACT (eof or timeout)
FAIL: gdb.base/sigall.exp: advance to MSG (eof or timeout)
FAIL: gdb.base/sigall.exp: get signal MSG (eof or timeout)
FAIL: gdb.base/sigall.exp: advance to SOUND (eof or timeout)
FAIL: gdb.base/sigall.exp: get signal SOUND (eof or timeout)
FAIL: gdb.base/sigall.exp: advance to SAK (eof or timeout)
FAIL: gdb.base/sigall.exp: get signal SAK (eof or timeout)
FAIL: gdb.base/sigall.exp: advance to PRIO (eof or timeout)
FAIL: gdb.base/sigall.exp: get signal PRIO (eof or timeout)
FAIL: gdb.base/sigall.exp: advance to 33 (eof or timeout)
FAIL: gdb.base/sigall.exp: get signal 33 (eof or timeout)
FAIL: gdb.base/sigall.exp: advance to 34 (eof or timeout)
FAIL: gdb.base/sigall.exp: get signal 34 (eof or timeout)
FAIL: gdb.base/sigall.exp: advance to 35 (eof or timeout)
FAIL: gdb.base/sigall.exp: get signal 35 (eof or timeout)
FAIL: gdb.base/sigall.exp: advance to 36 (eof or timeout)
FAIL: gdb.base/sigall.exp: get signal 36 (eof or timeout)
FAIL: gdb.base/sigall.exp: advance to 37 (eof or timeout)
FAIL: gdb.base/sigall.exp: get signal 37 (eof or timeout)
FAIL: gdb.base/sigall.exp: advance to 38 (eof or timeout)
FAIL: gdb.base/sigall.exp: get signal 38 (eof or timeout)
FAIL: gdb.base/sigall.exp: advance to 39 (eof or timeout)
FAIL: gdb.base/sigall.exp: get signal 39 (eof or timeout)
FAIL: gdb.base/sigall.exp: advance to 40 (eof or timeout)
FAIL: gdb.base/sigall.exp: get signal 40 (eof or timeout)
FAIL: gdb.base/sigall.exp: advance to 41 (eof or timeout)
FAIL: gdb.base/sigall.exp: get signal 41 (eof or timeout)
FAIL: gdb.base/sigall.exp: advance to 42 (eof or timeout)
FAIL: gdb.base/sigall.exp: get signal 42 (eof or timeout)
FAIL: gdb.base/sigall.exp: advance to 43 (eof or timeout)
FAIL: gdb.base/sigall.exp: get signal 43 (eof or timeout)
FAIL: gdb.base/sigall.exp: advance to 44 (eof or timeout)
FAIL: gdb.base/sigall.exp: get signal 44 (eof or timeout)
FAIL: gdb.base/sigall.exp: advance to 45 (eof or timeout)
FAIL: gdb.base/sigall.exp: get signal 45 (eof or timeout)
FAIL: gdb.base/sigall.exp: advance to 46 (eof or timeout)
FAIL: gdb.base/sigall.exp: get signal 46 (eof or timeout)
FAIL: gdb.base/sigall.exp: advance to 47 (eof or timeout)
FAIL: gdb.base/sigall.exp: get signal 47 (eof or timeout)
FAIL: gdb.base/sigall.exp: advance to 48 (eof or timeout)
FAIL: gdb.base/sigall.exp: get signal 48 (eof or timeout)
FAIL: gdb.base/sigall.exp: advance to 49 (eof or timeout)
FAIL: gdb.base/sigall.exp: get signal 49 (eof or timeout)
FAIL: gdb.base/sigall.exp: advance to 50 (eof or timeout)
FAIL: gdb.base/sigall.exp: get signal 50 (eof or timeout)
FAIL: gdb.base/sigall.exp: advance to 51 (eof or timeout)
FAIL: gdb.base/sigall.exp: get signal 51 (eof or timeout)
FAIL: gdb.base/sigall.exp: advance to 52 (eof or timeout)
FAIL: gdb.base/sigall.exp: get signal 52 (eof or timeout)
FAIL: gdb.base/sigall.exp: advance to 53 (eof or timeout)
FAIL: gdb.base/sigall.exp: get signal 53 (eof or timeout)
FAIL: gdb.base/sigall.exp: advance to 54 (eof or timeout)
FAIL: gdb.base/sigall.exp: get signal 54 (eof or timeout)
FAIL: gdb.base/sigall.exp: advance to 55 (eof or timeout)
FAIL: gdb.base/sigall.exp: get signal 55 (eof or timeout)
FAIL: gdb.base/sigall.exp: advance to 56 (eof or timeout)
FAIL: gdb.base/sigall.exp: get signal 56 (eof or timeout)
FAIL: gdb.base/sigall.exp: advance to 57 (eof or timeout)
FAIL: gdb.base/sigall.exp: get signal 57 (eof or timeout)
FAIL: gdb.base/sigall.exp: advance to 58 (eof or timeout)
FAIL: gdb.base/sigall.exp: get signal 58 (eof or timeout)
FAIL: gdb.base/sigall.exp: advance to 59 (eof or timeout)
FAIL: gdb.base/sigall.exp: get signal 59 (eof or timeout)
FAIL: gdb.base/sigall.exp: advance to 60 (eof or timeout)
FAIL: gdb.base/sigall.exp: get signal 60 (eof or timeout)
FAIL: gdb.base/sigall.exp: advance to 61 (eof or timeout)
FAIL: gdb.base/sigall.exp: get signal 61 (eof or timeout)
FAIL: gdb.base/sigall.exp: advance to 62 (eof or timeout)
FAIL: gdb.base/sigall.exp: get signal 62 (eof or timeout)
FAIL: gdb.base/sigall.exp: advance to 63 (eof or timeout)
FAIL: gdb.base/sigall.exp: get signal 63 (eof or timeout)
FAIL: gdb.base/sigall.exp: advance to TERM (eof or timeout)
FAIL: gdb.base/signals.exp: running to main in runto (timeout)
FAIL: gdb.base/sizeof.exp: running to main in runto (timeout)
FAIL: gdb.base/so-impl-ld.exp: implicit solibs tests suppressed
FAIL: gdb.base/so-impl-ld.exp: (timeout) step over solib call
FAIL: gdb.base/so-impl-ld.exp: (timeout) step into solib call
FAIL: gdb.base/so-impl-ld.exp: (timeout) step in solib call
FAIL: gdb.base/so-impl-ld.exp: (timeout) step out of solib call
FAIL: gdb.base/step-line.exp: running to main in runto (timeout)
FAIL: gdb.base/step-line.exp: Can't run to main
FAIL: gdb.base/step-test.exp: running to main in runto (timeout)
FAIL: gdb.base/step-test.exp: Can't run to main
FAIL: gdb.base/structs.exp: running to main in runto (timeout)
FAIL: gdb.base/structs.exp: p fun1() (timeout)
FAIL: gdb.base/structs.exp: p fun2() (timeout)
FAIL: gdb.base/structs.exp: p fun3() (timeout)
FAIL: gdb.base/structs.exp: p fun4() (timeout)
FAIL: gdb.base/structs.exp: p fun5() (timeout)
FAIL: gdb.base/structs.exp: p fun6() (timeout)
FAIL: gdb.base/structs.exp: p fun7() (timeout)
FAIL: gdb.base/structs.exp: p fun8() (timeout)
FAIL: gdb.base/structs.exp: p fun9() (timeout)
FAIL: gdb.base/structs.exp: p fun10() (timeout)
FAIL: gdb.base/structs.exp: p fun11() (timeout)
FAIL: gdb.base/structs.exp: p fun12() (timeout)
FAIL: gdb.base/structs.exp: p fun16() (timeout)
FAIL: gdb.base/structs2.exp: running to main in runto (timeout)
FAIL: gdb.base/term.exp: term.exp, factorial didn't run to completion for info terminal
FAIL: gdb.base/term.exp: setting breakpoint at main (timeout)
FAIL: gdb.base/term.exp: (timeout) info terminal at breakpoint
FAIL: gdb.base/twice.exp: running to main in runto (timeout)
FAIL: gdb.base/varargs.exp: running to main in runto (timeout)
FAIL: gdb.base/whatis-exp.exp: running to main in runto (timeout)
FAIL: gdb.c++/annota2.exp: annotation set at level 2 (timeout)
FAIL: gdb.c++/annota2.exp: run until main breakpoint (timeout)
FAIL: gdb.c++/annota2.exp: print class (timeout)
FAIL: gdb.c++/annota2.exp: continue to exit (timeout)
FAIL: gdb.c++/annota2.exp: delete bps (timeout)
FAIL: gdb.c++/annota2.exp: break at main (timeout)
FAIL: gdb.c++/annota2.exp: run until main breakpoint (timeout)
FAIL: gdb.c++/annota2.exp: set watch on a.x (timeout)
FAIL: gdb.c++/annota2.exp: watch triggered on a.x (timeout)
FAIL: gdb.c++/annota2.exp: annotate-quit (timeout)
FAIL: gdb.c++/anon-union.exp: running to main in runto (timeout)
FAIL: gdb.c++/classes.exp: ptype struct default_public_struct (timeout)
FAIL: gdb.c++/classes.exp: setting breakpoint at enums2 (timeout)
FAIL: gdb.c++/classes.exp: (timeout) demangle
FAIL: gdb.c++/cplusfuncs.exp: running to main in runto (timeout)
FAIL: gdb.c++/cplusfuncs.exp: detect dm_operator_comma
FAIL: gdb.c++/cplusfuncs.exp: detect dm_type_char_star (timeout)
FAIL: gdb.c++/cplusfuncs.exp: detect dm_type_foo_ref (timeout)
FAIL: gdb.c++/cplusfuncs.exp: detect dm_type_int_star (timeout)
FAIL: gdb.c++/cplusfuncs.exp: detect dm_type_long_star (timeout)
FAIL: gdb.c++/cplusfuncs.exp: detect dm_unsigned int (timeout)
FAIL: gdb.c++/cplusfuncs.exp: detect dm_type_void (timeout)
FAIL: gdb.c++/cplusfuncs.exp: detect dm_type_void_star (timeout)
FAIL: gdb.c++/cplusfuncs.exp: print &'overload1arg()' (timeout)
FAIL: gdb.c++/cplusfuncs.exp: print &'overload1arg(char)' (timeout)
FAIL: gdb.c++/cplusfuncs.exp: print &'overload1arg(signed char)' (timeout)
FAIL: gdb.c++/cplusfuncs.exp: print &'overload1arg(unsigned char)' (timeout)
FAIL: gdb.c++/cplusfuncs.exp: print &'overload1arg(short)' (timeout)
FAIL: gdb.c++/cplusfuncs.exp: print &'overload1arg(unsigned short)' (timeout)
FAIL: gdb.c++/cplusfuncs.exp: print &'overload1arg(int)' (timeout)
FAIL: gdb.c++/cplusfuncs.exp: print &'overload1arg(unsigned)' (timeout)
FAIL: gdb.c++/cplusfuncs.exp: print &'overload1arg(long)' (timeout)
FAIL: gdb.c++/cplusfuncs.exp: print &'overload1arg(unsigned long)' (timeout)
FAIL: gdb.c++/cplusfuncs.exp: print &'overload1arg(float)' (timeout)
FAIL: gdb.c++/cplusfuncs.exp: print &'overload1arg(double)' (timeout)
FAIL: gdb.c++/cplusfuncs.exp: print &'overloadargs(int)' (timeout)
FAIL: gdb.c++/cplusfuncs.exp: print &'overloadargs(int, int)' (timeout)
FAIL: gdb.c++/cplusfuncs.exp: print &'overloadargs(int, int, int)' (timeout)
FAIL: gdb.c++/cplusfuncs.exp: print &'overloadargs(int, int, int, int)' (timeout)
FAIL: gdb.c++/cplusfuncs.exp: print &'overloadargs(int, int, int, int, int)' (timeout)
FAIL: gdb.c++/cplusfuncs.exp: print &'overloadargs(int, int, int, int, int, int)' (timeout)
FAIL: gdb.c++/cplusfuncs.exp: print &'overloadargs(int, int, int, int, int, int, int)' (timeout)
FAIL: gdb.c++/cplusfuncs.exp: print &'overloadargs(int, int, int, int, int, int, int, int)' (timeout)
FAIL: gdb.c++/cplusfuncs.exp: print &'overloadargs(int, int, int, int, int, int, int, int, int)' (timeout)
FAIL: gdb.c++/cplusfuncs.exp: print &'overloadargs(int, int, int, int, int, int, int, int, int, int)' (timeout)
FAIL: gdb.c++/cplusfuncs.exp: print &'overloadargs(int, int, int, int, int, int, int, int, int, int, int)' (timeout)
FAIL: gdb.c++/cplusfuncs.exp: print &'foo::operator*(foo&)' (timeout)
FAIL: gdb.c++/cplusfuncs.exp: print &'foo::operator%(foo&)' (timeout)
FAIL: gdb.c++/cplusfuncs.exp: print &'foo::operator-(foo&)' (timeout)
FAIL: gdb.c++/cplusfuncs.exp: print &'foo::operator>>(foo&)' (timeout)
FAIL: gdb.c++/cplusfuncs.exp: print &'foo::operator!=(foo&)' (timeout)
FAIL: gdb.c++/cplusfuncs.exp: print &'foo::operator>(foo&)' (timeout)
FAIL: gdb.c++/cplusfuncs.exp: print &'foo::operator>=(foo&)' (timeout)
FAIL: gdb.c++/cplusfuncs.exp: print &'foo::operator|(foo&)' (timeout)
FAIL: gdb.c++/cplusfuncs.exp: print &'foo::operator&&(foo&)' (timeout)
FAIL: gdb.c++/cplusfuncs.exp: print &'foo::operator!()' (timeout)
FAIL: gdb.c++/cplusfuncs.exp: print &'foo::operator++(int)' (timeout)
FAIL: gdb.c++/cplusfuncs.exp: print &'foo::operator=(foo&)' (timeout)
FAIL: gdb.c++/cplusfuncs.exp: print &'foo::operator+=(foo&)' (timeout)
FAIL: gdb.c++/cplusfuncs.exp: print &'foo::operator*=(foo&)' (timeout)
FAIL: gdb.c++/cplusfuncs.exp: print &'foo::operator%=(foo&)' (timeout)
FAIL: gdb.c++/cplusfuncs.exp: print &'foo::operator>>=(foo&)' (timeout)
FAIL: gdb.c++/cplusfuncs.exp: print &'foo::operator|=(foo&)' (timeout)
FAIL: gdb.c++/cplusfuncs.exp: print &'foo::operator,(foo&)' (timeout)
FAIL: gdb.c++/cplusfuncs.exp: print &'foo::operator/(foo&)' (timeout)
FAIL: gdb.c++/cplusfuncs.exp: print &'foo::operator+(foo&)' (timeout)
FAIL: gdb.c++/cplusfuncs.exp: print &'foo::operator<<(foo&)' (timeout)
FAIL: gdb.c++/cplusfuncs.exp: print &'foo::operator==(foo&)' (timeout)
FAIL: gdb.c++/cplusfuncs.exp: print &'foo::operator<(foo&)' (timeout)
FAIL: gdb.c++/cplusfuncs.exp: print &'foo::operator<=(foo&)' (timeout)
FAIL: gdb.c++/cplusfuncs.exp: print &'foo::operator&(foo&)' (timeout)
FAIL: gdb.c++/cplusfuncs.exp: print &'foo::operator^(foo&)' (timeout)
FAIL: gdb.c++/cplusfuncs.exp: print &'foo::operator||(foo&)' (timeout)
FAIL: gdb.c++/cplusfuncs.exp: print &'foo::operator~()' (timeout)
FAIL: gdb.c++/cplusfuncs.exp: print &'foo::operator--(int)' (timeout)
FAIL: gdb.c++/cplusfuncs.exp: print &'foo::operator->()' (timeout)
FAIL: gdb.c++/cplusfuncs.exp: print &'foo::operator-=(foo&)' (timeout)
FAIL: gdb.c++/cplusfuncs.exp: print &'foo::operator/=(foo&)' (timeout)
FAIL: gdb.c++/cplusfuncs.exp: print &'foo::operator<<=(foo&)' (timeout)
FAIL: gdb.c++/cplusfuncs.exp: print &'foo::operator&=(foo&)' (timeout)
FAIL: gdb.c++/cplusfuncs.exp: print &'foo::operator^=(foo&)' (timeout)
FAIL: gdb.c++/cplusfuncs.exp: print &'foo::operator->*(foo&)' (timeout)
FAIL: gdb.c++/cplusfuncs.exp: print &'foo::operator[](foo&)' (timeout)
FAIL: gdb.c++/cplusfuncs.exp: print &'foo::operator()(foo&)' (timeout)
FAIL: gdb.c++/cplusfuncs.exp: print &'foo::operator delete(void*)' (timeout)
FAIL: gdb.c++/cplusfuncs.exp: print &'foo::operator int()' (timeout)
FAIL: gdb.c++/cplusfuncs.exp: print &'foo::operator char*()' (timeout)
FAIL: gdb.c++/cplusfuncs.exp: print &'hairyfunc1' (timeout)
FAIL: gdb.c++/cplusfuncs.exp: print &'hairyfunc2' (timeout)
FAIL: gdb.c++/cplusfuncs.exp: print &'hairyfunc3' (timeout)
FAIL: gdb.c++/cplusfuncs.exp: print &'hairyfunc4' (timeout)
FAIL: gdb.c++/cplusfuncs.exp: print &'hairyfunc5' (timeout)
FAIL: gdb.c++/cplusfuncs.exp: print &'hairyfunc6' (timeout)
FAIL: gdb.c++/cplusfuncs.exp: print &'hairyfunc7' (timeout)
FAIL: gdb.c++/cplusfuncs.exp: info function for "operator\*(" (timeout)
FAIL: gdb.c++/cplusfuncs.exp: info function for "operator%(" (timeout)
FAIL: gdb.c++/cplusfuncs.exp: info function for "operator-(" (timeout)
FAIL: gdb.c++/cplusfuncs.exp: info function for "operator>>(" (timeout)
FAIL: gdb.c++/cplusfuncs.exp: info function for "operator!=(" (timeout)
FAIL: gdb.c++/cplusfuncs.exp: info function for "operator>(" (timeout)
FAIL: gdb.c++/cplusfuncs.exp: info function for "operator>=(" (timeout)
FAIL: gdb.c++/cplusfuncs.exp: info function for "operator|(" (timeout)
FAIL: gdb.c++/cplusfuncs.exp: info function for "operator&&(" (timeout)
FAIL: gdb.c++/cplusfuncs.exp: info function for "operator!(" (timeout)
FAIL: gdb.c++/cplusfuncs.exp: info function for "operator++(" (timeout)
FAIL: gdb.c++/cplusfuncs.exp: info function for "operator=(" (timeout)
FAIL: gdb.c++/cplusfuncs.exp: info function for "operator+=(" (timeout)
FAIL: gdb.c++/cplusfuncs.exp: info function for "operator\*=(" (timeout)
FAIL: gdb.c++/cplusfuncs.exp: info function for "operator%=(" (timeout)
FAIL: gdb.c++/cplusfuncs.exp: info function for "operator>>=(" (timeout)
FAIL: gdb.c++/cplusfuncs.exp: info function for "operator|=(" (timeout)
FAIL: gdb.c++/cplusfuncs.exp: info function for "operator,(" (timeout)
FAIL: gdb.c++/cplusfuncs.exp: info function for "operator/(" (timeout)
FAIL: gdb.c++/cplusfuncs.exp: info function for "operator+(" (timeout)
FAIL: gdb.c++/cplusfuncs.exp: info function for "operator<<(" (timeout)
FAIL: gdb.c++/cplusfuncs.exp: info function for "operator==(" (timeout)
FAIL: gdb.c++/cplusfuncs.exp: info function for "operator<(" (timeout)
FAIL: gdb.c++/cplusfuncs.exp: info function for "operator<=(" (timeout)
FAIL: gdb.c++/cplusfuncs.exp: info function for "operator&(" (timeout)
FAIL: gdb.c++/cplusfuncs.exp: info function for "operator^(" (timeout)
FAIL: gdb.c++/cplusfuncs.exp: info function for "operator||(" (timeout)
FAIL: gdb.c++/cplusfuncs.exp: info function for "operator~(" (timeout)
FAIL: gdb.c++/cplusfuncs.exp: info function for "operator--(" (timeout)
FAIL: gdb.c++/cplusfuncs.exp: info function for "operator->(" (timeout)
FAIL: gdb.c++/cplusfuncs.exp: info function for "operator-=(" (timeout)
FAIL: gdb.c++/cplusfuncs.exp: info function for "operator/=(" (timeout)
FAIL: gdb.c++/cplusfuncs.exp: info function for "operator<<=(" (timeout)
FAIL: gdb.c++/cplusfuncs.exp: info function for "operator&=(" (timeout)
FAIL: gdb.c++/cplusfuncs.exp: info function for "operator^=(" (timeout)
FAIL: gdb.c++/cplusfuncs.exp: info function for "operator->\*(" (timeout)
FAIL: gdb.c++/cplusfuncs.exp: info function for "operator\[\](" (timeout)
FAIL: gdb.c++/cplusfuncs.exp: info function for "operator new(" (timeout)
FAIL: gdb.c++/cplusfuncs.exp: info function for "operator delete(" (timeout)
FAIL: gdb.c++/cplusfuncs.exp: info function for "operator int(" (timeout)
FAIL: gdb.c++/cplusfuncs.exp: info function for "operator()(" (timeout)
FAIL: gdb.c++/cplusfuncs.exp: info function for "operator char\*(" (timeout)
FAIL: gdb.c++/derivation.exp: running to main in runto (timeout)
FAIL: gdb.c++/inherit.exp: running to main in runto (timeout)
FAIL: gdb.c++/inherit.exp: ptype A (timeout)
FAIL: gdb.c++/inherit.exp: ptype vA (timeout)
FAIL: gdb.c++/inherit.exp: (timeout) ptype vD
FAIL: gdb.c++/inherit.exp: (timeout) ptype class vD
FAIL: gdb.c++/inherit.exp: (timeout) ptype g_vD
FAIL: gdb.c++/inherit.exp: (timeout) ptype vE
FAIL: gdb.c++/inherit.exp: (timeout) ptype class vE
FAIL: gdb.c++/inherit.exp: (timeout) ptype g_vE
FAIL: gdb.c++/inherit.exp: print variableof type anonymous union (timeout)
FAIL: gdb.c++/inherit.exp: print type of anonymous union (timeout)
FAIL: gdb.c++/inherit.exp: print g_vB.vA::va (timeout)
FAIL: gdb.c++/inherit.exp: print g_vB (timeout)
FAIL: gdb.c++/inherit.exp: print g_vD.vA::va (timeout)
FAIL: gdb.c++/inherit.exp: print g_vD (timeout)
FAIL: gdb.c++/local.exp: running to main in runto (timeout)
FAIL: gdb.c++/misc.exp: running to main in runto (timeout)
FAIL: gdb.c++/misc.exp: can't show language (timeout)
FAIL: gdb.c++/namespace.exp: running to main in runto (timeout)
FAIL: gdb.c++/templates.exp: ptype T5<int> (timeout)
FAIL: gdb.c++/templates.exp: ptype t5i (timeout)
FAIL: gdb.c++/templates.exp: constructor breakpoint (timeout)
FAIL: gdb.c++/templates.exp: (timeout) print fint
FAIL: gdb.c++/templates.exp: (timeout) print fvpchar
FAIL: gdb.c++/templates.exp: (timeout) ptype fint
FAIL: gdb.c++/templates.exp: (timeout) ptype fchar
FAIL: gdb.c++/templates.exp: (timeout) ptype fvpchar
FAIL: gdb.c++/templates.exp: (timeout) print Foo<volatile char *>::foo
FAIL: gdb.c++/templates.exp: (timeout) ptype bint
FAIL: gdb.c++/templates.exp: (timeout) ptype bint2
FAIL: gdb.c++/templates.exp: (timeout) ptype bazint
FAIL: gdb.c++/templates.exp: (timeout) ptype bazint2
FAIL: gdb.c++/templates.exp: (timeout) ptype quxint
FAIL: gdb.c++/templates.exp: (timeout) ptype siip
FAIL: gdb.c++/templates.exp: (timeout) ptype Garply<int>
FAIL: gdb.c++/templates.exp: (timeout) ptype Garply<Garply<char> >
FAIL: gdb.c++/templates.exp: print Garply<Garply<char> >::garply (timeout)
FAIL: gdb.c++/templates.exp: break Garply<Garply<char> >::garply (timeout)
FAIL: gdb.c++/userdef.exp: running to main in runto (timeout)
FAIL: gdb.c++/virtfunc.exp: ptype VA (timeout)
FAIL: gdb.c++/virtfunc.exp: ptype VB (timeout)
FAIL: gdb.c++/virtfunc.exp: ptype V (timeout)
FAIL: gdb.c++/virtfunc.exp: ptype A (timeout)
FAIL: gdb.c++/virtfunc.exp: ptype B (timeout)
FAIL: gdb.c++/virtfunc.exp: ptype C (timeout)
FAIL: gdb.c++/virtfunc.exp: ptype AD (timeout)
FAIL: gdb.c++/virtfunc.exp: ptype D (timeout)
FAIL: gdb.c++/virtfunc.exp: ptype E (timeout)
FAIL: gdb.c++/virtfunc.exp: ptype dd (timeout)
FAIL: gdb.c++/virtfunc.exp: ptype ppd (timeout)
FAIL: gdb.c++/virtfunc.exp: ptype pAd (timeout)
FAIL: gdb.c++/virtfunc.exp: ptype a (timeout)
FAIL: gdb.c++/virtfunc.exp: ptype b (timeout)
FAIL: gdb.c++/virtfunc.exp: ptype c (timeout)
FAIL: gdb.c++/virtfunc.exp: ptype d (timeout)
FAIL: gdb.c++/virtfunc.exp: ptype e (timeout)
FAIL: gdb.c++/virtfunc.exp: ptype v (timeout)
FAIL: gdb.c++/virtfunc.exp: ptype vb (timeout)
FAIL: gdb.c++/virtfunc.exp: ptype pAa (timeout)
FAIL: gdb.c++/virtfunc.exp: ptype pAe (timeout)
FAIL: gdb.c++/virtfunc.exp: ptype pBe (timeout)
FAIL: gdb.c++/virtfunc.exp: ptype pDd (timeout)
FAIL: gdb.c++/virtfunc.exp: ptype pDe (timeout)
FAIL: gdb.c++/virtfunc.exp: ptype pVa (timeout)
FAIL: gdb.c++/virtfunc.exp: ptype pVv (timeout)
FAIL: gdb.c++/virtfunc.exp: ptype pVe (timeout)
FAIL: gdb.c++/virtfunc.exp: ptype pVd (timeout)
FAIL: gdb.c++/virtfunc.exp: ptype pADe (timeout)
FAIL: gdb.c++/virtfunc.exp: ptype pEe (timeout)
FAIL: gdb.c++/virtfunc.exp: ptype pVB (timeout)
FAIL: gdb.mi/mi-console.exp: Started step over hello (timeout)
FAIL: gdb.mi/mi-console.exp: Hello message (timeout)
FAIL: gdb.mi/mi-console.exp: Finished step over hello (timeout)
FAIL: gdb.mi/mi-eval.exp: next in callee4 (timeout 1)
FAIL: gdb.mi/mi-read-memory.exp: do initialization (timeout 1)
FAIL: gdb.mi/mi-return.exp: return from callee4 now (timeout)
FAIL: gdb.mi/mi-simplerun.exp: next at main (timeout)
FAIL: gdb.mi/mi-simplerun.exp: step at main (timeout)
FAIL: gdb.mi/mi-simplerun.exp: step to callee4 (timeout)
FAIL: gdb.mi/mi-simplerun.exp: exec-finish (timeout)
FAIL: gdb.mi/mi-simplerun.exp: continue to end (timeout 1)
FAIL: gdb.mi/mi-stack.exp: next in callee4 (timeout)
FAIL: gdb.mi/mi-stepi.exp: step-instruction at main (timeout)
FAIL: gdb.mi/mi-stepi.exp: next-instruction at main (timeout)
FAIL: gdb.mi/mi-stepi.exp: next-instruction at main (timeout)
FAIL: gdb.mi/mi-until.exp: until after while loop (timeout)
FAIL: gdb.mi/mi-until.exp: until line number (timeout)
FAIL: gdb.mi/mi-until.exp: until line number:file (timeout)
FAIL: gdb.mi/mi-until.exp: until after current function (timeout)
FAIL: gdb.mi/mi-var-block.exp: step at do_block_tests (timeout)
FAIL: gdb.mi/mi-var-block.exp: step at do_block_tests (timeout)
FAIL: gdb.mi/mi-var-block.exp: step at do_block_tests (timeout)
FAIL: gdb.mi/mi-var-block.exp: step at do_block_tests (timeout)
FAIL: gdb.mi/mi-var-block.exp: step at do_block_tests (timeout)
FAIL: gdb.mi/mi-var-block.exp: step at do_block_tests (timeout)
FAIL: gdb.mi/mi-var-child.exp: step at do_children_tests (timeout)
FAIL: gdb.mi/mi-var-child.exp: step at do_children_tests (timeout)
FAIL: gdb.mi/mi-var-child.exp: step at do_children_tests (timeout)
FAIL: gdb.mi/mi-var-child.exp: step at do_children_tests (timeout)
FAIL: gdb.mi/mi-var-child.exp: step at do_children_tests (timeout)
FAIL: gdb.mi/mi-var-child.exp: step at do_children_tests (timeout)
FAIL: gdb.mi/mi-var-child.exp: step at do_children_tests (timeout)
FAIL: gdb.mi/mi-var-child.exp: step at do_children_tests (timeout)
FAIL: gdb.mi/mi-var-child.exp: step at do_children_tests (timeout)
FAIL: gdb.mi/mi-var-child.exp: step at do_children_tests (timeout)
FAIL: gdb.mi/mi-var-child.exp: step at do_children_tests (timeout)
FAIL: gdb.mi/mi-var-child.exp: step at do_children_tests (timeout)
FAIL: gdb.mi/mi-var-child.exp: step at do_children_tests (timeout)
FAIL: gdb.mi/mi-var-child.exp: step at do_children_tests (timeout)
FAIL: gdb.mi/mi-var-child.exp: step at do_children_tests (timeout)
FAIL: gdb.mi/mi-var-child.exp: step at do_children_tests (timeout)
FAIL: gdb.mi/mi-var-cmd.exp: step at do_locals_test (timeout)
FAIL: gdb.mi/mi-var-cmd.exp: step at do_locals_tests (2) (timeout)
FAIL: gdb.mi/mi-var-cmd.exp: step at do_locals_tests (3) (timeout)
FAIL: gdb.mi/mi-var-cmd.exp: step at do_locals_tests (4) (timeout)
FAIL: gdb.mi/mi-var-cmd.exp: step at do_locals_tests (5) (timeout)
FAIL: gdb.mi/mi-var-cmd.exp: step at do_locals_tests (6) (timeout)
FAIL: gdb.mi/mi-var-cmd.exp: step at do_locals_tests (7) (timeout)
FAIL: gdb.mi/mi-var-cmd.exp: continue to subroutine1 (timeout)
FAIL: gdb.mi/mi-var-cmd.exp: step at subroutine1 (timeout)
FAIL: gdb.mi/mi-var-cmd.exp: step at subroutine1 (2) (timeout)
FAIL: gdb.mi/mi-var-cmd.exp: step at subroutine1 (3) (timeout)
FAIL: gdb.mi/mi-var-cmd.exp: next out of subroutine1 (timeout)
FAIL: gdb.mi/mi-var-display.exp: continue to do_special_tests (timeout)
FAIL: gdb.mi/mi-var-display.exp: print FP register (timeout)
FAIL: gdb.mi/mi-var-display.exp: continue to incr_a (timeout)
FAIL: gdb.mi/mi-watch.exp: watchpoint trigger (timeout 1)
FAIL: gdb.mi/mi-watch.exp: wp out of scope (timeout 1)
FAIL: gdb.mi/mi0-console.exp: Started step over hello (timeout)
FAIL: gdb.mi/mi0-console.exp: Hello message (timeout)
FAIL: gdb.mi/mi0-console.exp: Finished step over hello (timeout)
FAIL: gdb.mi/mi0-eval.exp: next in callee4 (timeout 1)
FAIL: gdb.mi/mi0-read-memory.exp: do initialization (timeout 1)
FAIL: gdb.mi/mi0-return.exp: return from callee4 now (timeout)
FAIL: gdb.mi/mi0-simplerun.exp: next at main (timeout)
FAIL: gdb.mi/mi0-simplerun.exp: step at main (timeout)
FAIL: gdb.mi/mi0-simplerun.exp: step to callee4 (timeout)
FAIL: gdb.mi/mi0-simplerun.exp: exec-finish (timeout)
FAIL: gdb.mi/mi0-simplerun.exp: continue to end (timeout 1)
FAIL: gdb.mi/mi0-stack.exp: next in callee4 (timeout)
FAIL: gdb.mi/mi0-stepi.exp: step-instruction at main (timeout)
FAIL: gdb.mi/mi0-stepi.exp: next-instruction at main (timeout)
FAIL: gdb.mi/mi0-stepi.exp: next-instruction at main (timeout)
FAIL: gdb.mi/mi0-until.exp: until after while loop (timeout)
FAIL: gdb.mi/mi0-until.exp: until line number (timeout)
FAIL: gdb.mi/mi0-until.exp: until line number:file (timeout)
FAIL: gdb.mi/mi0-until.exp: until after current function (timeout)
FAIL: gdb.mi/mi0-var-block.exp: step at do_block_tests (timeout)
FAIL: gdb.mi/mi0-var-block.exp: step at do_block_tests (timeout)
FAIL: gdb.mi/mi0-var-block.exp: step at do_block_tests (timeout)
FAIL: gdb.mi/mi0-var-block.exp: step at do_block_tests (timeout)
FAIL: gdb.mi/mi0-var-block.exp: step at do_block_tests (timeout)
FAIL: gdb.mi/mi0-var-block.exp: step at do_block_tests (timeout)
FAIL: gdb.mi/mi0-var-child.exp: step at do_children_tests (timeout)
FAIL: gdb.mi/mi0-var-child.exp: step at do_children_tests (timeout)
FAIL: gdb.mi/mi0-var-child.exp: step at do_children_tests (timeout)
FAIL: gdb.mi/mi0-var-child.exp: step at do_children_tests (timeout)
FAIL: gdb.mi/mi0-var-child.exp: step at do_children_tests (timeout)
FAIL: gdb.mi/mi0-var-child.exp: step at do_children_tests (timeout)
FAIL: gdb.mi/mi0-var-child.exp: step at do_children_tests (timeout)
FAIL: gdb.mi/mi0-var-child.exp: step at do_children_tests (timeout)
FAIL: gdb.mi/mi0-var-child.exp: step at do_children_tests (timeout)
FAIL: gdb.mi/mi0-var-child.exp: step at do_children_tests (timeout)
FAIL: gdb.mi/mi0-var-child.exp: step at do_children_tests (timeout)
FAIL: gdb.mi/mi0-var-child.exp: step at do_children_tests (timeout)
FAIL: gdb.mi/mi0-var-child.exp: step at do_children_tests (timeout)
FAIL: gdb.mi/mi0-var-child.exp: step at do_children_tests (timeout)
FAIL: gdb.mi/mi0-var-child.exp: step at do_children_tests (timeout)
FAIL: gdb.mi/mi0-var-child.exp: step at do_children_tests (timeout)
FAIL: gdb.mi/mi0-var-cmd.exp: step at do_locals_test (timeout)
FAIL: gdb.mi/mi0-var-cmd.exp: step at do_locals_tests (2) (timeout)
FAIL: gdb.mi/mi0-var-cmd.exp: step at do_locals_tests (3) (timeout)
FAIL: gdb.mi/mi0-var-cmd.exp: step at do_locals_tests (4) (timeout)
FAIL: gdb.mi/mi0-var-cmd.exp: step at do_locals_tests (5) (timeout)
FAIL: gdb.mi/mi0-var-cmd.exp: step at do_locals_tests (6) (timeout)
FAIL: gdb.mi/mi0-var-cmd.exp: step at do_locals_tests (7) (timeout)
FAIL: gdb.mi/mi0-var-cmd.exp: continue to subroutine1 (timeout)
FAIL: gdb.mi/mi0-var-cmd.exp: step at subroutine1 (timeout)
FAIL: gdb.mi/mi0-var-cmd.exp: step at subroutine1 (2) (timeout)
FAIL: gdb.mi/mi0-var-cmd.exp: step at subroutine1 (3) (timeout)
FAIL: gdb.mi/mi0-var-cmd.exp: next out of subroutine1 (timeout)
FAIL: gdb.mi/mi0-var-display.exp: continue to do_special_tests (timeout)
FAIL: gdb.mi/mi0-var-display.exp: print FP register (timeout)
FAIL: gdb.mi/mi0-var-display.exp: continue to incr_a (timeout)
FAIL: gdb.mi/mi0-watch.exp: watchpoint trigger (timeout 1)
FAIL: gdb.mi/mi0-watch.exp: wp out of scope (timeout 1)
FAIL: gdb.threads/gcore-thread.exp: running to main in runto (timeout)
FAIL: gdb.threads/gcore-thread.exp: thread 1 is running
FAIL: gdb.threads/gcore-thread.exp: thread 2 is running
FAIL: gdb.threads/gcore-thread.exp: save a corefile
FAIL: gdb.threads/gcore-thread.exp: corefile contains at least two threads
FAIL: gdb.threads/gcore-thread.exp: a corefile thread is executing thread2
FAIL: gdb.threads/gcore-thread.exp: thread2 is current thread in corefile
FAIL: gdb.threads/linux-dp.exp: running to main in runto (timeout)
FAIL: gdb.threads/linux-dp.exp: find line number containing "linuxthreads.exp: create philosopher" (timeout)
FAIL: gdb.threads/linux-dp.exp: setting breakpoint at -1 (timeout)
FAIL: gdb.threads/linux-dp.exp: continue to breakpoint: about to create philosopher: 0 (timeout)
FAIL: gdb.threads/linux-dp.exp: (timeout) create philosopher: 0
FAIL: gdb.threads/linux-dp.exp: continue to breakpoint: about to create philosopher: 1 (timeout)
FAIL: gdb.threads/linux-dp.exp: (timeout) create philosopher: 1
FAIL: gdb.threads/linux-dp.exp: continue to breakpoint: about to create philosopher: 2 (timeout)
FAIL: gdb.threads/linux-dp.exp: (timeout) create philosopher: 2
FAIL: gdb.threads/linux-dp.exp: continue to breakpoint: about to create philosopher: 3 (timeout)
FAIL: gdb.threads/linux-dp.exp: (timeout) create philosopher: 3
FAIL: gdb.threads/linux-dp.exp: continue to breakpoint: about to create philosopher: 4 (timeout)
FAIL: gdb.threads/linux-dp.exp: (timeout) create philosopher: 4
FAIL: gdb.threads/linux-dp.exp: find line number containing "linuxthreads.exp: info threads 2" (timeout)
FAIL: gdb.threads/linux-dp.exp: setting breakpoint at -1 (timeout)
FAIL: gdb.threads/linux-dp.exp: continue to breakpoint: main thread's sleep (timeout)
FAIL: gdb.threads/linux-dp.exp: setting breakpoint at print_philosopher thread 5 (timeout)
FAIL: gdb.threads/linux-dp.exp: continue to breakpoint: thread 5's print (timeout)
FAIL: gdb.threads/linux-dp.exp: continue to breakpoint: thread 5's print, pass: 0 (timeout)
FAIL: gdb.threads/linux-dp.exp: thread-specific breakpoint is thread-specific (timeout)
FAIL: gdb.threads/linux-dp.exp: selected thread: 1 (timeout)
FAIL: gdb.threads/linux-dp.exp: philosopher is distinct: 1 (timeout)
FAIL: gdb.threads/linux-dp.exp: selected thread: 2 (timeout)
FAIL: gdb.threads/linux-dp.exp: philosopher is distinct: 2 (timeout)
FAIL: gdb.threads/linux-dp.exp: selected thread: 3 (timeout)
FAIL: gdb.threads/linux-dp.exp: philosopher is distinct: 3 (timeout)
FAIL: gdb.threads/linux-dp.exp: selected thread: 4 (timeout)
FAIL: gdb.threads/linux-dp.exp: philosopher is distinct: 4 (timeout)
FAIL: gdb.threads/linux-dp.exp: selected thread: 5 (timeout)
FAIL: gdb.threads/linux-dp.exp: philosopher is distinct: 5 (timeout)
FAIL: gdb.threads/linux-dp.exp: selected thread: 6 (timeout)
FAIL: gdb.threads/linux-dp.exp: philosopher is distinct: 6 (timeout)
FAIL: gdb.threads/linux-dp.exp: selected thread: 7 (timeout)
FAIL: gdb.threads/linux-dp.exp: philosopher is distinct: 7 (timeout)
FAIL: gdb.threads/linux-dp.exp: found an interesting thread
FAIL: gdb.threads/pthreads.exp: running to main in runto (timeout)
FAIL: gdb.trace/actions.exp: setting tracepoints
FAIL: gdb.trace/backtrace.exp: running to main in runto (timeout)
FAIL: gdb.trace/deltrace.exp: 3.1b: delete all tracepoints (timeout)
FAIL: gdb.trace/deltrace.exp: setting tracepoints
FAIL: gdb.trace/infotrace.exp: setting tracepoints
FAIL: gdb.trace/packetlen.exp: running to main in runto (timeout)
FAIL: gdb.trace/packetlen.exp: setup collect actions
FAIL: gdb.trace/passc-dyn.exp: running to main in runto (timeout)
FAIL: gdb.trace/passcount.exp: setting tracepoints
FAIL: gdb.trace/report.exp: running to main in runto (timeout)
FAIL: gdb.trace/tfind.exp: running to main in runto (timeout)

		=== gdb Summary ===

# of expected passes		2664
# of unexpected failures	1131
# of expected failures		17
# of unresolved testcases	1842
/tmp/egcs/gdb/testsuite/../../gdb/gdb version  2002-04-02-cvs -nx

		=== ld tests ===


Running target unix
FAIL: visibility (hidden) (non PIC)
FAIL: visibility (hidden) (non PIC, load offset)
FAIL: visibility (hidden) (PIC main, non PIC so)
FAIL: visibility (hidden_normal) (non PIC)
FAIL: visibility (hidden_normal) (non PIC, load offset)
FAIL: visibility (hidden_normal) (PIC main, non PIC so)
FAIL: visibility (hidden_undef_def) (non PIC)
FAIL: visibility (hidden_undef_def) (non PIC, load offset)
FAIL: visibility (hidden_undef_def) (PIC main, non PIC so)
FAIL: visibility (hidden_weak) (non PIC)
FAIL: visibility (hidden_weak) (non PIC, load offset)
FAIL: visibility (hidden_weak) (PIC main, non PIC so)
FAIL: visibility (protected) (non PIC)
FAIL: visibility (protected) (non PIC, load offset)
FAIL: visibility (protected) (PIC main, non PIC so)
FAIL: visibility (protected_undef_def) (non PIC)
FAIL: visibility (protected_undef_def) (non PIC, load offset)
FAIL: visibility (protected_undef_def) (PIC main, non PIC so)
FAIL: visibility (protected_weak) (non PIC)
FAIL: visibility (protected_weak) (non PIC, load offset)
FAIL: visibility (protected_weak) (PIC main, non PIC so)
FAIL: visibility (normal) (non PIC)
FAIL: visibility (normal) (non PIC, load offset)
FAIL: visibility (normal) (PIC main, non PIC so)
FAIL: shared (non PIC)
FAIL: shared (non PIC, load offset)
FAIL: shared (PIC main, non PIC so)
FAIL: undefined function

		=== ld Summary ===

# of expected passes		95
# of unexpected failures	28
# of expected failures		16
# of unresolved testcases	3
		=== libjava tests ===


Running target unix
FAIL: Primes -O output from source compiled test
FAIL: Primes -O output from bytecode->native test
FAIL: StringBuffer_1 execution from source compiled test
FAIL: StringBuffer_1 execution from bytecode->native test
FAIL: StringBuffer_1 -O execution from source compiled test
FAIL: StringBuffer_1 -O execution from bytecode->native test
FAIL: TLtest compilation from bytecode
FAIL: TLtest -O compilation from bytecode
FAIL: Mauve build

		=== libjava Summary ===

# of expected passes		1970
# of unexpected failures	9
# of expected failures		18
# of untested testcases		98
		=== libstdc++-v3 tests ===


Running target unix
FAIL: 26_numerics/c99_classification_macros_c.cc (test for excess errors)

		=== libstdc++-v3 Summary ===

# of expected passes		370
# of unexpected failures	1
# of expected failures		25
		=== objc tests ===


Running target unix

		=== objc Summary ===

# of expected passes		1036
# of expected failures		6
/tmp/egcs/gcc/xgcc version 3.1 20020401 (prerelease)


Compiler version: 3.1 20020401 (prerelease) 
Platform: alphaev6-unknown-linux-gnu

BOOT_CFLAGS: -g -O9 -W -Wall

Counting all warnings,
there are 49 warnings in stage3 of this bootstrap.

Number of warnings per file:
     18	gcc/combine.c
     10	gcc/regclass.c
      4	gcc/optabs.c
      3	gcc/gcc.c
      2	gcc/java/javaop.def
      2	gcc/fold-const.c
      1	gcc/reload.c
      1	gcc/profile.c
      1	gcc/objc/lang-specs.h
      1	gcc/libgcc2.c
      1	gcc/java/parse.y
      1	gcc/java/jvspec.c
      1	gcc/java/jcf-write.c
      1	gcc/ggc-page.c
      1	gcc/cppexp.c
      1	gcc/cp/lang-specs.h

Number of warning types:
     32	comparison between signed and unsigned
      5	string length `???' is greater than the length `???' ISO C89 compilers are required to support
      4	signed and unsigned type in conditional expression
      2	operation on `???' may be undefined
      1	traditional C rejects string concatenation
      1	static declaration for `???' follows non-static
      1	pointer targets in passing arg ??? of `???' differ in signedness
      1	`long' switch expression not converted to `int' in ISO C
      1	`???' declared `static' but never defined
      1	??? format, ??? arg (arg ???)


Index Nav: [Date Index] [Subject Index] [Author Index] [Thread Index]
Message Nav: [Date Prev] [Date Next] [Thread Prev] [Thread Next]