This is the mail archive of the gcc-testresults@gcc.gnu.org mailing list for the GCC project.


Index Nav: [Date Index] [Subject Index] [Author Index] [Thread Index]
Message Nav: [Date Prev] [Date Next] [Thread Prev] [Thread Next]
Other format: [Raw text]

Results for 3.1 20020331 (prerelease) testsuite on powerpc-unknown-linux-gnu


Debian GNU/Linux 3.0
Linux 2.4.16-powerpc
binutils Version: 2.12.90.0.1-1
glibc Version: 2.2.5-3

Test results for libjava include the results of the Mauve testsuite
(see http://sources.redhat.com/mauve/)

LAST_UPDATED: Sun Mar 31 23:46:43 UTC 2002

Native configuration is powerpc-unknown-linux-gnu

		=== g++ tests ===


Running target unix

		=== g++ Summary ===

# of expected passes		7122
# of expected failures		86
# of untested testcases		23
# of unsupported tests		3
/home/mark/src/gcc31/obj/gcc/testsuite/../g++ version 3.1 20020331 (prerelease)

		=== gcc tests ===


Running target unix
FAIL: gcc.dg/cpp/charconst.c (test for excess errors)
FAIL: gcc.dg/20020103-1.c scan-assembler-not LC
FAIL: gcc.dg/20020118-1.c execution test
FAIL: gcc.dg/20020312-2.c (test for excess errors)
WARNING: gcc.dg/20020312-2.c compilation failed to produce executable

		=== gcc Summary ===

# of expected passes		18014
# of unexpected failures	4
# of expected failures		62
# of unsupported tests		103
/home/mark/src/gcc31/obj/gcc/xgcc version 3.1 20020331 (prerelease)

		=== libjava tests ===


Running target unix
FAIL: Array_3 execution from source compiled test
FAIL: Array_3 execution from bytecode->native test
FAIL: Array_3 -O execution from source compiled test
FAIL: Array_3 -O execution from bytecode->native test
FAIL: test_long output from bytecode->native test
FAIL: test_long -O output from bytecode->native test
FAIL: gnu.testlet.java.beans.Introspector.jdk11: uncaught exception at "getBeanInfo" number 1: java.awt.AWTError: Cannot load AWT toolkit: gnu.java.awt.peer.gtk.GtkToolkit
FAIL: gnu.testlet.java.io.BufferedByteOutputStream.interrupt: single-byte writes (number 3)
FAIL: gnu.testlet.java.io.BufferedByteOutputStream.interrupt: single-byte writes (number 4)
FAIL: gnu.testlet.java.io.DataInputOutput.ReadReference: readDouble (number 1)
FAIL: Compile gnu/testlet/java/io/File/jdk11.o for gnu.testlet.java.io.File.jdk11
FAIL: Link for gnu.testlet.java.io.ObjectInputOutput.InputTest
FAIL: Link for gnu.testlet.java.io.ObjectInputOutput.OutputTest
FAIL: gnu.testlet.java.io.ObjectStreamClass.Test: getSerialVersionUID (number 1)
FAIL: gnu.testlet.java.io.ObjectStreamClass.Test: getSerialVersionUID (number 2)
FAIL: gnu.testlet.java.io.ObjectStreamClass.Test: getSerialVersionUID (number 3)
FAIL: gnu.testlet.java.io.ObjectStreamClass.Test: getSerialVersionUID (number 5)
XPASS: gnu.testlet.java.io.ObjectStreamClass.Test: getSerialVersionUID (number 7)
FAIL: gnu.testlet.java.io.PipedStream.close (number 1)
FAIL: gnu.testlet.java.lang.Character.classify: isDefined (number 1)
FAIL: gnu.testlet.java.lang.Character.classify: isDefined (number 2)
FAIL: gnu.testlet.java.lang.Character.classify12 (number 1)
FAIL: gnu.testlet.java.lang.Character.getType (number 11)
FAIL: gnu.testlet.java.lang.Character.getType (number 20)
FAIL: gnu.testlet.java.lang.Character.getType (number 22)
FAIL: gnu.testlet.java.lang.Character.unicode: Character 0:<control> incorectly reported as not-defined (number 1)
FAIL: gnu.testlet.java.lang.Character.unicode: Character 1:<control> incorectly reported as not-defined (number 1)
FAIL: gnu.testlet.java.lang.Character.unicode: Character 2:<control> incorectly reported as not-defined (number 1)
FAIL: gnu.testlet.java.lang.Character.unicode: Character 3:<control> incorectly reported as not-defined (number 1)
FAIL: gnu.testlet.java.lang.Character.unicode: Character 4:<control> incorectly reported as not-defined (number 1)
FAIL: gnu.testlet.java.lang.Character.unicode: Character 5:<control> incorectly reported as not-defined (number 1)
FAIL: gnu.testlet.java.lang.Character.unicode: Character 6:<control> incorectly reported as not-defined (number 1)
FAIL: gnu.testlet.java.lang.Character.unicode: Character 7:<control> incorectly reported as not-defined (number 1)
FAIL: gnu.testlet.java.lang.Character.unicode: Character 8:<control> incorectly reported as not-defined (number 1)
FAIL: gnu.testlet.java.lang.Character.unicode: Character 9:<control> incorectly reported as not-defined (number 1)
FAIL: gnu.testlet.java.lang.Character.unicode: Character a:<control> incorectly reported as not-defined (number 1)
FAIL: gnu.testlet.java.lang.Character.unicode: Character b:<control> incorectly reported as not-defined (number 1)
FAIL: gnu.testlet.java.lang.Character.unicode: Character c:<control> incorectly reported as not-defined (number 1)
FAIL: gnu.testlet.java.lang.Character.unicode: Character d:<control> incorectly reported as not-defined (number 1)
FAIL: gnu.testlet.java.lang.Character.unicode: Character e:<control> incorectly reported as not-defined (number 1)
FAIL: gnu.testlet.java.lang.Character.unicode: Character f:<control> incorectly reported as not-defined (number 1)
FAIL: gnu.testlet.java.lang.Character.unicode: Character 10:<control> incorectly reported as not-defined (number 1)
FAIL: gnu.testlet.java.lang.Character.unicode: Character 11:<control> incorectly reported as not-defined (number 1)
FAIL: gnu.testlet.java.lang.Character.unicode: Character 12:<control> incorectly reported as not-defined (number 1)
FAIL: gnu.testlet.java.lang.Character.unicode: Character 13:<control> incorectly reported as not-defined (number 1)
FAIL: gnu.testlet.java.lang.Character.unicode: Character 14:<control> incorectly reported as not-defined (number 1)
FAIL: gnu.testlet.java.lang.Character.unicode: Character 15:<control> incorectly reported as not-defined (number 1)
FAIL: gnu.testlet.java.lang.Character.unicode: Character 16:<control> incorectly reported as not-defined (number 1)
FAIL: gnu.testlet.java.lang.Character.unicode: Character 17:<control> incorectly reported as not-defined (number 1)
FAIL: gnu.testlet.java.lang.Character.unicode: Character 18:<control> incorectly reported as not-defined (number 1)
FAIL: gnu.testlet.java.lang.Character.unicode: Character 19:<control> incorectly reported as not-defined (number 1)
FAIL: gnu.testlet.java.lang.Character.unicode: Character 1a:<control> incorectly reported as not-defined (number 1)
FAIL: gnu.testlet.java.lang.Character.unicode: Character 1b:<control> incorectly reported as not-defined (number 1)
FAIL: gnu.testlet.java.lang.Character.unicode: Character 1c:<control> incorectly reported as not-defined (number 1)
FAIL: gnu.testlet.java.lang.Character.unicode: Character 1d:<control> incorectly reported as not-defined (number 1)
FAIL: gnu.testlet.java.lang.Character.unicode: Character 1e:<control> incorectly reported as not-defined (number 1)
FAIL: gnu.testlet.java.lang.Character.unicode: Character 1f:<control> incorectly reported as not-defined (number 1)
FAIL: gnu.testlet.java.lang.Character.unicode: Character 20:SPACE incorectly reported as not-defined (number 1)
FAIL: gnu.testlet.java.lang.Character.unicode: Character 21:EXCLAMATION MARK incorectly reported as not-defined (number 1)
FAIL: gnu.testlet.java.lang.Character.unicode: Character 22:QUOTATION MARK incorectly reported as not-defined (number 1)
FAIL: gnu.testlet.java.lang.Character.unicode: Character 23:NUMBER SIGN incorectly reported as not-defined (number 1)
FAIL: gnu.testlet.java.lang.Character.unicode: Character 24:DOLLAR SIGN incorectly reported as not-defined (number 1)
FAIL: gnu.testlet.java.lang.Character.unicode: Character 25:PERCENT SIGN incorectly reported as not-defined (number 1)
FAIL: gnu.testlet.java.lang.Character.unicode: Character 26:AMPERSAND incorectly reported as not-defined (number 1)
FAIL: gnu.testlet.java.lang.Character.unicode: Character 27:APOSTROPHE incorectly reported as not-defined (number 1)
FAIL: gnu.testlet.java.lang.Character.unicode: Character 28:LEFT PARENTHESIS incorectly reported as not-defined (number 1)
FAIL: gnu.testlet.java.lang.Character.unicode: Character 29:RIGHT PARENTHESIS incorectly reported as not-defined (number 1)
FAIL: gnu.testlet.java.lang.Character.unicode: Character 2a:ASTERISK incorectly reported as not-defined (number 1)
FAIL: gnu.testlet.java.lang.Character.unicode: Character 2b:PLUS SIGN incorectly reported as not-defined (number 1)
FAIL: gnu.testlet.java.lang.Character.unicode: Character 2c:COMMA incorectly reported as not-defined (number 1)
FAIL: gnu.testlet.java.lang.Character.unicode: Character 2d:HYPHEN-MINUS incorectly reported as not-defined (number 1)
FAIL: gnu.testlet.java.lang.Character.unicode: Character 2e:FULL STOP incorectly reported as not-defined (number 1)
FAIL: gnu.testlet.java.lang.Character.unicode: Character 2f:SOLIDUS incorectly reported as not-defined (number 1)
FAIL: gnu.testlet.java.lang.Character.unicode: Character 30:DIGIT ZERO incorectly reported as not-defined (number 1)
FAIL: gnu.testlet.java.lang.Character.unicode: Character 31:DIGIT ONE incorectly reported as not-defined (number 1)
FAIL: gnu.testlet.java.lang.Character.unicode: Character 32:DIGIT TWO incorectly reported as not-defined (number 1)
FAIL: gnu.testlet.java.lang.Character.unicode: Character 33:DIGIT THREE incorectly reported as not-defined (number 1)
FAIL: gnu.testlet.java.lang.Character.unicode: Character 34:DIGIT FOUR incorectly reported as not-defined (number 1)
FAIL: gnu.testlet.java.lang.Character.unicode: Character 35:DIGIT FIVE incorectly reported as not-defined (number 1)
FAIL: gnu.testlet.java.lang.Character.unicode: Character 36:DIGIT SIX incorectly reported as not-defined (number 1)
FAIL: gnu.testlet.java.lang.Character.unicode: Character 37:DIGIT SEVEN incorectly reported as not-defined (number 1)
FAIL: gnu.testlet.java.lang.Character.unicode: Character 38:DIGIT EIGHT incorectly reported as not-defined (number 1)
FAIL: gnu.testlet.java.lang.Character.unicode: Character 39:DIGIT NINE incorectly reported as not-defined (number 1)
FAIL: gnu.testlet.java.lang.Character.unicode: Character 3a:COLON incorectly reported as not-defined (number 1)
FAIL: gnu.testlet.java.lang.Character.unicode: Character 3b:SEMICOLON incorectly reported as not-defined (number 1)
FAIL: gnu.testlet.java.lang.Character.unicode: Character 3c:LESS-THAN SIGN incorectly reported as not-defined (number 1)
FAIL: gnu.testlet.java.lang.Character.unicode: Character 3d:EQUALS SIGN incorectly reported as not-defined (number 1)
FAIL: gnu.testlet.java.lang.Character.unicode: Character 3e:GREATER-THAN SIGN incorectly reported as not-defined (number 1)
FAIL: gnu.testlet.java.lang.Character.unicode: Character 3f:QUESTION MARK incorectly reported as not-defined (number 1)
FAIL: gnu.testlet.java.lang.Character.unicode: Character 40:COMMERCIAL AT incorectly reported as not-defined (number 1)
FAIL: gnu.testlet.java.lang.Character.unicode: Character 41:LATIN CAPITAL LETTER A incorectly reported as not-defined (number 1)
FAIL: gnu.testlet.java.lang.Character.unicode: Character 42:LATIN CAPITAL LETTER B incorectly reported as not-defined (number 1)
FAIL: gnu.testlet.java.lang.Character.unicode: Character 43:LATIN CAPITAL LETTER C incorectly reported as not-defined (number 1)
FAIL: gnu.testlet.java.lang.Character.unicode: Character 44:LATIN CAPITAL LETTER D incorectly reported as not-defined (number 1)
FAIL: gnu.testlet.java.lang.Character.unicode: Character 45:LATIN CAPITAL LETTER E incorectly reported as not-defined (number 1)
FAIL: gnu.testlet.java.lang.Character.unicode: Character 46:LATIN CAPITAL LETTER F incorectly reported as not-defined (number 1)
FAIL: gnu.testlet.java.lang.Character.unicode: Character 47:LATIN CAPITAL LETTER G incorectly reported as not-defined (number 1)
FAIL: gnu.testlet.java.lang.Character.unicode: Character 48:LATIN CAPITAL LETTER H incorectly reported as not-defined (number 1)
FAIL: gnu.testlet.java.lang.Character.unicode: Character 49:LATIN CAPITAL LETTER I incorectly reported as not-defined (number 1)
FAIL: gnu.testlet.java.lang.Character.unicode: Character 4a:LATIN CAPITAL LETTER J incorectly reported as not-defined (number 1)
FAIL: gnu.testlet.java.lang.Character.unicode: Character 4b:LATIN CAPITAL LETTER K incorectly reported as not-defined (number 1)
FAIL: gnu.testlet.java.lang.Character.unicode: Character 4c:LATIN CAPITAL LETTER L incorectly reported as not-defined (number 1)
FAIL: gnu.testlet.java.lang.Character.unicode: Character 4d:LATIN CAPITAL LETTER M incorectly reported as not-defined (number 1)
FAIL: gnu.testlet.java.lang.Character.unicode: Character 4e:LATIN CAPITAL LETTER N incorectly reported as not-defined (number 1)
FAIL: gnu.testlet.java.lang.Character.unicode: Character 4f:LATIN CAPITAL LETTER O incorectly reported as not-defined (number 1)
FAIL: gnu.testlet.java.lang.Class.ClassTest: Error: test_getClassLoader failed - 1 (number 1)
FAIL: gnu.testlet.java.lang.Class.ClassTest: Error: test_getClassLoader failed - 2 (number 1)
FAIL: gnu.testlet.java.lang.Double.DoubleTest: Error: test_Basics failed - 1b (number 1)
FAIL: gnu.testlet.java.lang.Double.DoubleTest: Error: test_Basics failed - 4 (number 1)
FAIL: gnu.testlet.java.lang.Double.DoubleTest: Error: test_remainder failed 2 (number 1)
FAIL: gnu.testlet.java.lang.Double.DoubleTest: Error: test_remainder failed 10 (number 1)
FAIL: gnu.testlet.java.lang.Double.DoubleTest: Error: test_toString failed - 2 (number 1)
FAIL: gnu.testlet.java.lang.Double.DoubleTest: Error: test_toString failed - 8 (number 1)
FAIL: gnu.testlet.java.lang.Double.DoubleTest: Error: test_toString failed - 10 (number 1)
FAIL: gnu.testlet.java.lang.Double.DoubleTest: Error: test_equals failed CYGNUS: Double.equals - 8 (number 1)
FAIL: gnu.testlet.java.lang.Double.DoubleTest: Error: test_intValue returned wrong results CYGNUS: Float to int conversions - 1 (number 1)
FAIL: gnu.testlet.java.lang.Double.DoubleTest: Error: test_longValue returned wrong results CYGNUS: Float to int conversions - 1 (number 1)
XPASS: gnu.testlet.java.lang.Double.DoubleTest: Error: test_shortbyteValue failed - 5 (number 1)
FAIL: gnu.testlet.java.lang.Double.DoubleTest: Error: test_doubleToLongBits returned wrong results - 1 (number 1)
FAIL: gnu.testlet.java.lang.Double.DoubleTest: Error: test_doubleToLongBits returned wrong results - 2 (number 1)
FAIL: gnu.testlet.java.lang.Double.DoubleTest: Error: test_doubleToLongBits CYGNUS: NaN.doubleToLongBits (number 1)
FAIL: gnu.testlet.java.lang.Double.DoubleTest: Error: test_doubleToLongBits returned wrong results - 8 (number 1)
FAIL: gnu.testlet.java.lang.Double.DoubleTest: Error: test_longBitsToDouble returned wrong results - 1 (number 1)
FAIL: gnu.testlet.java.lang.Double.DoubleTest: Error: test_longBitsToDouble returned wrong results - 2 (number 1)
FAIL: gnu.testlet.java.lang.Double.DoubleTest: Error: test_longBitsToDouble returned wrong results - 3 (number 1)
FAIL: gnu.testlet.java.lang.Double.DoubleTest: Error: test_longBitsToDouble returned wrong results - 4 (number 1)
FAIL: gnu.testlet.java.lang.Double.new_Double (number 6)
FAIL: gnu.testlet.java.lang.Double.new_Double (number 7)
FAIL: gnu.testlet.java.lang.Float.FloatTest: Error: test_Basics failed - 3 (number 1)
FAIL: gnu.testlet.java.lang.Float.FloatTest: Error: test_Basics failed - 4 (number 1)
FAIL: gnu.testlet.java.lang.Float.FloatTest: Error: test_toString failed - 8 (number 1)
FAIL: gnu.testlet.java.lang.Float.FloatTest: Error: test_equals failed - 8 (number 1)
FAIL: gnu.testlet.java.lang.Float.FloatTest: Error: test_intValue returned wrong results - 1 (number 1)
FAIL: gnu.testlet.java.lang.Float.FloatTest: Error: test_floatValue returned wrong results - 2 (number 1)
XPASS: gnu.testlet.java.lang.Float.FloatTest: Error: test_shortbyteValue failed - 5 (number 1)
FAIL: gnu.testlet.java.lang.Float.FloatTest: uncaught exception at "Error: test_shortbyteValue failed - 6" number 2: java.lang.NumberFormatException
FAIL: gnu.testlet.java.lang.Integer.IntegerTest: Error: test_Basics failed - 1 (number 1)
FAIL: Link for gnu.testlet.java.lang.Integer.getInteger
FAIL: gnu.testlet.java.lang.Integer.new_Integer: decode (number 6)
FAIL: gnu.testlet.java.lang.Integer.new_Integer: uncaught exception at "decode" number 11: java.lang.NumberFormatException
FAIL: gnu.testlet.java.lang.Long.LongTest: Error: test_Basics failed - 1 (number 1)
FAIL: gnu.testlet.java.lang.Long.LongTest: Error: test_parseLong returned wrong results - 8 (number 1)
FAIL: gnu.testlet.java.lang.Long.LongTest: Error: test_parseLong returned wrong results - 12 (number 1)
FAIL: gnu.testlet.java.lang.Long.LongTest: uncaught exception at "Error: test_valueOf returned wrong results - 2" number 2: java.lang.NullPointerException
FAIL: gnu.testlet.java.lang.Long.getLong: uncaught exception at  number 1: java.lang.NullPointerException
FAIL: gnu.testlet.java.lang.Long.new_Long (number 1)
FAIL: gnu.testlet.java.lang.Long.new_Long (number 6)
FAIL: gnu.testlet.java.lang.Long.new_Long (number 7)
FAIL: gnu.testlet.java.lang.Long.new_Long (number 8)
FAIL: gnu.testlet.java.lang.Long.new_Long (number 9)
FAIL: gnu.testlet.java.lang.Long.new_Long (number 18)
FAIL: gnu.testlet.java.lang.Long.new_Long (number 22)
FAIL: gnu.testlet.java.lang.Long.new_Long (number 26)
FAIL: gnu.testlet.java.lang.Long.new_Long (number 35)
FAIL: gnu.testlet.java.lang.Long.new_Long: toBinaryString (number 5)
FAIL: gnu.testlet.java.lang.Long.new_Long: toBinaryString (number 6)
FAIL: gnu.testlet.java.lang.Long.new_Long: toBinaryString (number 7)
FAIL: gnu.testlet.java.lang.Long.new_Long: toOctalString (number 5)
FAIL: gnu.testlet.java.lang.Long.new_Long: toOctalString (number 6)
FAIL: gnu.testlet.java.lang.Long.new_Long: toOctalString (number 7)
FAIL: gnu.testlet.java.lang.Long.new_Long: toHexString (number 5)
FAIL: gnu.testlet.java.lang.Long.new_Long: toHexString (number 6)
FAIL: gnu.testlet.java.lang.Long.new_Long: toHexString (number 7)
FAIL: gnu.testlet.java.lang.Long.new_Long: parseLong (number 6)
FAIL: gnu.testlet.java.lang.Long.new_Long: parseLong (number 8)
FAIL: gnu.testlet.java.lang.Long.new_Long: parseLong (number 10)
FAIL: gnu.testlet.java.lang.String.CASE_INSENSITIVE_ORDER: unicode mappings (number 1)
FAIL: gnu.testlet.java.lang.String.CASE_INSENSITIVE_ORDER: unicode mappings (number 2)
FAIL: gnu.testlet.java.lang.StringBuffer.plus (number 1)
FAIL: gnu.testlet.java.lang.StringBuffer.plus (number 6)
FAIL: gnu.testlet.java.lang.ref.PhantomReference.phantom: unreachable (number 1)
FAIL: gnu.testlet.java.lang.ref.PhantomReference.phantom: object finalized (number 1)
FAIL: gnu.testlet.java.lang.ref.WeakReference.weakref: unreachable (number 1)
FAIL: gnu.testlet.java.lang.ref.WeakReference.weakref: contents of weak reference (number 1)
WARNING: program timed out.
FAIL: gnu.testlet.java.lang.reflect.Method.invoke: takes_int (number 7)
FAIL: gnu.testlet.java.lang.reflect.Modifier.toString12 (number 1)
FAIL: gnu.testlet.java.lang.reflect.Modifier.toString12 (number 2)
FAIL: gnu.testlet.java.net.DatagramSocket.DatagramSocketTest: Error : test_echoWithTimeout failed - 5 Exception occured while sending/receiving  (number 1)
FAIL: gnu.testlet.java.net.DatagramSocket.DatagramSocketTest2: uncaught exception at "invalid_receive_data" number 4: java.lang.IllegalArgumentException: Invalid length: -1
FAIL: gnu.testlet.java.net.InetAddress.InetAddressTest: Error : test_Basics failed - 8 the address array should of length 1 (number 1)
FAIL: gnu.testlet.java.net.InetAddress.InetAddressTest: Error : test_Basics failed - 10  Should not throw UnknownHostException here  (number 1)
FAIL: gnu.testlet.java.net.InetAddress.InetAddressTest: uncaught exception at "Error : test_Basics failed - 10  Should not throw UnknownHostException here " number 2: java.lang.NullPointerException
FAIL: gnu.testlet.java.net.ServerSocket.ServerSocketTest: Error : test_params failed - 4toString did not return proper values  (number 1)
FAIL: gnu.testlet.java.net.Socket.SocketTest: Error : test_Basics failed - 7 exception should not have been thrown here (number 1)
FAIL: gnu.testlet.java.net.Socket.SocketTest: Error : test_params failed - 10 exception was thrown (number 1)
FAIL: gnu.testlet.java.net.Socket.SocketTest: Error : test_BasicServer failed - 7 len returned is not correct.  1 (number 1)
FAIL: gnu.testlet.java.net.URL.URLTest: openConnection (number 1)
FAIL: gnu.testlet.java.net.URL.URLTest: openConnection (number 2)
FAIL: gnu.testlet.java.net.URL.URLTest: new URL(string) (number 16)
FAIL: gnu.testlet.java.net.URL.URLTest: new URL(string) (number 18)
FAIL: gnu.testlet.java.net.URLConnection.URLConnectionTest: Error in test_getContentFunctions  - 1  content type was not correct  (number 1)
FAIL: gnu.testlet.java.net.URLConnection.URLConnectionTest: Error in test_getContentFunctions  - 3 size  was not correct  (number 1)
FAIL: gnu.testlet.java.net.URLConnection.URLConnectionTest: Error in test_getContentFunctions  - 4 getContent did not return proper results  (number 1)
FAIL: gnu.testlet.java.net.URLConnection.URLConnectionTest: Error in test_getHeaderField  - 0  0 header field wrong (number 1)
FAIL: gnu.testlet.java.net.URLConnection.URLConnectionTest: Error in test_getHeaderField  - 1  2 header field wrong (number 1)
FAIL: gnu.testlet.java.net.URLConnection.URLConnectionTest: Error in test_getHeaderField  - 2  4 header field wrong (number 1)
FAIL: gnu.testlet.java.net.URLConnection.URLConnectionTest: Error in test_getHeaderField  - 3  5 header field wrong (number 1)
FAIL: gnu.testlet.java.net.URLConnection.URLConnectionTest: Error in test_getHeaderField  - 4  0 headerkey  field wrong (number 1)
FAIL: gnu.testlet.java.net.URLConnection.URLConnectionTest: Error in test_getHeaderField  - 7  3 headerkey field wrong (number 1)
FAIL: gnu.testlet.java.net.URLConnection.URLConnectionTest: Error in test_getHeaderField  - 8  4 headerkey field wrong (number 1)
FAIL: gnu.testlet.java.net.URLConnection.URLConnectionTest: Error in test_URLConnection  - 23  should not have raised  exception here  (number 1)
FAIL: gnu.testlet.java.net.URLConnection.URLConnectionTest: Error in test_HttpURLConnectionI - 1  should not have raised  Throwable here  (number 1)
FAIL: gnu.testlet.java.text.DateFormatSymbols.Test: invalid locale (number 1)
FAIL: gnu.testlet.java.text.SimpleDateFormat.regress: CDT (number 1)
FAIL: gnu.testlet.java.text.SimpleDateFormat.regress: EDT (number 1)
FAIL: gnu.testlet.java.text.SimpleDateFormat.regress: EST (number 1)
FAIL: gnu.testlet.java.text.SimpleDateFormat.regress: PDT (number 1)
FAIL: gnu.testlet.java.util.Arrays.sort (number 1)
FAIL: gnu.testlet.java.util.Arrays.sort (number 2)
FAIL: gnu.testlet.java.util.Arrays.sort (number 3)
FAIL: gnu.testlet.java.util.Arrays.sort (number 4)
FAIL: gnu.testlet.java.util.Arrays.sort (number 5)
FAIL: gnu.testlet.java.util.Arrays.sort (number 6)
FAIL: gnu.testlet.java.util.Arrays.sort (number 7)
FAIL: gnu.testlet.java.util.Arrays.sort (number 8)
FAIL: gnu.testlet.java.util.Arrays.sort (number 9)
FAIL: gnu.testlet.java.util.Arrays.sort (number 10)
FAIL: gnu.testlet.java.util.BitSet.jdk10: uncaught exception at "NegativeSize" number 1: java.lang.OutOfMemoryError
FAIL: gnu.testlet.java.util.ResourceBundle.getBundle: with locale of Canada (number 4)
FAIL: gnu.testlet.java.util.ResourceBundle.getBundle: with locale of Canada (number 5)
FAIL: gnu.testlet.java.util.ResourceBundle.getBundle: with locale of France (number 4)
FAIL: gnu.testlet.java.util.ResourceBundle.getBundle: book sample (number 2)
FAIL: gnu.testlet.java.util.ResourceBundle.getBundle: book sample (number 5)
FAIL: gnu.testlet.java.util.ResourceBundle.getBundle: book sample (number 6)
FAIL: gnu.testlet.java.util.ResourceBundle.getBundle: book sample (number 7)

		=== libjava Summary ===

# of expected passes		8832
# of unexpected failures	222
# of unexpected successes	3
# of expected failures		37
# of untested testcases		18
		=== libstdc++-v3 tests ===


Running target unix
FAIL: 26_numerics/c99_classification_macros_c.cc (test for excess errors)
FAIL: 26_numerics/complex_value.cc (test for excess errors)
WARNING: 26_numerics/complex_value.cc compilation failed to produce executable
FAIL: 26_numerics/valarray.cc (test for excess errors)
WARNING: 26_numerics/valarray.cc compilation failed to produce executable
FAIL: 27_io/ostream_inserter_arith.cc (test for excess errors)
WARNING: 27_io/ostream_inserter_arith.cc compilation failed to produce executable
WARNING: program timed out.
FAIL: thread/pthread4.cc execution test

		=== libstdc++-v3 Summary ===

# of expected passes		363
# of unexpected failures	5
# of expected failures		25

Compiler version: 3.1 20020331 (prerelease) 
Platform: powerpc-unknown-linux-gnu
configure flags: --host=powerpc-unknown-linux-gnu --enable-threads --enable-languages=c++,java --disable-multilib --prefix=/usr/local/gcc31


Index Nav: [Date Index] [Subject Index] [Author Index] [Thread Index]
Message Nav: [Date Prev] [Date Next] [Thread Prev] [Thread Next]