This is the mail archive of the
gcc-testresults@gcc.gnu.org
mailing list for the GCC project.
Results for 3.1 20020325(prerelease) testsuite on armv5l-unknown-linux-gnu
- From: jeroen dobbelaere <jeroen dot dobbelaere at acunia dot com>
- To: gcc-testresults at gcc dot gnu dot org
- Date: Tue, 26 Mar 2002 15:22:31 +0100
- Subject: Results for 3.1 20020325(prerelease) testsuite on armv5l-unknown-linux-gnu
- Organization: ACUNIA
kernel : 2.4.16-rmk1-xng1,
binutils-2.11.92.0.12.3 (+xscale patch)
glibc-2.2.5 + arm patch
This is the 3.1 cvs tree with following small patch :
<http://gcc.gnu.org/ml/gcc-patches/2002-03/msg00575.html>
to ensure proper libstdc++ handling.
LAST_UPDATED: Mon Mar 25 09:32:09 UTC 2002
Native configuration is armv5l-unknown-linux-gnu
=== libjava tests ===
Running target unix
FAIL: InvokeReturn output from source compiled test
FAIL: InvokeReturn output from bytecode->native test
FAIL: InvokeReturn -O output from source compiled test
FAIL: InvokeReturn -O output from bytecode->native test
=== libjava Summary ===
# of expected passes 2043
# of unexpected failures 4
# of expected failures 18
# of untested testcases 14
=== libstdc++-v3 tests ===
Running target unix
FAIL: 18_support/numeric_limits.cc execution test
FAIL: 26_numerics/c99_classification_macros_c.cc (test for excess errors)
=== libstdc++-v3 Summary ===
# of expected passes 357
# of unexpected failures 2
# of expected failures 25
=== g++ tests ===
Running target unix
XPASS: g++.ext/instantiate2.C (test for excess errors)
XPASS: g++.ext/instantiate3.C (test for excess errors)
=== g++ Summary ===
# of expected passes 7102
# of unexpected successes 2
# of expected failures 86
# of untested testcases 23
# of unsupported tests 3
/usr/src/build/tmp/build-3.1.0-pre20020325/gcc/testsuite/../g++ version 3.1 20020325 (prerelease)
=== g77 tests ===
Running target unix
=== g77 Summary ===
# of expected passes 1452
# of unsupported tests 8
/usr/src/build/tmp/build-3.1.0-pre20020325/gcc/testsuite/../g77 version 3.1 20020325 (prerelease)
=== gcc tests ===
Running target unix
FAIL: gcc.c-torture/execute/20000808-1.c execution, -O2
FAIL: gcc.c-torture/execute/20000808-1.c execution, -Os
FAIL: gcc.c-torture/execute/961122-1.c compilation, -O3 -fomit-frame-pointer
UNRESOLVED: gcc.c-torture/execute/961122-1.c execution, -O3 -fomit-frame-pointer
FAIL: gcc.c-torture/execute/961122-1.c compilation, -O3 -g
UNRESOLVED: gcc.c-torture/execute/961122-1.c execution, -O3 -g
FAIL: gcc.c-torture/execute/990208-1.c execution, -O3 -fomit-frame-pointer
FAIL: gcc.c-torture/execute/990208-1.c execution, -O3 -g
FAIL: gcc.dg/pack-test-1.c (test for excess errors)
FAIL: gcc.dg/pack-test-2.c (test for errors, line 7)
FAIL: gcc.dg/pack-test-2.c (test for errors, line 14)
FAIL: gcc.dg/pack-test-2.c (test for errors, line 19)
FAIL: gcc.dg/pack-test-2.c (test for excess errors)
FAIL: gcc.dg/format/xopen-1.c multiple use of scanf argument (test for warnings, line 124)
FAIL: gcc.dg/format/xopen-1.c (test for excess errors)
FAIL: gcc.misc-tests/gcov-4b.c gcov: 309: expected branch percentages not found: 25
=== gcc Summary ===
# of expected passes 17947
# of unexpected failures 14
# of expected failures 62
# of unresolved testcases 2
# of unsupported tests 110
/usr/src/build/tmp/build-3.1.0-pre20020325/gcc/xgcc version 3.1 20020325 (prerelease)
=== objc tests ===
Running target unix
=== objc Summary ===
# of expected passes 1036
# of expected failures 6
/usr/src/build/tmp/build-3.1.0-pre20020325/gcc/xgcc version 3.1 20020325 (prerelease)
Compiler version: 3.1 20020325(prerelease)
Platform: armv5l-unknown-linux-gnu
configure flags: --host=armv5l-unknown-linux-gnu --prefix=/tmp/gcc310pre --with-cpu=xscale
--
Jeroen Dobbelaere
Embedded Software Engineer
ACUNIA Embedded Solutions
http://www.acunia.com/aes