This is the mail archive of the
gcc-testresults@gcc.gnu.org
mailing list for the GCC project.
Results for 3.2 20020325 (experimental) testsuite on i686-pc-linux-gnu
- From: Michael Ritzert <michael dot ritzert at realtech dot de>
- To: gcc-testresults at gcc dot gnu dot org
- Date: Tue, 26 Mar 2002 06:03:34 +0100
- Subject: Results for 3.2 20020325 (experimental) testsuite on i686-pc-linux-gnu
LAST_UPDATED: Mon Mar 25 21:35:57 UTC 2002
Native configuration is i686-pc-linux-gnu
=== g++ tests ===
Running target unix
XPASS: g++.dg/inherit/namespace-as-base.C (test for errors, line 8)
FAIL: g++.dg/inherit/template-as-base.C (test for excess errors)
XPASS: g++.ext/instantiate2.C (test for excess errors)
XPASS: g++.ext/instantiate3.C (test for excess errors)
FAIL: g++.warn/impint.C (test for excess errors)
=== g++ Summary ===
# of expected passes 7134
# of unexpected failures 2
# of unexpected successes 3
# of expected failures 85
# of untested testcases 9
# of unsupported tests 3
/opt/gcc3/obj.gcc/gcc/testsuite/../g++ version 3.2 20020325 (experimental)
=== g77 tests ===
Running target unix
=== g77 Summary ===
# of expected passes 1614
/opt/gcc3/obj.gcc/gcc/testsuite/../g77 version 3.2 20020325 (experimental)
=== gcc tests ===
Running target unix
FAIL: gcc.c-torture/execute/20011223-1.c execution, -O2
FAIL: gcc.c-torture/execute/20011223-1.c execution, -O3 -fomit-frame-pointer
FAIL: gcc.c-torture/execute/20011223-1.c execution, -O3 -g
FAIL: gcc.c-torture/execute/20011223-1.c execution, -Os
=== gcc Summary ===
# of expected passes 18240
# of unexpected failures 4
# of expected failures 66
# of unsupported tests 43
/opt/gcc3/obj.gcc/gcc/xgcc version 3.2 20020325 (experimental)
=== objc tests ===
Running target unix
=== objc Summary ===
# of expected passes 1036
# of expected failures 6
/opt/gcc3/obj.gcc/gcc/xgcc version 3.2 20020325 (experimental)
=== libjava tests ===
Running target unix
FAIL: Thread_Interrupt output from source compiled test
=== libjava Summary ===
# of expected passes 2046
# of unexpected failures 1
# of expected failures 18
# of untested testcases 14
=== libstdc++-v3 tests ===
Running target unix
XPASS: 22_locale/time_put_members_char.cc execution test
XPASS: 22_locale/time_put_members_wchar_t.cc execution test
FAIL: 26_numerics/c99_classification_macros_c.cc (test for excess errors)
=== libstdc++-v3 Summary ===
# of expected passes 370
# of unexpected failures 1
# of unexpected successes 2
# of expected failures 23
Compiler version: 3.2 20020325 (experimental)
Platform: i686-pc-linux-gnu
configure flags: --host=i686-pc-linux-gnu --prefix=/opt/gcc-3.2 --enable-threads