This is the mail archive of the
gcc-testresults@gcc.gnu.org
mailing list for the GCC project.
Results for 3.1 20020320 (prerelease) testsuite on powerpc-unknown-linux-gnu
- From: Mark Mitchell <mmitchel at entropy dot crashing dot org>
- To: gcc-testresults at gcc dot gnu dot org
- Date: Fri, 22 Mar 2002 00:55:01 -0700
- Subject: Results for 3.1 20020320 (prerelease) testsuite on powerpc-unknown-linux-gnu
LAST_UPDATED: Wed Mar 20 02:41:03 UTC 2002
Native configuration is powerpc-unknown-linux-gnu
=== g++ tests ===
Running target unix
XPASS: g++.ext/instantiate2.C (test for excess errors)
XPASS: g++.ext/instantiate3.C (test for excess errors)
=== g++ Summary ===
# of expected passes 7075
# of unexpected successes 2
# of expected failures 86
# of untested testcases 23
# of unsupported tests 1
/usr/local/mirror/mmitchel/gcc_auto_build/gcc/powerpc-unknown-linux-gnu/gcc/testsuite/../g++ version 3.1 20020320 (prerelease)
=== g77 tests ===
Running target unix
FAIL: g77.f-torture/execute/f90-intrinsic-numeric.f execution, -O1
FAIL: g77.f-torture/execute/f90-intrinsic-numeric.f execution, -O2
FAIL: g77.f-torture/execute/f90-intrinsic-numeric.f execution, -O3 -fomit-frame-pointer
FAIL: g77.f-torture/execute/f90-intrinsic-numeric.f execution, -O3 -g
FAIL: g77.f-torture/execute/f90-intrinsic-numeric.f execution, -Os
=== g77 Summary ===
# of expected passes 1447
# of unexpected failures 5
# of unsupported tests 8
/usr/local/mirror/mmitchel/gcc_auto_build/gcc/powerpc-unknown-linux-gnu/gcc/testsuite/../g77 version 3.1 20020320 (prerelease)
=== gcc tests ===
Running target unix
FAIL: gcc.c-torture/execute/va-arg-22.c execution, -O0
FAIL: gcc.c-torture/execute/va-arg-22.c execution, -O1
FAIL: gcc.c-torture/execute/va-arg-22.c execution, -O2
FAIL: gcc.c-torture/execute/va-arg-22.c execution, -O3 -fomit-frame-pointer
FAIL: gcc.c-torture/execute/va-arg-22.c execution, -O3 -fomit-frame-pointer -funroll-loops
FAIL: gcc.c-torture/execute/va-arg-22.c execution, -O3 -fomit-frame-pointer -funroll-all-loops -finline-functions
FAIL: gcc.c-torture/execute/va-arg-22.c execution, -O3 -g
FAIL: gcc.c-torture/execute/va-arg-22.c execution, -Os
FAIL: gcc.dg/cpp/charconst.c (test for excess errors)
FAIL: gcc.dg/20020103-1.c scan-assembler-not LC
FAIL: gcc.dg/20020118-1.c execution test
FAIL: gcc.dg/20020312-2.c (test for excess errors)
WARNING: gcc.dg/20020312-2.c compilation failed to produce executable
=== gcc Summary ===
# of expected passes 17935
# of unexpected failures 12
# of expected failures 62
# of unsupported tests 95
/usr/local/mirror/mmitchel/gcc_auto_build/gcc/powerpc-unknown-linux-gnu/gcc/xgcc version 3.1 20020320 (prerelease)
=== objc tests ===
Running target unix
FAIL: objc/execute/formal_protocol-6.m execution, -O0
FAIL: objc/execute/formal_protocol-6.m execution, -O1
FAIL: objc/execute/formal_protocol-6.m execution, -O2
FAIL: objc/execute/formal_protocol-6.m execution, -O3 -fomit-frame-pointer
FAIL: objc/execute/formal_protocol-6.m execution, -O3 -g
FAIL: objc/execute/formal_protocol-6.m execution, -Os
=== objc Summary ===
# of expected passes 1036
# of unexpected failures 6
/usr/local/mirror/mmitchel/gcc_auto_build/gcc/powerpc-unknown-linux-gnu/gcc/xgcc version 3.1 20020320 (prerelease)
=== libjava tests ===
Running target unix
FAIL: test_long output from bytecode->native test
FAIL: test_long -O output from bytecode->native test
FAIL: Array_3 execution from source compiled test
FAIL: Array_3 execution from bytecode->native test
FAIL: Array_3 -O execution from source compiled test
FAIL: Array_3 -O execution from bytecode->native test
FAIL: TLtest compilation from bytecode
FAIL: TLtest -O compilation from bytecode
=== libjava Summary ===
# of expected passes 1949
# of unexpected failures 8
# of expected failures 18
# of untested testcases 98
=== libstdc++-v3 tests ===
Running target unix
FAIL: 22_locale/codecvt_members_unicode_char.cc execution test
FAIL: 22_locale/codecvt_members_unicode_wchar_t.cc execution test
XPASS: 22_locale/collate_byname.cc execution test
XPASS: 22_locale/collate_members_char.cc execution test
XPASS: 22_locale/collate_members_wchar_t.cc execution test
XPASS: 22_locale/ctype_members_char.cc execution test
XPASS: 22_locale/members.cc execution test
XPASS: 22_locale/messages_byname.cc execution test
XPASS: 22_locale/messages_members_char.cc execution test
XPASS: 22_locale/money_get_members_char.cc execution test
XPASS: 22_locale/money_get_members_wchar_t.cc execution test
XPASS: 22_locale/money_put_members_char.cc execution test
XPASS: 22_locale/money_put_members_wchar_t.cc execution test
XPASS: 22_locale/moneypunct_byname.cc execution test
XPASS: 22_locale/moneypunct_members_char.cc execution test
XPASS: 22_locale/moneypunct_members_wchar_t.cc execution test
XPASS: 22_locale/num_get_members_char.cc execution test
XPASS: 22_locale/num_get_members_wchar_t.cc execution test
XPASS: 22_locale/num_put_members_char.cc execution test
XPASS: 22_locale/num_put_members_wchar_t.cc execution test
XPASS: 22_locale/numpunct_byname.cc execution test
XPASS: 22_locale/numpunct_members_char.cc execution test
XPASS: 22_locale/numpunct_members_wchar_t.cc execution test
XPASS: 22_locale/time_get_members_char.cc execution test
XPASS: 22_locale/time_get_members_wchar_t.cc execution test
XPASS: 22_locale/time_put_members_char.cc execution test
XPASS: 22_locale/time_put_members_wchar_t.cc execution test
FAIL: 26_numerics/c99_classification_macros_c.cc (test for excess errors)
=== libstdc++-v3 Summary ===
# of expected passes 356
# of unexpected failures 3
# of unexpected successes 25
Compiler version: 3.1 20020320 (prerelease)
Platform: powerpc-unknown-linux-gnu
configure flags: --host=powerpc-unknown-linux-gnu --prefix=/usr/local/mirror/mmitchel/gcc_auto_build/install/powerpc-unknown-linux-gnu