This is the mail archive of the
gcc-testresults@gcc.gnu.org
mailing list for the GCC project.
Results for 3.1 20020319 (prerelease) testsuite on hppa-unknown-linux-gnu
- From: John David Anglin <dave at hiauly1 dot hia dot nrc dot ca>
- To: dave at hiauly1 dot hia dot nrc dot ca, gcc-testresults at gcc dot gnu dot org
- Date: Thu, 21 Mar 2002 21:25:30 -0500 (EST)
- Subject: Results for 3.1 20020319 (prerelease) testsuite on hppa-unknown-linux-gnu
LAST_UPDATED: Wed Mar 20 00:34:23 UTC 2002
Native configuration is hppa-unknown-linux-gnu
=== g++ tests ===
Running target unix
FAIL: g++.brendan/new3.C Execution test
FAIL: g++.eh/terminate2.C Execution test
FAIL: g++.law/profile1.C (test for excess errors)
XPASS: g++.mike/eh33.C (test for excess errors)
XPASS: g++.mike/eh33.C Execution test
XPASS: g++.mike/eh50.C (test for excess errors)
XPASS: g++.mike/eh50.C Execution test
=== g++ Summary ===
# of expected passes 7070
# of unexpected failures 3
# of unexpected successes 4
# of expected failures 88
# of untested testcases 23
# of unsupported tests 1
/home/dave/gcc-3.2/objdir/gcc/testsuite/../g++ version 3.1 20020319 (prerelease)
=== g77 tests ===
Running target unix
FAIL: g77.f-torture/execute/f90-intrinsic-numeric.f execution, -O1
FAIL: g77.f-torture/execute/f90-intrinsic-numeric.f execution, -O2
FAIL: g77.f-torture/execute/f90-intrinsic-numeric.f execution, -O3 -fomit-frame-pointer
FAIL: g77.f-torture/execute/f90-intrinsic-numeric.f execution, -O3 -g
FAIL: g77.f-torture/execute/f90-intrinsic-numeric.f execution, -Os
=== g77 Summary ===
# of expected passes 1447
# of unexpected failures 5
# of unsupported tests 8
/home/dave/gcc-3.2/objdir/gcc/testsuite/../g77 version 3.1 20020319 (prerelease)
=== gcc tests ===
Running target unix
FAIL: gcc.c-torture/compile/20020210-1.c, -O0
FAIL: gcc.c-torture/compile/20020210-1.c, -O1
FAIL: gcc.c-torture/compile/20020210-1.c, -O2
FAIL: gcc.c-torture/compile/20020210-1.c, -O3 -fomit-frame-pointer
FAIL: gcc.c-torture/compile/20020210-1.c, -O3 -g
FAIL: gcc.c-torture/compile/20020210-1.c, -Os
FAIL: gcc.c-torture/execute/20020307-2.c execution, -O0
FAIL: gcc.c-torture/execute/20020307-2.c execution, -O1
FAIL: gcc.c-torture/execute/20020307-2.c execution, -O2
FAIL: gcc.c-torture/execute/20020307-2.c execution, -O3 -fomit-frame-pointer
FAIL: gcc.c-torture/execute/20020307-2.c execution, -O3 -fomit-frame-pointer -funroll-loops
FAIL: gcc.c-torture/execute/20020307-2.c execution, -O3 -fomit-frame-pointer -funroll-all-loops -finline-functions
FAIL: gcc.c-torture/execute/20020307-2.c execution, -O3 -g
FAIL: gcc.c-torture/execute/20020307-2.c execution, -Os
FAIL: gcc.c-torture/execute/arith-rand.c execution, -O0
FAIL: gcc.c-torture/execute/arith-rand.c execution, -O1
FAIL: gcc.c-torture/execute/arith-rand.c execution, -O2
FAIL: gcc.c-torture/execute/arith-rand.c execution, -O3 -fomit-frame-pointer
FAIL: gcc.c-torture/execute/arith-rand.c execution, -O3 -fomit-frame-pointer -funroll-loops
FAIL: gcc.c-torture/execute/arith-rand.c execution, -O3 -fomit-frame-pointer -funroll-all-loops -finline-functions
FAIL: gcc.c-torture/execute/arith-rand.c execution, -O3 -g
FAIL: gcc.c-torture/execute/arith-rand.c execution, -Os
FAIL: gcc.c-torture/execute/va-arg-22.c execution, -O0
FAIL: gcc.c-torture/execute/va-arg-22.c execution, -O1
FAIL: gcc.c-torture/execute/va-arg-22.c execution, -O2
FAIL: gcc.c-torture/execute/va-arg-22.c execution, -O3 -fomit-frame-pointer
FAIL: gcc.c-torture/execute/va-arg-22.c execution, -O3 -fomit-frame-pointer -funroll-loops
FAIL: gcc.c-torture/execute/va-arg-22.c execution, -O3 -fomit-frame-pointer -funroll-all-loops -finline-functions
FAIL: gcc.c-torture/execute/va-arg-22.c execution, -O3 -g
FAIL: gcc.c-torture/execute/va-arg-22.c execution, -Os
FAIL: gcc.dg/20020312-2.c (test for excess errors)
WARNING: gcc.dg/20020312-2.c compilation failed to produce executable
FAIL: gcc.dg/asm-names.c (test for excess errors)
FAIL: gcc.dg/format/c90-printf-1.c %n with NULL (test for warnings, line 235)
FAIL: gcc.dg/format/c90-printf-1.c %s with NULL (test for warnings, line 236)
FAIL: gcc.dg/format/c90-printf-1.c (test for excess errors)
=== gcc Summary ===
# of expected passes 18127
# of unexpected failures 35
# of expected failures 70
# of unsupported tests 104
/home/dave/gcc-3.2/objdir/gcc/xgcc version 3.1 20020319 (prerelease)
=== objc tests ===
Running target unix
FAIL: objc/execute/formal_protocol-6.m execution, -O0
FAIL: objc/execute/formal_protocol-6.m execution, -O1
FAIL: objc/execute/formal_protocol-6.m execution, -O2
FAIL: objc/execute/formal_protocol-6.m execution, -O3 -fomit-frame-pointer
FAIL: objc/execute/formal_protocol-6.m execution, -O3 -g
FAIL: objc/execute/formal_protocol-6.m execution, -Os
=== objc Summary ===
# of expected passes 1036
# of unexpected failures 6
/home/dave/gcc-3.2/objdir/gcc/xgcc version 3.1 20020319 (prerelease)
=== libstdc++-v3 tests ===
Running target unix
FAIL: 18_support/numeric_limits.cc execution test
FAIL: 26_numerics/c99_classification_macros_c.cc (test for excess errors)
FAIL: 26_numerics/complex_inserters_extractors.cc execution test
FAIL: 27_io/istream_extractor_arith.cc execution test
=== libstdc++-v3 Summary ===
# of expected passes 355
# of unexpected failures 4
# of expected failures 25
Compiler version: 3.1 20020319 (prerelease)
Platform: hppa-unknown-linux-gnu
configure flags: --with-gnu-as --with-as=/home/dave/opt/gnu/bin/as --with-gnu-ld --with-ld=/home/dave/opt/gnu/bin/ld --enable-shared --disable-nls --prefix=/home/dave/opt/gnu --enable-threads=posix --host=hppa-linux
Patches: Experimental dwarf2 exception support.