This is the mail archive of the
gcc-testresults@gcc.gnu.org
mailing list for the GCC project.
Results for 3.1 20020318 (prerelease) testsuite on alphaev6-dec-osf4.0f
- From: Alexandre Oliva <oliva at ic dot unicamp dot br>
- To: gcc-testresults at gcc dot gnu dot org
- Date: Tue, 19 Mar 2002 22:53:17 -0300 (EST)
- Subject: Results for 3.1 20020318 (prerelease) testsuite on alphaev6-dec-osf4.0f
Native configuration is alphaev6-dec-osf4.0f
=== binutils tests ===
Running target unix
FAIL: strip with saving a symbol
FAIL: run stripped executable with saving a symbol
=== binutils Summary ===
# of expected passes 20
# of unexpected failures 2
# of expected failures 4
=== g++ tests ===
Running target unix
FAIL: g++.dg/ext/instantiate1.C suppressing f<int> (test for errors, line )
FAIL: g++.dg/ext/instantiate1.C suppressing A<int> (test for errors, line )
FAIL: g++.dg/ext/instantiate1.C (test for excess errors)
FAIL: g++.dg/template/conv1.C (test for excess errors)
FAIL: g++.dg/template/conv2.C (test for excess errors)
FAIL: g++.dg/template/conv3.C (test for excess errors)
FAIL: g++.dg/template/conv4.C (test for errors, line 24)
FAIL: g++.dg/template/conv4.C (test for excess errors)
FAIL: g++.dg/special/conpr-1.C execution test
FAIL: g++.dg/special/conpr-2.C execution test
FAIL: g++.dg/special/conpr-3.C (test for excess errors)
FAIL: g++.dg/special/conpr-3.C execution test
FAIL: g++.dg/special/conpr-3.C (test for excess errors)
FAIL: g++.dg/special/conpr-3.C execution test
FAIL: g++.dg/special/initp1.C execution test
FAIL: g++.eh/ia64-1.C (test for excess errors)
FAIL: g++.ext/instantiate2.C not instantiated (test for errors, line 19)
FAIL: g++.ext/instantiate3.C not instantiated (test for errors, line 13)
FAIL: g++.other/comdat3.C (test for excess errors)
FAIL: g++.other/dwarf2-1.C (test for excess errors)
FAIL: g++.pt/instantiate5.C (test for excess errors)
=== g++ Summary ===
# of expected passes 7120
# of unexpected failures 21
# of expected failures 90
# of untested testcases 22
# of unsupported tests 1
/tmp_mnt/n/test/log/cotia/.ltmp/egcs/gcc/testsuite/../g++ version 3.1 20020318 (prerelease)
=== g77 tests ===
Running target unix
=== g77 Summary ===
# of expected passes 1460
# of unsupported tests 8
/tmp_mnt/n/test/log/cotia/.ltmp/egcs/gcc/testsuite/../g77 version 3.1 20020318 (prerelease)
=== gcc tests ===
Running target unix
FAIL: gcc.c-torture/compile/20011119-1.c, -O0
FAIL: gcc.c-torture/compile/20011119-1.c, -O1
FAIL: gcc.c-torture/compile/20011119-1.c, -O2
FAIL: gcc.c-torture/compile/20011119-1.c, -O3 -fomit-frame-pointer
FAIL: gcc.c-torture/compile/20011119-1.c, -O3 -g
FAIL: gcc.c-torture/compile/20011119-1.c, -Os
FAIL: gcc.c-torture/compile/20011119-2.c, -O0
FAIL: gcc.c-torture/compile/20011119-2.c, -O1
FAIL: gcc.c-torture/compile/20011119-2.c, -O2
FAIL: gcc.c-torture/compile/20011119-2.c, -O3 -fomit-frame-pointer
FAIL: gcc.c-torture/compile/20011119-2.c, -O3 -g
FAIL: gcc.c-torture/compile/20011119-2.c, -Os
FAIL: gcc.c-torture/compile/labels-3.c, -O0
FAIL: gcc.c-torture/compile/labels-3.c, -O1
FAIL: gcc.c-torture/compile/labels-3.c, -O2
FAIL: gcc.c-torture/compile/labels-3.c, -O3 -fomit-frame-pointer
FAIL: gcc.c-torture/compile/labels-3.c, -O3 -g
FAIL: gcc.c-torture/compile/labels-3.c, -Os
FAIL: gcc.c-torture/execute/20001229-1.c compilation, -O3 -fomit-frame-pointer
FAIL: gcc.c-torture/execute/20001229-1.c compilation, -O3 -g
FAIL: gcc.c-torture/execute/20020227-1.c execution, -O0
FAIL: gcc.c-torture/execute/20020227-1.c execution, -O1
FAIL: gcc.c-torture/execute/20020227-1.c execution, -O2
FAIL: gcc.c-torture/execute/20020227-1.c execution, -O3 -fomit-frame-pointer
FAIL: gcc.c-torture/execute/20020227-1.c execution, -O3 -g
FAIL: gcc.c-torture/execute/20020227-1.c execution, -Os
FAIL: gcc.c-torture/execute/930529-1.c execution, -O2
FAIL: gcc.c-torture/execute/930529-1.c execution, -Os
FAIL: gcc.c-torture/execute/950512-1.c execution, -O3 -fomit-frame-pointer
FAIL: gcc.c-torture/execute/950512-1.c execution, -O3 -g
FAIL: gcc.dg/cpp/mac-dir-1.c (test for excess errors)
FAIL: gcc.dg/cpp/mac-dir-2.c (test for warnings, line 14)
FAIL: gcc.dg/cpp/mac-dir-2.c (test for excess errors)
FAIL: gcc.dg/cpp/wchar-1.c execution test
XPASS: gcc.dg/c99-intconst-1.c (test for excess errors)
FAIL: gcc.dg/inline-2.c scan-assembler bsr
FAIL: gcc.dg/unordered-1.c (test for errors, line 7)
FAIL: gcc.dg/unordered-1.c (test for errors, line 16)
FAIL: gcc.dg/unordered-1.c (test for errors, line 17)
FAIL: gcc.dg/unordered-1.c (test for excess errors)
=== gcc Summary ===
# of expected passes 17986
# of unexpected failures 39
# of unexpected successes 1
# of expected failures 66
# of unresolved testcases 2
# of unsupported tests 108
/tmp_mnt/n/test/log/cotia/.ltmp/egcs/gcc/xgcc version 3.1 20020318 (prerelease)
=== objc tests ===
Running target unix
FAIL: objc/execute/formal_protocol-6.m execution, -O0
FAIL: objc/execute/formal_protocol-6.m execution, -O1
FAIL: objc/execute/formal_protocol-6.m execution, -O2
FAIL: objc/execute/formal_protocol-6.m execution, -O3 -fomit-frame-pointer
FAIL: objc/execute/formal_protocol-6.m execution, -O3 -g
FAIL: objc/execute/formal_protocol-6.m execution, -Os
=== objc Summary ===
# of expected passes 1036
# of unexpected failures 6
/tmp_mnt/n/test/log/cotia/.ltmp/egcs/gcc/xgcc version 3.1 20020318 (prerelease)
Compiler version: 3.1 20020318 (prerelease)
Platform: alphaev6-dec-osf4.0f
BOOT_CFLAGS: -g -O9 -W -Wall
Counting all warnings,
there are 106 warnings in stage3 of this bootstrap.
Number of warnings per file:
48 libiberty/md5.c
37 libiberty/regex.c
6 libobjc/class.c
4 libobjc/hash.c
3 gcc/unwind-pe.h
2 libiberty/splay-tree.c
2 libiberty/getopt.c
1 libsupc++/eh_terminate.cc
1 libobjc/sendmsg.c
1 libf2c/libI77/open.c
1 config.h
Number of warning types:
32 traditional C rejects string concatenation
16 function-like macro `FI' must be used with arguments in traditional C
16 function-like macro `FH' must be used with arguments in traditional C
16 function-like macro `FG' must be used with arguments in traditional C
11 cast from pointer to integer of different size
5 unused parameter `???'
4 signed and unsigned type in conditional expression
2 control reaches end
1 this is the location of the previous definition
1 `noreturn'
1 `_XOPEN_SOURCE' redefined
1 `_Unwind_Ptr result