This is the mail archive of the
gcc-testresults@gcc.gnu.org
mailing list for the GCC project.
Results for 3.1 20020318 (prerelease) testsuite on i686-pc-linux-gnu
- From: Alexandre Oliva <oliva at lsd dot ic dot unicamp dot br>
- To: gcc-testresults at gcc dot gnu dot org
- Date: Tue, 19 Mar 2002 12:02:49 -0300
- Subject: Results for 3.1 20020318 (prerelease) testsuite on i686-pc-linux-gnu
Native configuration is i686-pc-linux-gnu
=== binutils tests ===
Running target unix
=== binutils Summary ===
# of expected passes 31
# of expected failures 1
=== g++ tests ===
Running target unix
FAIL: g++.dg/template/conv1.C (test for excess errors)
FAIL: g++.dg/template/conv2.C (test for excess errors)
FAIL: g++.dg/template/conv3.C (test for excess errors)
FAIL: g++.dg/template/conv4.C (test for errors, line 24)
FAIL: g++.dg/template/conv4.C (test for excess errors)
=== g++ Summary ===
# of expected passes 7158
# of unexpected failures 5
# of expected failures 88
# of untested testcases 9
# of unsupported tests 1
/l/tmp/egcs/gcc/testsuite/../g++ version 3.1 20020318 (prerelease)
=== g77 tests ===
Running target unix
=== g77 Summary ===
# of expected passes 1476
/l/tmp/egcs/gcc/testsuite/../g77 version 3.1 20020318 (prerelease)
=== gas tests ===
Running target unix
=== gas Summary ===
# of expected passes 50
=== gcc tests ===
Running target unix
FAIL: gcc.c-torture/execute/20011223-1.c execution, -O2
FAIL: gcc.c-torture/execute/20011223-1.c execution, -O3 -fomit-frame-pointer
FAIL: gcc.c-torture/execute/20011223-1.c execution, -O3 -g
FAIL: gcc.c-torture/execute/20011223-1.c execution, -Os
FAIL: gcc.dg/cpp/mac-dir-1.c (test for excess errors)
FAIL: gcc.dg/cpp/mac-dir-2.c (test for warnings, line 14)
FAIL: gcc.dg/cpp/mac-dir-2.c (test for excess errors)
FAIL: gcc.dg/unordered-1.c (test for errors, line 7)
FAIL: gcc.dg/unordered-1.c (test for errors, line 16)
FAIL: gcc.dg/unordered-1.c (test for errors, line 17)
FAIL: gcc.dg/unordered-1.c (test for excess errors)
=== gcc Summary ===
# of expected passes 18180
# of unexpected failures 11
# of expected failures 66
# of unsupported tests 38
/l/tmp/egcs/gcc/xgcc version 3.1 20020318 (prerelease)
=== gdb tests ===
Running target unix
FAIL: gdb.base/callfuncs.exp: p t_float_values(3.14159,-2.3765)
FAIL: gdb.base/callfuncs.exp: p t_float_values(float_val1,float_val2)
FAIL: gdb.base/callfuncs.exp: p t_float_values(3.14159,float_val2)
FAIL: gdb.base/callfuncs.exp: p t_float_values(float_val1,-2.3765)
FAIL: gdb.base/corefile.exp: print func2::coremaker_local
FAIL: gdb.base/funcargs.exp: run to call5a
FAIL: gdb.base/funcargs.exp: print st
FAIL: gdb.base/gcore.exp: corefile restored general registers
FAIL: gdb.base/gcore.exp: corefile restored all registers
XPASS: gdb.base/interrupt.exp: send end of file
FAIL: gdb.base/reread.exp: second pass: breakpoint foo in first file
XPASS: gdb.base/return.exp: correct value returned double test (known problem with i*86 and sparc solaris
FAIL: gdb.c++/annota2.exp: run until main breakpoint
FAIL: gdb.c++/annota2.exp: print class
FAIL: gdb.c++/annota2.exp: continue to exit
FAIL: gdb.c++/annota2.exp: run until main breakpoint
FAIL: gdb.c++/annota2.exp: set watch on a.x
FAIL: gdb.c++/annota2.exp: watch triggered on a.x
FAIL: gdb.c++/anon-union.exp: running to main in runto
FAIL: gdb.c++/classes.exp: running to 'inheritance2' in runto
FAIL: gdb.c++/classes.exp: continue to enums2(\(\)|): the program is no longer running
FAIL: gdb.c++/classes.exp: running to main in runto
FAIL: gdb.c++/classes.exp: running to marker_reg1 in runto
FAIL: gdb.c++/cplusfuncs.exp: running to main in runto
FAIL: gdb.c++/cplusfuncs.exp: print &'hairyfunc5'
FAIL: gdb.c++/cplusfuncs.exp: print &'hairyfunc6'
FAIL: gdb.c++/cplusfuncs.exp: print &'hairyfunc7'
FAIL: gdb.c++/derivation.exp: running to main in runto
FAIL: gdb.c++/inherit.exp: running to main in runto
FAIL: gdb.c++/inherit.exp: ptype vA
FAIL: gdb.c++/inherit.exp: ptype vB
FAIL: gdb.c++/inherit.exp: ptype vC
FAIL: gdb.c++/inherit.exp: ptype vD
FAIL: gdb.c++/inherit.exp: ptype vE
FAIL: gdb.c++/inherit.exp: running to 'inheritance2' in runto
FAIL: gdb.c++/inherit.exp: print g_A.A::a
FAIL: gdb.c++/inherit.exp: print g_A.A::x
FAIL: gdb.c++/inherit.exp: print g_A.a
FAIL: gdb.c++/inherit.exp: print g_A.x
FAIL: gdb.c++/inherit.exp: print g_B.A::a
FAIL: gdb.c++/inherit.exp: print g_B.A::x
FAIL: gdb.c++/inherit.exp: print g_B.B::b
FAIL: gdb.c++/inherit.exp: print g_B.B::x
FAIL: gdb.c++/inherit.exp: print g_B.a
FAIL: gdb.c++/inherit.exp: print g_B.b
FAIL: gdb.c++/inherit.exp: print g_B.x
FAIL: gdb.c++/inherit.exp: print g_C.A::a
FAIL: gdb.c++/inherit.exp: print g_C.A::x
FAIL: gdb.c++/inherit.exp: print g_C.C::c
FAIL: gdb.c++/inherit.exp: print g_C.C::x
FAIL: gdb.c++/inherit.exp: print g_C.a
FAIL: gdb.c++/inherit.exp: print g_C.c
FAIL: gdb.c++/inherit.exp: print g_C.x
FAIL: gdb.c++/inherit.exp: print g_A
FAIL: gdb.c++/inherit.exp: print g_B
FAIL: gdb.c++/inherit.exp: print g_C
FAIL: gdb.c++/inherit.exp: print g_A.A::a
FAIL: gdb.c++/inherit.exp: print g_A.A::x
FAIL: gdb.c++/inherit.exp: print g_B.A::a
FAIL: gdb.c++/inherit.exp: print g_B.A::x
FAIL: gdb.c++/inherit.exp: print g_B.B::b
FAIL: gdb.c++/inherit.exp: print g_B.B::x
FAIL: gdb.c++/inherit.exp: print g_C.A::a
FAIL: gdb.c++/inherit.exp: print g_C.A::x
FAIL: gdb.c++/inherit.exp: print g_C.C::c
FAIL: gdb.c++/inherit.exp: print g_C.C::x
FAIL: gdb.c++/inherit.exp: print g_D.B::b
FAIL: gdb.c++/inherit.exp: print g_D.B::x
FAIL: gdb.c++/inherit.exp: print g_D.C::c
FAIL: gdb.c++/inherit.exp: print g_D.C::x
FAIL: gdb.c++/inherit.exp: print g_D.D::d
FAIL: gdb.c++/inherit.exp: print g_D.D::x
FAIL: gdb.c++/inherit.exp: print g_E.B::b
FAIL: gdb.c++/inherit.exp: print g_E.B::x
FAIL: gdb.c++/inherit.exp: print g_E.C::c
FAIL: gdb.c++/inherit.exp: print g_E.C::x
FAIL: gdb.c++/inherit.exp: print g_E.D::d
FAIL: gdb.c++/inherit.exp: print g_E.D::x
FAIL: gdb.c++/inherit.exp: print g_E.E::e
FAIL: gdb.c++/inherit.exp: print g_E.E::x
FAIL: gdb.c++/inherit.exp: print g_D
FAIL: gdb.c++/inherit.exp: print g_E
FAIL: gdb.c++/inherit.exp: print anonymous union member
FAIL: gdb.c++/inherit.exp: print variable of type anonymous union
FAIL: gdb.c++/inherit.exp: running to 'inheritance4' in runto
FAIL: gdb.c++/inherit.exp: print g_vA.vA::va
FAIL: gdb.c++/inherit.exp: print g_vA.vA::vx
FAIL: gdb.c++/inherit.exp: print g_vA.va
FAIL: gdb.c++/inherit.exp: print g_vA.vx
FAIL: gdb.c++/inherit.exp: print g_vB.vA::va
FAIL: gdb.c++/inherit.exp: print g_vB.vA::vx
FAIL: gdb.c++/inherit.exp: print g_vB.vB::vb
FAIL: gdb.c++/inherit.exp: print g_vB.vB::vx
FAIL: gdb.c++/inherit.exp: print g_vB.va
FAIL: gdb.c++/inherit.exp: print g_vB.vb
FAIL: gdb.c++/inherit.exp: print g_vB.vx
FAIL: gdb.c++/inherit.exp: print g_vC.vA::va
FAIL: gdb.c++/inherit.exp: print g_vC.vA::vx
FAIL: gdb.c++/inherit.exp: print g_vC.vC::vc
FAIL: gdb.c++/inherit.exp: print g_vC.vC::vx
FAIL: gdb.c++/inherit.exp: print g_vC.va
FAIL: gdb.c++/inherit.exp: print g_vC.vc
FAIL: gdb.c++/inherit.exp: print g_vC.vx
FAIL: gdb.c++/inherit.exp: print g_vA
FAIL: gdb.c++/inherit.exp: print g_vB
FAIL: gdb.c++/inherit.exp: print g_vC
FAIL: gdb.c++/inherit.exp: print g_vD.vA::va
FAIL: gdb.c++/inherit.exp: print g_vD.vA::vx
FAIL: gdb.c++/inherit.exp: print g_vD.vB::vb
FAIL: gdb.c++/inherit.exp: print g_vD.vB::vx
FAIL: gdb.c++/inherit.exp: print g_vD.vC::vc
FAIL: gdb.c++/inherit.exp: print g_vD.vC::vx
FAIL: gdb.c++/inherit.exp: print g_vD.vD::vd
FAIL: gdb.c++/inherit.exp: print g_vD.vD::vx
FAIL: gdb.c++/inherit.exp: print g_vE.vA::va
FAIL: gdb.c++/inherit.exp: print g_vE.vA::vx
FAIL: gdb.c++/inherit.exp: print g_vE.vB::vb
FAIL: gdb.c++/inherit.exp: print g_vE.vB::vx
FAIL: gdb.c++/inherit.exp: print g_vE.vC::vc
FAIL: gdb.c++/inherit.exp: print g_vE.vC::vx
FAIL: gdb.c++/inherit.exp: print g_vE.vD::vd
FAIL: gdb.c++/inherit.exp: print g_vE.vD::vx
FAIL: gdb.c++/inherit.exp: print g_vE.vE::ve
FAIL: gdb.c++/inherit.exp: print g_vE.vE::vx
FAIL: gdb.c++/inherit.exp: print g_vD
FAIL: gdb.c++/inherit.exp: print g_vE
FAIL: gdb.c++/local.exp: running to main in runto
FAIL: gdb.c++/misc.exp: running to main in runto
FAIL: gdb.c++/misc.exp: set a bool var (print v_bool)
FAIL: gdb.c++/misc.exp: set a bool array elem (print v_bool_array)
FAIL: gdb.c++/namespace.exp: running to main in runto
FAIL: gdb.c++/templates.exp: ptype T5<int>
FAIL: gdb.c++/templates.exp: ptype t5i
FAIL: gdb.c++/templates.exp: constructor breakpoint (bad menu choices)
FAIL: gdb.c++/templates.exp: destructor breakpoint
FAIL: gdb.c++/templates.exp: running to main in runto
FAIL: gdb.c++/templates.exp: print fint
FAIL: gdb.c++/templates.exp: print fvpchar
FAIL: gdb.c++/templates.exp: ptype fint
FAIL: gdb.c++/templates.exp: ptype fchar
FAIL: gdb.c++/templates.exp: ptype fvpchar
FAIL: gdb.c++/templates.exp: print Foo<volatile char *>::foo
FAIL: gdb.c++/templates.exp: ptype bint
FAIL: gdb.c++/templates.exp: ptype bint2
FAIL: gdb.c++/templates.exp: ptype bazint
FAIL: gdb.c++/templates.exp: ptype bazint2
FAIL: gdb.c++/templates.exp: ptype quxint
FAIL: gdb.c++/templates.exp: ptype siip
FAIL: gdb.c++/templates.exp: print Garply<Garply<char> >::garply
FAIL: gdb.c++/userdef.exp: running to main in runto
FAIL: gdb.c++/virtfunc.exp: ptype VB
FAIL: gdb.c++/virtfunc.exp: ptype V
FAIL: gdb.c++/virtfunc.exp: ptype A
FAIL: gdb.c++/virtfunc.exp: ptype B
FAIL: gdb.c++/virtfunc.exp: ptype C
FAIL: gdb.c++/virtfunc.exp: ptype AD
FAIL: gdb.c++/virtfunc.exp: ptype D
FAIL: gdb.c++/virtfunc.exp: ptype E
FAIL: gdb.c++/virtfunc.exp: running to 'test_calls' in runto
FAIL: gdb.gdbtk/c_variable.exp: type of weird and children (c_variable-6.22)
FAIL: gdb.gdbtk/c_variable.exp: value of weird and children (c_variable-6.25)
FAIL cpp_variable-1.2 {create variable v} {}
FAIL cpp_variable-1.6a {step over "V *v = new V;"} {}
FAIL cpp_variable-1.7 {check value of v changed} {}
FAIL cpp_variable-2.2a {set variable v.v_pub_int=2112} {}
FAIL cpp_variable-2.3 {value of v.v_pub_int changed} {}
FAIL cpp_variable-2.22a {set variable v->v_priv_charp=2112} {}
FAIL cpp_variable-2.23 {value of v.v_priv_charp changed} {}
FAIL cpp_variable-2.71a {set variable v->v_pub_int=2112} {}
FAIL cpp_variable-2.72 {value of v.vb_pub_int changed} {}
FAIL: gdb.gdbtk/cpp_variable.exp: create variable v (cpp_variable-1.2)
FAIL: gdb.gdbtk/cpp_variable.exp: check value of v changed (cpp_variable-1.7)
FAIL: gdb.gdbtk/cpp_variable.exp: value of v.v_pub_int changed (cpp_variable-2.3)
FAIL: gdb.gdbtk/cpp_variable.exp: value of v.v_priv_charp changed (cpp_variable-2.23)
FAIL: gdb.gdbtk/cpp_variable.exp: value of v.vb_pub_int changed (cpp_variable-2.72)
FAIL: gdb.gdbtk/srcwin.exp: check contents of filename combobox (srcwin-2.1)
FAIL: gdb.gdbtk/srcwin.exp: variable balloon test (srcwin-5.1)
FAIL: gdb.gdbtk/srcwin.exp: mixed mode disassembly of include file (srcwin-6.1)
FAIL: gdb.gdbtk/srcwin.exp: assembly->mixed mode change (srcwin2-1.3)
FAIL: gdb.gdbtk/srcwin.exp: check contents of filename combobox (srcwin2-2.1)
FAIL: gdb.mi/mi-break.exp: insert temp breakpoint at "<fullfilename>":6 (callee4)
FAIL: gdb.mi/mi-console.exp: Hello message (known bug)
FAIL: gdb.mi/mi-simplerun.exp: insert breakpoint at "<fullfilename>":6 (callee4)
FAIL: gdb.mi/mi-stack.exp: stack args listing 0
FAIL: gdb.mi/mi-stack.exp: stack args listing 1
FAIL: gdb.mi/mi-stack.exp: stack info-depth
FAIL: gdb.mi/mi-stack.exp: stack info-depth 99
FAIL: gdb.mi/mi-var-child.exp: get children of struct_declarations
FAIL: gdb.mi/mi-var-child.exp: get children of struct_declarations.s2.u2.u1s1
FAIL: gdb.mi/mi-var-child.exp: create local variable weird
FAIL: gdb.mi/mi-var-child.exp: get children of weird
FAIL: gdb.mi/mi-var-display.exp: create local variable weird
FAIL: gdb.mi/mi-var-display.exp: get children local variable weird
FAIL: gdb.mi/mi0-break.exp: insert temp breakpoint at "<fullfilename>":6 (callee4)
FAIL: gdb.mi/mi0-console.exp: Hello message (known bug)
FAIL: gdb.mi/mi0-simplerun.exp: insert breakpoint at "<fullfilename>":6 (callee4)
FAIL: gdb.mi/mi0-stack.exp: stack args listing 0
FAIL: gdb.mi/mi0-stack.exp: stack args listing 1
FAIL: gdb.mi/mi0-stack.exp: stack info-depth
FAIL: gdb.mi/mi0-stack.exp: stack info-depth 99
FAIL: gdb.mi/mi0-var-child.exp: get children of struct_declarations
FAIL: gdb.mi/mi0-var-child.exp: get children of struct_declarations.s2.u2.u1s1
FAIL: gdb.mi/mi0-var-child.exp: create local variable weird
FAIL: gdb.mi/mi0-var-child.exp: get children of weird
FAIL: gdb.mi/mi0-var-display.exp: create local variable weird
FAIL: gdb.mi/mi0-var-display.exp: get children local variable weird
FAIL: gdb.threads/pthreads.exp: continue to bkpt at common_routine in thread 2
=== gdb Summary ===
# of expected passes 8195
# of unexpected failures 196
# of unexpected successes 2
# of expected failures 75
# of unresolved testcases 17
/l/tmp/egcs/gdb/testsuite/../../gdb/gdb version 2002-03-19-cvs -nx
=== ld tests ===
Running target unix
=== ld Summary ===
# of expected passes 130
# of expected failures 13
=== objc tests ===
Running target unix
FAIL: objc/execute/formal_protocol-6.m execution, -O0
FAIL: objc/execute/formal_protocol-6.m execution, -O1
FAIL: objc/execute/formal_protocol-6.m execution, -O2
FAIL: objc/execute/formal_protocol-6.m execution, -O3 -fomit-frame-pointer
FAIL: objc/execute/formal_protocol-6.m execution, -O3 -g
FAIL: objc/execute/formal_protocol-6.m execution, -Os
=== objc Summary ===
# of expected passes 1036
# of unexpected failures 6
/l/tmp/egcs/gcc/xgcc version 3.1 20020318 (prerelease)
Compiler version: 3.1 20020318 (prerelease)
Platform: i686-pc-linux-gnu
BOOT_CFLAGS: -g -O9 -W -Wall
Counting all warnings,
there are 59 warnings in stage3 of this bootstrap.
Number of warnings per file:
24 gcc/combine.c
10 gcc/regclass.c
4 gcc/optabs.c
4 gcc/gcc.c
2 gcc/java/javaop.def
2 gcc/fold-const.c
2 gcc/crtstuff.c
1 gcc/version.c
1 gcc/reload.c
1 gcc/profile.c
1 gcc/objc/lang-specs.h
1 gcc/java/jvspec.c
1 gcc/gcse.c
1 gcc/function.c
1 gcc/f/version.c
1 gcc/emit-rtl.c
1 gcc/cp/lang-specs.h
1 gcc/config/i386/i386.c
Number of warning types:
39 comparison between signed and unsigned
7 string length `???' is greater than the length `???' ISO C89 compilers are required to support
5 signed and unsigned type in conditional expression
2 traditional C ignores #include with the # indented
2 operation on `???' may be undefined
2 `???' defined but not used
1 pointer targets in passing arg ??? of `???' differ in signedness
1 implicit declaration of function `???'