This is the mail archive of the
gcc-testresults@gcc.gnu.org
mailing list for the GCC project.
Results for 3.1 20020308 (prerelease) testsuite on i386-unknown-freebsd4.5
- From: <ljrittle at FreeBSD dot org>
- To: gcc-testresults at gcc dot gnu dot org, ljrittle at acm dot org, obrien at freebsd dot org
- Date: Sat, 9 Mar 2002 03:19:55 -0800 (PST)
- Subject: Results for 3.1 20020308 (prerelease) testsuite on i386-unknown-freebsd4.5
LAST_UPDATED: Sat Mar 9 06:54:29 GMT 2002
Native configuration is i386-unknown-freebsd4.5
=== g++ tests ===
Running target unix
FAIL: g++.ext/instantiate2.C not instantiated (test for errors, line 19)
FAIL: g++.law/profile1.C (test for excess errors)
=== g++ Summary for unix ===
# of expected passes 7080
# of unexpected failures 2
# of expected failures 93
# of untested testcases 12
Running target unix/-pthread -fpic
FAIL: g++.dg/eh/omit-frame-pointer.C execution test
FAIL: g++.eh/badalloc1.C Execution test
FAIL: g++.ext/instantiate2.C not instantiated (test for errors, line 19)
FAIL: g++.law/profile1.C (test for excess errors)
=== g++ Summary for unix/-pthread -fpic ===
# of expected passes 7078
# of unexpected failures 4
# of expected failures 93
# of untested testcases 12
=== g++ Summary ===
# of expected passes 14158
# of unexpected failures 6
# of expected failures 186
# of untested testcases 24
/local0/scratch/ljrittle/gcc-build-ref4-0308/gcc/testsuite/../g++ version 3.1 20020308 (prerelease)
=== g77 tests ===
Running target unix
=== g77 Summary for unix ===
# of expected passes 1452
# of unsupported tests 8
Running target unix/-pthread -fpic
=== g77 Summary for unix/-pthread -fpic ===
# of expected passes 1452
# of unsupported tests 8
=== g77 Summary ===
# of expected passes 2904
# of unsupported tests 16
/local0/scratch/ljrittle/gcc-build-ref4-0308/gcc/testsuite/../g77 version 3.1 20020308 (prerelease)
=== gcc tests ===
Running target unix
FAIL: gcc.c-torture/execute/20011223-1.c execution, -O2
FAIL: gcc.c-torture/execute/20011223-1.c execution, -O3 -fomit-frame-pointer
FAIL: gcc.c-torture/execute/20011223-1.c execution, -O3 -g
FAIL: gcc.c-torture/execute/20011223-1.c execution, -Os
FAIL: gcc.c-torture/execute/loop-2c.c execution, -Os
FAIL: gcc.c-torture/execute/loop-2d.c execution, -Os
FAIL: gcc.c-torture/execute/loop-3c.c execution, -Os
FAIL: gcc.dg/format/c99-scanf-3.c vfscanf (test for warnings, line 21)
FAIL: gcc.dg/format/c99-scanf-3.c vfscanf (test for warnings, line 21)
FAIL: gcc.dg/format/ext-6.c vfscanf (test for warnings, line 42)
FAIL: gcc.dg/format/ext-6.c vfscanf (test for warnings, line 42)
=== gcc Summary for unix ===
# of expected passes 17957
# of unexpected failures 11
# of expected failures 62
# of unsupported tests 38
Running target unix/-pthread -fpic
FAIL: gcc.c-torture/compile/20000804-1.c, -O0
FAIL: gcc.c-torture/execute/20011223-1.c execution, -O2
FAIL: gcc.c-torture/execute/20011223-1.c execution, -O3 -fomit-frame-pointer
FAIL: gcc.c-torture/execute/20011223-1.c execution, -O3 -g
FAIL: gcc.c-torture/execute/20011223-1.c execution, -Os
FAIL: gcc.dg/20011119-1.c (test for excess errors)
WARNING: gcc.dg/20011119-1.c compilation failed to produce executable
FAIL: gcc.dg/asm-names.c (test for excess errors)
FAIL: gcc.dg/format/c99-scanf-3.c vfscanf (test for warnings, line 21)
FAIL: gcc.dg/format/c99-scanf-3.c vfscanf (test for warnings, line 21)
FAIL: gcc.dg/format/ext-6.c vfscanf (test for warnings, line 42)
FAIL: gcc.dg/format/ext-6.c vfscanf (test for warnings, line 42)
=== gcc Summary for unix/-pthread -fpic ===
# of expected passes 17956
# of unexpected failures 11
# of expected failures 62
# of unsupported tests 38
=== gcc Summary ===
# of expected passes 35913
# of unexpected failures 22
# of expected failures 124
# of unsupported tests 76
/local0/scratch/ljrittle/gcc-build-ref4-0308/gcc/xgcc version 3.1 20020308 (prerelease)
=== objc tests ===
Running target unix
FAIL: objc/execute/formal_protocol-6.m execution, -O0
FAIL: objc/execute/formal_protocol-6.m execution, -O1
FAIL: objc/execute/formal_protocol-6.m execution, -O2
FAIL: objc/execute/formal_protocol-6.m execution, -O3 -fomit-frame-pointer
FAIL: objc/execute/formal_protocol-6.m execution, -O3 -g
FAIL: objc/execute/formal_protocol-6.m execution, -Os
=== objc Summary for unix ===
# of expected passes 1036
# of unexpected failures 6
Running target unix/-pthread -fpic
FAIL: objc/execute/formal_protocol-6.m execution, -O0
FAIL: objc/execute/formal_protocol-6.m execution, -O1
FAIL: objc/execute/formal_protocol-6.m execution, -O2
FAIL: objc/execute/formal_protocol-6.m execution, -O3 -fomit-frame-pointer
FAIL: objc/execute/formal_protocol-6.m execution, -O3 -g
FAIL: objc/execute/formal_protocol-6.m execution, -Os
=== objc Summary for unix/-pthread -fpic ===
# of expected passes 1036
# of unexpected failures 6
=== objc Summary ===
# of expected passes 2072
# of unexpected failures 12
/local0/scratch/ljrittle/gcc-build-ref4-0308/gcc/xgcc version 3.1 20020308 (prerelease)
=== libstdc++-v3 tests ===
Running target unix
XPASS: 22_locale/collate_members_wchar_t.cc execution test
XPASS: 22_locale/money_get_members_wchar_t.cc execution test
XPASS: 22_locale/money_put_members_wchar_t.cc execution test
XPASS: 22_locale/moneypunct_members_wchar_t.cc execution test
XPASS: 22_locale/num_get_members_wchar_t.cc execution test
XPASS: 22_locale/num_put_members_wchar_t.cc execution test
XPASS: 22_locale/numpunct_members_wchar_t.cc execution test
XPASS: 22_locale/time_get_members_wchar_t.cc execution test
XPASS: 22_locale/time_put_members_wchar_t.cc execution test
=== libstdc++-v3 Summary for unix ===
# of expected passes 359
# of unexpected successes 9
# of expected failures 16
Running target unix/-pthread -fpic
XPASS: 22_locale/collate_members_wchar_t.cc execution test
XPASS: 22_locale/money_get_members_wchar_t.cc execution test
XPASS: 22_locale/money_put_members_wchar_t.cc execution test
XPASS: 22_locale/moneypunct_members_wchar_t.cc execution test
XPASS: 22_locale/num_get_members_wchar_t.cc execution test
XPASS: 22_locale/num_put_members_wchar_t.cc execution test
XPASS: 22_locale/numpunct_members_wchar_t.cc execution test
XPASS: 22_locale/time_get_members_wchar_t.cc execution test
XPASS: 22_locale/time_put_members_wchar_t.cc execution test
=== libstdc++-v3 Summary for unix/-pthread -fpic ===
# of expected passes 359
# of unexpected successes 9
# of expected failures 16
=== libstdc++-v3 Summary ===
# of expected passes 718
# of unexpected successes 18
# of expected failures 32
Compiler version: 3.1 20020308 (prerelease)
Platform: i386-unknown-freebsd4.5
configure flags: --host=i386-unknown-freebsd4.5 --prefix=/home/ljrittle/tmp-ref4/install-ref4 --disable-libgcj --with-gnu-as --with-as=/usr/bin/as --with-gnu-ld --with-ld=/usr/bin/ld
BOOT_CFLAGS=-g -O2
Using gmake with objdir configuration
Key: gmake is GNU make
make is BSD make as shipped on i386-unknown-freebsd4.5
srcdir means in-source configuration was done within the gcc source tree
objdir means out-source configuration was done within a fresh directory
ref4 (3.0.X) and ref5 (mainline) attempt to build gcc twice daily;
once for srcdir configuration and once for objdir configuration;
odd number days use GNU make; missing reports infer breakage