This is the mail archive of the
gcc-testresults@gcc.gnu.org
mailing list for the GCC project.
Results for 3.0.4 testsuite on sparc-sun-solaris2.8
- From: a3ps at Fh-Koblenz dot DE
- To: gcc-testresults at gcc dot gnu dot org
- Date: Fri, 8 Mar 2002 09:54:39 +0100 (MET)
- Subject: Results for 3.0.4 testsuite on sparc-sun-solaris2.8
The "uname -a" output:
SunOS sunep420 5.8 Generic_108528-03 sun4u sparc SUNW,Ultra-80
The machine is a Sun Enterprise 420R.
The test took about 2 hours to run on this machine.
Run by mschmidt at fh-koblenz dot de
LAST_UPDATED:
Native configuration is sparc-sun-solaris2.8
=== g++ tests ===
Running target unix
FAIL: g++.dg/special/conpr-1.C execution test
FAIL: g++.dg/special/conpr-2.C execution test
FAIL: g++.dg/special/conpr-3.C execution test
FAIL: g++.dg/special/conpr-3.C execution test
FAIL: g++.dg/special/conpr-1.C execution test
FAIL: g++.eh/badalloc1.C Execution test
FAIL: g++.ext/instantiate1.C not instantiated (test for errors, line 20)
FAIL: g++.ext/instantiate1.C not instantiated (test for errors, line 22)
FAIL: g++.ext/instantiate2.C not instantiated (test for errors, line 19)
FAIL: g++.ext/instantiate3.C not instantiated (test for errors, line 13)
=== g++ Summary ===
# of expected passes 6493
# of unexpected failures 10
# of expected failures 103
# of untested testcases 19
/export/local/sun4-5.8/BUILDNEWGNU/builds/gcc304obj/gcc/testsuite/../g++ version 3.0.4
=== g77 tests ===
Running target unix
=== g77 Summary ===
# of expected passes 939
# of unsupported tests 8
=== gcc tests ===
Running target unix
FAIL: gcc.dg/20001013-1.c (test for excess errors)
=== gcc Summary ===
# of expected passes 15285
# of unexpected failures 1
# of expected failures 78
# of unresolved testcases 3
# of unsupported tests 49
/export/local/sun4-5.8/BUILDNEWGNU/builds/gcc304obj/gcc/xgcc version 3.0.4
=== objc tests ===
Running target unix
=== objc Summary ===
# of expected passes 153
# of expected failures 1
/export/local/sun4-5.8/BUILDNEWGNU/builds/gcc304obj/gcc/xgcc version 3.0.4
=== libstdc++-v3 tests ===
Running target unix
XPASS: 26_numerics/c99_classification_macros_c.cc (test for excess errors)
=== libstdc++-v3 Summary ===
# of expected passes 247
# of unexpected successes 1
# of expected failures 7
Compiler version: 3.0.4
Platform: sparc-sun-solaris2.8
configure flags: --host=sparc-sun-solaris2.8