This is the mail archive of the
gcc-testresults@gcc.gnu.org
mailing list for the GCC project.
Results for 3.2 20020301 (experimental) testsuite on sparc-redhat-linux-gnu
- From: Horst von Brand <vonbrand at inf dot utfsm dot cl>
- To: gcc-testresults at gcc dot gnu dot org
- Date: Sat, 2 Mar 2002 14:15:40 -0300
- Subject: Results for 3.2 20020301 (experimental) testsuite on sparc-redhat-linux-gnu
LAST_UPDATED: Sat Mar 2 00:18:05 UTC 2002
Native configuration is sparc-redhat-linux-gnu
=== g++ tests ===
Running target unix
FAIL: g++.dg/special/conpr-2.C execution test
FAIL: g++.dg/special/conpr-3.C execution test
FAIL: g++.dg/special/initp1.C execution test
FAIL: g++.ext/instantiate2.C not instantiated (test for errors, line 19)
FAIL: g++.ext/instantiate3.C not instantiated (test for errors, line 13)
FAIL: g++.robertl/eb83.C Execution test
=== g++ Summary ===
# of expected passes 7042
# of unexpected failures 6
# of expected failures 92
# of untested testcases 22
/usr/src/build/GCC/build-gcc-cvs/gcc/testsuite/../g++ version 3.2 20020301 (experimental)
=== g77 tests ===
Running target unix
FAIL: g77.dg/bprob/bprob-1.f execution, -g -fprofile-arcs
UNRESOLVED: g77.dg/bprob/bprob-1.f compilation, -g -fbranch-probabilities
UNRESOLVED: g77.dg/bprob/bprob-1.f execution, -g -fbranch-probabilities
FAIL: g77.dg/bprob/bprob-1.f execution, -O0 -fprofile-arcs
UNRESOLVED: g77.dg/bprob/bprob-1.f compilation, -O0 -fbranch-probabilities
UNRESOLVED: g77.dg/bprob/bprob-1.f execution, -O0 -fbranch-probabilities
FAIL: g77.dg/bprob/bprob-1.f execution, -O1 -fprofile-arcs
UNRESOLVED: g77.dg/bprob/bprob-1.f compilation, -O1 -fbranch-probabilities
UNRESOLVED: g77.dg/bprob/bprob-1.f execution, -O1 -fbranch-probabilities
FAIL: g77.dg/bprob/bprob-1.f execution, -O2 -fprofile-arcs
UNRESOLVED: g77.dg/bprob/bprob-1.f compilation, -O2 -fbranch-probabilities
UNRESOLVED: g77.dg/bprob/bprob-1.f execution, -O2 -fbranch-probabilities
FAIL: g77.dg/bprob/bprob-1.f execution, -O3 -fprofile-arcs
UNRESOLVED: g77.dg/bprob/bprob-1.f compilation, -O3 -fbranch-probabilities
UNRESOLVED: g77.dg/bprob/bprob-1.f execution, -O3 -fbranch-probabilities
FAIL: g77.dg/bprob/bprob-1.f execution, -O3 -g -fprofile-arcs
UNRESOLVED: g77.dg/bprob/bprob-1.f compilation, -O3 -g -fbranch-probabilities
UNRESOLVED: g77.dg/bprob/bprob-1.f execution, -O3 -g -fbranch-probabilities
FAIL: g77.dg/bprob/bprob-1.f execution, -Os -fprofile-arcs
UNRESOLVED: g77.dg/bprob/bprob-1.f compilation, -Os -fbranch-probabilities
UNRESOLVED: g77.dg/bprob/bprob-1.f execution, -Os -fbranch-probabilities
FAIL: g77.dg/gcov/gcov-1.f execution test
FAIL: g77.dg/gcov/gcov-1.f gcov: 118 failures in line counts, 32 in branch percentages, 24 in return percentages
=== g77 Summary ===
# of expected passes 1429
# of unexpected failures 9
# of unresolved testcases 14
# of unsupported tests 8
/usr/src/build/GCC/build-gcc-cvs/gcc/testsuite/../g77 version 3.2 20020301 (experimental)
=== gcc tests ===
Running target unix
WARNING: program timed out.
FAIL: gcc.c-torture/compile/20001226-1.c, -O2
WARNING: program timed out.
FAIL: gcc.c-torture/compile/20001226-1.c, -O3 -fomit-frame-pointer
WARNING: program timed out.
FAIL: gcc.c-torture/compile/20001226-1.c, -O3 -g
WARNING: program timed out.
FAIL: gcc.c-torture/compile/20001226-1.c, -Os
FAIL: gcc.c-torture/execute/20020227-1.c execution, -O2
FAIL: gcc.c-torture/execute/20020227-1.c execution, -Os
FAIL: gcc.c-torture/execute/strct-pack-1.c execution, -O2
FAIL: gcc.c-torture/execute/strct-pack-1.c execution, -Os
FAIL: gcc.dg/20001013-1.c (test for excess errors)
WARNING: gcc.dg/20001013-1.c compilation failed to produce executable
FAIL: gcc.dg/20001101-1.c (test for excess errors)
WARNING: gcc.dg/20001101-1.c compilation failed to produce executable
FAIL: gcc.dg/20001102-1.c (test for excess errors)
WARNING: gcc.dg/20001102-1.c compilation failed to produce executable
FAIL: gcc.dg/20020201-1.c execution test
FAIL: gcc.dg/pack-test-1.c (test for excess errors)
FAIL: gcc.dg/pack-test-2.c (test for errors, line 7)
FAIL: gcc.dg/pack-test-2.c (test for errors, line 14)
FAIL: gcc.dg/pack-test-2.c (test for errors, line 19)
FAIL: gcc.dg/pack-test-2.c (test for excess errors)
FAIL: gcc.dg/noncompile/930622-1.c (test for excess errors)
FAIL: gcc.misc-tests/bprob-1.c execution, -g -fprofile-arcs
UNRESOLVED: gcc.misc-tests/bprob-1.c compilation, -g -fbranch-probabilities
UNRESOLVED: gcc.misc-tests/bprob-1.c execution, -g -fbranch-probabilities
FAIL: gcc.misc-tests/bprob-1.c execution, -O0 -fprofile-arcs
UNRESOLVED: gcc.misc-tests/bprob-1.c compilation, -O0 -fbranch-probabilities
UNRESOLVED: gcc.misc-tests/bprob-1.c execution, -O0 -fbranch-probabilities
FAIL: gcc.misc-tests/bprob-1.c execution, -O1 -fprofile-arcs
UNRESOLVED: gcc.misc-tests/bprob-1.c compilation, -O1 -fbranch-probabilities
UNRESOLVED: gcc.misc-tests/bprob-1.c execution, -O1 -fbranch-probabilities
FAIL: gcc.misc-tests/bprob-1.c execution, -O2 -DPERFTIME -fprofile-arcs
UNRESOLVED: gcc.misc-tests/bprob-1.c compilation, -O2 -DPERFTIME -fbranch-probabilities
UNRESOLVED: gcc.misc-tests/bprob-1.c execution, -O2 -DPERFTIME -fbranch-probabilities
FAIL: gcc.misc-tests/bprob-1.c execution, -O3 -DPERFTIME -fprofile-arcs
UNRESOLVED: gcc.misc-tests/bprob-1.c compilation, -O3 -DPERFTIME -fbranch-probabilities
UNRESOLVED: gcc.misc-tests/bprob-1.c execution, -O3 -DPERFTIME -fbranch-probabilities
FAIL: gcc.misc-tests/bprob-1.c execution, -O3 -g -DPERFTIME -fprofile-arcs
UNRESOLVED: gcc.misc-tests/bprob-1.c compilation, -O3 -g -DPERFTIME -fbranch-probabilities
UNRESOLVED: gcc.misc-tests/bprob-1.c execution, -O3 -g -DPERFTIME -fbranch-probabilities
FAIL: gcc.misc-tests/bprob-1.c execution, -Os -fprofile-arcs
UNRESOLVED: gcc.misc-tests/bprob-1.c compilation, -Os -fbranch-probabilities
UNRESOLVED: gcc.misc-tests/bprob-1.c execution, -Os -fbranch-probabilities
FAIL: gcc.misc-tests/bprob-2.c execution, -g -fprofile-arcs
UNRESOLVED: gcc.misc-tests/bprob-2.c compilation, -g -fbranch-probabilities
UNRESOLVED: gcc.misc-tests/bprob-2.c execution, -g -fbranch-probabilities
FAIL: gcc.misc-tests/bprob-2.c execution, -O0 -fprofile-arcs
UNRESOLVED: gcc.misc-tests/bprob-2.c compilation, -O0 -fbranch-probabilities
UNRESOLVED: gcc.misc-tests/bprob-2.c execution, -O0 -fbranch-probabilities
FAIL: gcc.misc-tests/bprob-2.c execution, -O1 -fprofile-arcs
UNRESOLVED: gcc.misc-tests/bprob-2.c compilation, -O1 -fbranch-probabilities
UNRESOLVED: gcc.misc-tests/bprob-2.c execution, -O1 -fbranch-probabilities
FAIL: gcc.misc-tests/bprob-2.c execution, -O2 -DPERFTIME -fprofile-arcs
UNRESOLVED: gcc.misc-tests/bprob-2.c compilation, -O2 -DPERFTIME -fbranch-probabilities
UNRESOLVED: gcc.misc-tests/bprob-2.c execution, -O2 -DPERFTIME -fbranch-probabilities
FAIL: gcc.misc-tests/bprob-2.c execution, -O3 -DPERFTIME -fprofile-arcs
UNRESOLVED: gcc.misc-tests/bprob-2.c compilation, -O3 -DPERFTIME -fbranch-probabilities
UNRESOLVED: gcc.misc-tests/bprob-2.c execution, -O3 -DPERFTIME -fbranch-probabilities
FAIL: gcc.misc-tests/bprob-2.c execution, -O3 -g -DPERFTIME -fprofile-arcs
UNRESOLVED: gcc.misc-tests/bprob-2.c compilation, -O3 -g -DPERFTIME -fbranch-probabilities
UNRESOLVED: gcc.misc-tests/bprob-2.c execution, -O3 -g -DPERFTIME -fbranch-probabilities
FAIL: gcc.misc-tests/bprob-2.c execution, -Os -fprofile-arcs
UNRESOLVED: gcc.misc-tests/bprob-2.c compilation, -Os -fbranch-probabilities
UNRESOLVED: gcc.misc-tests/bprob-2.c execution, -Os -fbranch-probabilities
FAIL: gcc.misc-tests/gcov-1.c execution test
FAIL: gcc.misc-tests/gcov-1.c gcov: 3 failures in line counts
FAIL: gcc.misc-tests/gcov-2.c execution test
FAIL: gcc.misc-tests/gcov-2.c gcov: 3 failures in line counts
FAIL: gcc.misc-tests/gcov-3.c execution test
FAIL: gcc.misc-tests/gcov-3.c gcov: 2 failures in line counts
FAIL: gcc.misc-tests/gcov-4.c execution test
FAIL: gcc.misc-tests/gcov-4.c gcov: 50 failures in line counts
FAIL: gcc.misc-tests/gcov-4b.c execution test
FAIL: gcc.misc-tests/gcov-4b.c gcov: 24 failures in branch percentages
FAIL: gcc.misc-tests/gcov-5b.c execution test
FAIL: gcc.misc-tests/gcov-6.c execution test
FAIL: gcc.misc-tests/gcov-6.c gcov: 3 failures in line counts, 1 in branch percentages, 3 in return percentages
FAIL: gcc.misc-tests/gcov-7.c execution test
FAIL: gcc.misc-tests/gcov-7.c gcov: 9 failures in line counts, 3 in branch percentages, 4 in return percentages
=== gcc Summary ===
# of expected passes 17738
# of unexpected failures 47
# of expected failures 62
# of unresolved testcases 28
# of unsupported tests 95
/usr/src/build/GCC/build-gcc-cvs/gcc/xgcc version 3.2 20020301 (experimental)
=== objc tests ===
Running target unix
FAIL: objc/execute/formal_protocol-6.m execution, -O0
FAIL: objc/execute/formal_protocol-6.m execution, -O1
FAIL: objc/execute/formal_protocol-6.m execution, -O2
FAIL: objc/execute/formal_protocol-6.m execution, -O3 -fomit-frame-pointer
FAIL: objc/execute/formal_protocol-6.m execution, -O3 -g
FAIL: objc/execute/formal_protocol-6.m execution, -Os
=== objc Summary ===
# of expected passes 1036
# of unexpected failures 6
/usr/src/build/GCC/build-gcc-cvs/gcc/xgcc version 3.2 20020301 (experimental)
=== libjava tests ===
Running target unix
FAIL: linking cxxtest
FAIL: Invoke_1 execution from source compiled test
FAIL: Invoke_1 execution from bytecode->native test
FAIL: Invoke_1 -O execution from source compiled test
FAIL: Invoke_1 -O execution from bytecode->native test
FAIL: PR218 execution from source compiled test
FAIL: PR218 execution from bytecode->native test
FAIL: PR218 -O execution from source compiled test
FAIL: PR218 -O execution from bytecode->native test
FAIL: TLtest compilation from bytecode
FAIL: TLtest -O compilation from bytecode
FAIL: invokethrow execution from source compiled test
FAIL: invokethrow execution from bytecode->native test
FAIL: invokethrow -O execution from source compiled test
FAIL: invokethrow -O execution from bytecode->native test
FAIL: Array_3 execution from source compiled test
FAIL: Array_3 execution from bytecode->native test
FAIL: Array_3 -O execution from source compiled test
FAIL: Array_3 -O execution from bytecode->native test
=== libjava Summary ===
# of expected passes 1913
# of unexpected failures 19
# of expected failures 15
# of untested testcases 104
=== libstdc++-v3 tests ===
Running target unix
ERROR: tcl error sourcing /usr/src/build/GCC/gcc/libstdc++-v3/testsuite/libstdc++-v3.dg/dg.exp.
ERROR: couldn't compile regular expression pattern: quantifier operand invalid
=== libstdc++-v3 Summary ===
Compiler version: 3.2 20020301 (experimental)
Platform: sparc-redhat-linux-gnu
configure flags: --host=sparc-redhat-linux --prefix=/usr