This is the mail archive of the
gcc-testresults@gcc.gnu.org
mailing list for the GCC project.
Results for 3.0.4 testsuite on i386-unknown-freebsd4.4
- From: "William C. Cox" <bill at woola dot qswtools dot com>
- To: gcc-testresults at gcc dot gnu dot org
- Date: Tue, 26 Feb 2002 18:42:43 -0800 (PST)
- Subject: Results for 3.0.4 testsuite on i386-unknown-freebsd4.4
LAST_UPDATED:
Native configuration is i386-unknown-freebsd4.4
=== g++ tests ===
Running target unix
=== g++ Summary ===
# of expected passes 6509
# of expected failures 103
# of untested testcases 15
/users/bill/gcc-3.0.4/i386-unknown-freebsd4.4/gcc/testsuite/../g++ version 3.0.4
=== g77 tests ===
Running target unix
=== g77 Summary ===
# of expected passes 939
# of unsupported tests 8
=== gcc tests ===
Running target unix
FAIL: gcc.c-torture/compile/20001226-1.c, -O0
FAIL: gcc.c-torture/compile/20001226-1.c, -O1
FAIL: gcc.c-torture/compile/20001226-1.c, -O2
FAIL: gcc.c-torture/compile/20001226-1.c, -O3 -fomit-frame-pointer
FAIL: gcc.c-torture/compile/20001226-1.c, -O3 -g
FAIL: gcc.c-torture/compile/20001226-1.c, -Os
XPASS: gcc.c-torture/execute/20000801-4.c execution, -O0
XPASS: gcc.c-torture/execute/20000801-4.c execution, -O1
XPASS: gcc.c-torture/execute/20000801-4.c execution, -O2
XPASS: gcc.c-torture/execute/20000801-4.c execution, -O3 -fomit-frame-pointer
XPASS: gcc.c-torture/execute/20000801-4.c execution, -O3 -g
XPASS: gcc.c-torture/execute/20000801-4.c execution, -Os
XPASS: gcc.c-torture/execute/ieee/rbug.c execution, -O3 -fomit-frame-pointer
XPASS: gcc.c-torture/execute/ieee/rbug.c execution, -O3 -g
=== gcc Summary ===
# of expected passes 15320
# of unexpected failures 6
# of unexpected successes 8
# of expected failures 81
# of unsupported tests 24
/users/bill/gcc-3.0.4/i386-unknown-freebsd4.4/gcc/xgcc version 3.0.4
=== objc tests ===
Running target unix
=== objc Summary ===
# of expected passes 153
# of expected failures 1
/users/bill/gcc-3.0.4/i386-unknown-freebsd4.4/gcc/xgcc version 3.0.4
Compiler version: 3.0.4
Platform: i386-unknown-freebsd4.4
configure flags: --host=i386-unknown-freebsd4.4