This is the mail archive of the
gcc-testresults@gcc.gnu.org
mailing list for the GCC project.
Results for 3.1 20020223 (experimental) testsuite on hppa1.1-hp-hpux11.00
- From: Michael Ritzert <michael dot ritzert at realtech dot de>
- To: gcc-testresults at gcc dot gnu dot org
- Date: Mon, 25 Feb 2002 21:37:24 +0100
- Subject: Results for 3.1 20020223 (experimental) testsuite on hppa1.1-hp-hpux11.00
LAST_UPDATED: Fre Jan 4 11:10:46 UTC 2002
Native configuration is hppa1.1-hp-hpux11.00
=== g++ tests ===
Running target unix
FAIL: g++.dg/ext/instantiate1.C (test for excess errors)
FAIL: g++.dg/warn/weak1.C (test for excess errors)
FAIL: g++.bob/inherit2.C (test for excess errors)
FAIL: g++.ext/attrib5.C (test for excess errors)
FAIL: g++.law/profile1.C (test for excess errors)
XPASS: g++.mike/eh33.C (test for excess errors)
XPASS: g++.mike/eh33.C Execution test
XPASS: g++.mike/eh50.C (test for excess errors)
XPASS: g++.mike/eh50.C Execution test
FAIL: g++.mike/net40.C (test for excess errors)
FAIL: g++.other/dwarf2-1.C (test for excess errors)
FAIL: g++.other/mangle11.C (test for excess errors)
FAIL: g++.other/mangle3.C (test for excess errors)
FAIL: g++.robertl/eb44.C (test for excess errors)
=== g++ Summary ===
# of expected passes 6957
# of unexpected failures 10
# of unexpected successes 4
# of expected failures 103
# of untested testcases 23
/var/compile/alina-auto/gcc/testsuite/../g++ version 3.1 20020223 (experimental)
=== gcc tests ===
Running target unix
FAIL: gcc.c-torture/compile/20020210-1.c, -O0
FAIL: gcc.c-torture/compile/20020210-1.c, -O1
FAIL: gcc.c-torture/compile/20020210-1.c, -O2
FAIL: gcc.c-torture/compile/20020210-1.c, -O3 -fomit-frame-pointer
FAIL: gcc.c-torture/compile/20020210-1.c, -O3 -g
FAIL: gcc.c-torture/compile/20020210-1.c, -Os
FAIL: gcc.c-torture/compile/20001226-1.c, -O1
FAIL: gcc.c-torture/compile/20001226-1.c, -O2
FAIL: gcc.c-torture/compile/20001226-1.c, -O3 -fomit-frame-pointer
FAIL: gcc.c-torture/compile/20001226-1.c, -O3 -g
FAIL: gcc.c-torture/compile/20001226-1.c, -Os
FAIL: gcc.c-torture/execute/strct-pack-1.c execution, -O2
FAIL: gcc.c-torture/execute/strct-pack-1.c execution, -Os
FAIL: gcc.dg/20020219-1.c execution test
FAIL: gcc.dg/asm-names.c (test for excess errors)
FAIL: gcc.dg/inline-1.c scan-assembler-not xyzzy
=== gcc Summary ===
# of expected passes 17540
# of unexpected failures 16
# of expected failures 70
# of unresolved testcases 4
# of unsupported tests 107
/var/compile/alina-auto/gcc/xgcc version 3.1 20020223 (experimental)
=== libstdc++-v3 tests ===
Running target unix
XPASS: 22_locale/collate_members_wchar_t.cc execution test
XPASS: 22_locale/money_get_members_wchar_t.cc execution test
XPASS: 22_locale/money_put_members_wchar_t.cc execution test
XPASS: 22_locale/moneypunct_members_wchar_t.cc execution test
XPASS: 22_locale/num_get_members_wchar_t.cc execution test
XPASS: 22_locale/num_put_members_wchar_t.cc execution test
XPASS: 22_locale/numpunct_members_wchar_t.cc execution test
XPASS: 22_locale/time_get_members_wchar_t.cc execution test
XPASS: 22_locale/time_put_members_wchar_t.cc execution test
FAIL: 26_numerics/c99_classification_macros_c.cc (test for excess errors)
FAIL: 27_io/ios_manip_basefield.cc execution test
=== libstdc++-v3 Summary ===
# of expected passes 343
# of unexpected failures 2
# of unexpected successes 9
# of expected failures 16
# of unsupported tests 6
Compiler version: 3.1 20020223 (experimental)
Platform: hppa1.1-hp-hpux11.00
configure flags: --host=hppa1.1-hp-hpux11.00 --enable-languages=c++ --prefix=/opt/gcc-3.0 --with-gnu-as --with-as=/opt/binutils/bin/as