This is the mail archive of the
gcc-testresults@gcc.gnu.org
mailing list for the GCC project.
Results for 3.0.4 testsuite on sparc-sun-solaris2.8
- From: shopadm at ourson dot rd dot francetelecom dot fr
- To: gcc-testresults at gcc dot gnu dot org
- Date: Mon, 25 Feb 2002 09:24:06 +0100 (MET)
- Subject: Results for 3.0.4 testsuite on sparc-sun-solaris2.8
Native configuration is sparc-sun-solaris2.8
=== g++ tests ===
Running target unix
FAIL: g++.eh/badalloc1.C Execution test
FAIL: g++.ext/instantiate1.C not instantiated (test for errors, line 20)
=== g++ Summary ===
# of expected passes 6501
# of unexpected failures 2
# of expected failures 103
# of untested testcases 19
/free/shop_build/gcc-3.0.4/build-sparc-sun-solaris2.8/gcc/testsuite/../g++ version 3.0.4
=== g77 tests ===
Running target unix
=== g77 Summary ===
# of expected passes 939
# of unsupported tests 8
=== gcc tests ===
Running target unix
FAIL: gcc.c-torture/compile/20001226-1.c, -Os
FAIL: gcc.dg/20001013-1.c (test for excess errors)
=== gcc Summary ===
# of expected passes 15290
# of unexpected failures 2
# of expected failures 78
# of unsupported tests 49
/free/shop_build/gcc-3.0.4/build-sparc-sun-solaris2.8/gcc/xgcc version 3.0.4
=== objc tests ===
Running target unix
=== objc Summary ===
# of expected passes 153
# of expected failures 1
/free/shop_build/gcc-3.0.4/build-sparc-sun-solaris2.8/gcc/xgcc version 3.0.4
=== libstdc++-v3 tests ===
Running target unix
XPASS: 26_numerics/c99_classification_macros_c.cc (test for excess errors)
=== libstdc++-v3 Summary ===
# of expected passes 247
# of unexpected successes 1
# of expected failures 7
Compiler version: 3.0.4
Platform: sparc-sun-solaris2.8