This is the mail archive of the
gcc-testresults@gcc.gnu.org
mailing list for the GCC project.
Results for 3.1 20020218 (experimental) testsuite on sparc-sun-solaris2.5
- From: Alexandre Oliva <oliva at ic dot unicamp dot br>
- To: gcc-testresults at gcc dot gnu dot org
- Date: Sun, 24 Feb 2002 22:58:47 -0300 (EST)
- Subject: Results for 3.1 20020218 (experimental) testsuite on sparc-sun-solaris2.5
Native configuration is sparc-sun-solaris2.5
=== binutils tests ===
Running target unix
FAIL: readelf -wi
=== binutils Summary ===
# of expected passes 31
# of unexpected failures 1
=== g++ tests ===
Running target unix
FAIL: g++.dg/abi/mangle5.C scan-assembler
FAIL: g++.dg/warn/Wshadow-1.C ignored (test for errors, line )
FAIL: g++.dg/special/conpr-2.C execution test
FAIL: g++.dg/special/conpr-3.C execution test
FAIL: g++.dg/special/initp1.C execution test
FAIL: g++.bob/inherit2.C (test for excess errors)
FAIL: g++.law/profile1.C Execution test
FAIL: g++.mike/net40.C (test for excess errors)
FAIL: g++.robertl/eb130.C (test for excess errors)
FAIL: g++.robertl/eb132.C (test for excess errors)
FAIL: g++.robertl/eb44.C (test for excess errors)
FAIL: g++.robertl/eb73.C (test for excess errors)
=== g++ Summary ===
# of expected passes 7014
# of unexpected failures 12
# of expected failures 91
# of untested testcases 21
/tmp/egcs/gcc/testsuite/../g++ version 3.1 20020218 (experimental)
=== g77 tests ===
Running target unix
=== g77 Summary ===
# of expected passes 1452
# of unsupported tests 8
/tmp/egcs/gcc/testsuite/../g77 version 3.1 20020218 (experimental)
=== gas tests ===
Running target unix
=== gas Summary ===
# of expected passes 80
=== gcc tests ===
Running target unix
FAIL: gcc.c-torture/compile/20001226-1.c, -O3 -g
FAIL: gcc.c-torture/compile/20001226-1.c, -Os
FAIL: gcc.c-torture/execute/strct-pack-1.c execution, -O2
FAIL: gcc.c-torture/execute/strct-pack-1.c execution, -Os
FAIL: gcc.dg/cpp/ucs.c bad U1234abcd evaluation (test for bogus messages, line 14)
FAIL: gcc.dg/cpp/ucs.c (test for excess errors)
FAIL: gcc.dg/20001013-1.c (test for excess errors)
FAIL: gcc.dg/20001101-1.c (test for excess errors)
FAIL: gcc.dg/20001102-1.c (test for excess errors)
FAIL: gcc.dg/c99-float-1.c (test for excess errors)
FAIL: gcc.dg/noncompile/930622-1.c (test for excess errors)
=== gcc Summary ===
# of expected passes 17629
# of unexpected failures 11
# of expected failures 62
# of unsupported tests 95
/tmp/egcs/gcc/xgcc version 3.1 20020218 (experimental)
=== ld tests ===
Running target unix
FAIL: shared (non PIC, load offset)
FAIL: S-records with constructors
=== ld Summary ===
# of expected passes 66
# of unexpected failures 2
# of expected failures 13
=== objc tests ===
Running target unix
FAIL: objc/execute/formal_protocol-6.m execution, -O0
FAIL: objc/execute/formal_protocol-6.m execution, -O1
FAIL: objc/execute/formal_protocol-6.m execution, -O2
FAIL: objc/execute/formal_protocol-6.m execution, -O3 -fomit-frame-pointer
FAIL: objc/execute/formal_protocol-6.m execution, -O3 -g
FAIL: objc/execute/formal_protocol-6.m execution, -Os
=== objc Summary ===
# of expected passes 1036
# of unexpected failures 6
/tmp/egcs/gcc/xgcc version 3.1 20020218 (experimental)
Compiler version: 3.1 20020218 (experimental)
Platform: sparc-sun-solaris2.5
BOOT_CFLAGS: standard
Counting all warnings,
there are 21 warnings in stage3 of this bootstrap.
Number of warnings per file:
5 libjava/java/lang/natClassLoader.cc
4 libjava/java/lang/strtod.c
4 libjava/java/lang/dtoa.c
3 libjava/java/lang/e_exp.c
1 libjava/java/lang/e_rem_pio2.c
1 libjava/java/lang/e_log.c
1 libjava/java/lang/e_asin.c
1 libjava/gnu/gcj/runtime/natSharedLibLoader.cc
1 libjava/gnu/gcj/io/shs.cc
Number of warning types:
13 `???' might be used uninitialized in this function
6 unused
1 division: function singularity
1 `void