This is the mail archive of the
gcc-testresults@gcc.gnu.org
mailing list for the GCC project.
Results for 3.1 20020213 (experimental) testsuite on sparc-sun-solaris2.7
- From: mike stump <mrs at windriver dot com>
- To: gcc-testresults at gcc dot gnu dot org
- Date: Thu, 21 Feb 2002 11:48:15 -0800 (PST)
- Subject: Results for 3.1 20020213 (experimental) testsuite on sparc-sun-solaris2.7
LAST_UPDATED: Thu Feb 14 01:04:46 GMT 2002
Native configuration is sparc-sun-solaris2.7
=== g++ tests ===
Running target unix
FAIL: g++.dg/ext/instantiate1.C suppressing f<int> (test for errors, line )
FAIL: g++.dg/ext/instantiate1.C suppressing A<int> (test for errors, line )
FAIL: g++.dg/ext/instantiate1.C (test for excess errors)
FAIL: g++.dg/special/conpr-2.C execution test
FAIL: g++.dg/special/conpr-3.C execution test
FAIL: g++.dg/special/initp1.C execution test
FAIL: g++.bob/inherit2.C (test for excess errors)
FAIL: g++.eh/ia64-1.C (test for excess errors)
FAIL: g++.ext/instantiate2.C not instantiated (test for errors, line 19)
FAIL: g++.ext/instantiate3.C not instantiated (test for errors, line 13)
FAIL: g++.mike/net40.C (test for excess errors)
FAIL: g++.robertl/eb44.C (test for excess errors)
=== g++ Summary ===
# of expected passes 6875
# of unexpected failures 12
# of expected failures 91
# of untested testcases 21
# of unsupported tests 1
/kankakee1/tmp/mrs/net/gcc-sol/gcc/testsuite/../g++ version 3.1 20020213 (experimental)
=== g77 tests ===
Running target unix
=== g77 Summary ===
# of expected passes 1452
# of unsupported tests 8
/kankakee1/tmp/mrs/net/gcc-sol/gcc/testsuite/../g77 version 3.1 20020213 (experimental)
=== gcc tests ===
Running target unix
FAIL: gcc.c-torture/compile/20001226-1.c, -O3 -g
FAIL: gcc.c-torture/compile/20011119-1.c, -O0
FAIL: gcc.c-torture/compile/20011119-1.c, -O1
FAIL: gcc.c-torture/compile/20011119-1.c, -O2
FAIL: gcc.c-torture/compile/20011119-1.c, -O3 -fomit-frame-pointer
FAIL: gcc.c-torture/compile/20011119-1.c, -O3 -g
FAIL: gcc.c-torture/compile/20011119-1.c, -Os
FAIL: gcc.c-torture/compile/20011119-2.c, -O0
FAIL: gcc.c-torture/compile/20011119-2.c, -O1
FAIL: gcc.c-torture/compile/20011119-2.c, -O2
FAIL: gcc.c-torture/compile/20011119-2.c, -O3 -fomit-frame-pointer
FAIL: gcc.c-torture/compile/20011119-2.c, -O3 -g
FAIL: gcc.c-torture/compile/20011119-2.c, -Os
FAIL: gcc.c-torture/execute/strct-pack-1.c execution, -O2
FAIL: gcc.c-torture/execute/strct-pack-1.c execution, -Os
FAIL: gcc.dg/cpp/charconst.c (test for excess errors)
FAIL: gcc.dg/cpp/ucs.c bad U1234abcd evaluation (test for bogus messages, line 14)
FAIL: gcc.dg/cpp/ucs.c (test for excess errors)
FAIL: gcc.dg/20001013-1.c (test for excess errors)
FAIL: gcc.dg/20001101-1.c (test for excess errors)
FAIL: gcc.dg/20001102-1.c (test for excess errors)
FAIL: gcc.dg/c99-float-1.c (test for excess errors)
FAIL: gcc.dg/noncompile/930622-1.c (test for excess errors)
FAIL: gcc.dg/special/gcsec-1.c (test for excess errors)
=== gcc Summary ===
# of expected passes 17511
# of unexpected failures 24
# of expected failures 62
# of unsupported tests 95
/kankakee1/tmp/mrs/net/gcc-sol/gcc/xgcc version 3.1 20020213 (experimental)
=== objc tests ===
Running target unix
FAIL: objc/execute/formal_protocol-6.m execution, -O0
FAIL: objc/execute/formal_protocol-6.m execution, -O1
FAIL: objc/execute/formal_protocol-6.m execution, -O2
FAIL: objc/execute/formal_protocol-6.m execution, -O3 -fomit-frame-pointer
FAIL: objc/execute/formal_protocol-6.m execution, -O3 -g
FAIL: objc/execute/formal_protocol-6.m execution, -Os
=== objc Summary ===
# of expected passes 1036
# of unexpected failures 6
/kankakee1/tmp/mrs/net/gcc-sol/gcc/xgcc version 3.1 20020213 (experimental)
=== libjava tests ===
Running target unix
FAIL: calls output
FAIL: linking cxxtest
FAIL: invokethrow execution from source compiled test
FAIL: invokethrow execution from bytecode->native test
FAIL: invokethrow -O execution from source compiled test
FAIL: invokethrow -O execution from bytecode->native test
FAIL: Invoke_1 execution from source compiled test
FAIL: Invoke_1 execution from bytecode->native test
FAIL: Invoke_1 -O execution from source compiled test
FAIL: Invoke_1 -O execution from bytecode->native test
XPASS: err7 compilation from bytecode
XPASS: err7 -O compilation from bytecode
XPASS: err8 compilation from bytecode
XPASS: err8 -O compilation from bytecode
XPASS: stringconst output from bytecode->native test
XPASS: stringconst -O output from bytecode->native test
FAIL: instinit2 output from bytecode->native test
FAIL: instinit2 -O output from bytecode->native test
FAIL: nested_with_ctor output from bytecode->native test
FAIL: nested_with_ctor -O output from bytecode->native test
FAIL: test_long output from bytecode->native test
FAIL: test_long -O output from bytecode->native test
FAIL: FileHandleGcTest execution from source compiled test
FAIL: FileHandleGcTest execution from bytecode->native test
FAIL: FileHandleGcTest -O execution from source compiled test
FAIL: FileHandleGcTest -O execution from bytecode->native test
=== libjava Summary ===
# of expected passes 1952
# of unexpected failures 20
# of unexpected successes 6
# of expected failures 11
# of untested testcases 20
=== libstdc++-v3 tests ===
Running target unix
XPASS: 22_locale/collate_members_wchar_t.cc execution test
XPASS: 22_locale/money_get_members_wchar_t.cc execution test
XPASS: 22_locale/money_put_members_wchar_t.cc execution test
XPASS: 22_locale/moneypunct_members_wchar_t.cc execution test
XPASS: 22_locale/num_get_members_wchar_t.cc execution test
XPASS: 22_locale/num_put_members_wchar_t.cc execution test
XPASS: 22_locale/numpunct_members_wchar_t.cc execution test
XPASS: 22_locale/time_get_members_wchar_t.cc execution test
XPASS: 22_locale/time_put_members_wchar_t.cc execution test
FAIL: 27_io/istream_extractor_arith.cc execution test
FAIL: thread/pthread4.cc execution test
=== libstdc++-v3 Summary ===
# of expected passes 353
# of unexpected failures 2
# of unexpected successes 9
# of expected failures 16
Compiler version: 3.1 20020213 (experimental)
Platform: sparc-sun-solaris2.7
configure flags: --host=sparc-sun-solaris2.7 --prefix=/folk/mrs/packages/gcc-20020219