This is the mail archive of the
gcc-testresults@gcc.gnu.org
mailing list for the GCC project.
Results for 3.1 20020220 (experimental) testsuite on powerpc-unknown-linux-gnu
- From: Franz Sirl <fsirl at entropy dot crashing dot org>
- To: gcc-testresults at gcc dot gnu dot org
- Date: Thu, 21 Feb 2002 04:20:01 -0700
- Subject: Results for 3.1 20020220 (experimental) testsuite on powerpc-unknown-linux-gnu
Environment:
binutils-2.11.93.0.2
glibc-2.2.4
linux-2.4.16
Local modifications:
- reject hard regs in CSE for constant replacement
LAST_UPDATED: Wed Feb 20 14:45:36 UTC 2002
Native configuration is powerpc-unknown-linux-gnu
=== g77 tests ===
Running target unix/-O2
FAIL: g77.dg/gcov/gcov-1.f gcov: 3 failures in line counts, 7 in branch percentages, 0 in return percentages
FAIL: g77.f-torture/execute/f90-intrinsic-numeric.f execution, -O0
FAIL: g77.f-torture/execute/f90-intrinsic-numeric.f execution, -O1
FAIL: g77.f-torture/execute/f90-intrinsic-numeric.f execution, -O2
FAIL: g77.f-torture/execute/f90-intrinsic-numeric.f execution, -O3 -fomit-frame-pointer
FAIL: g77.f-torture/execute/f90-intrinsic-numeric.f execution, -O3 -g
FAIL: g77.f-torture/execute/f90-intrinsic-numeric.f execution, -Os
=== g77 Summary for unix/-O2 ===
# of expected passes 1445
# of unexpected failures 7
# of unsupported tests 8
Running target unix/-fpic
FAIL: g77.f-torture/execute/f90-intrinsic-numeric.f execution, -O1
FAIL: g77.f-torture/execute/f90-intrinsic-numeric.f execution, -O2
FAIL: g77.f-torture/execute/f90-intrinsic-numeric.f execution, -O3 -fomit-frame-pointer
FAIL: g77.f-torture/execute/f90-intrinsic-numeric.f execution, -O3 -g
FAIL: g77.f-torture/execute/f90-intrinsic-numeric.f execution, -Os
=== g77 Summary for unix/-fpic ===
# of expected passes 1447
# of unexpected failures 5
# of unsupported tests 8
Running target unix/-fPIC
FAIL: g77.f-torture/execute/f90-intrinsic-numeric.f execution, -O1
FAIL: g77.f-torture/execute/f90-intrinsic-numeric.f execution, -O2
FAIL: g77.f-torture/execute/f90-intrinsic-numeric.f execution, -O3 -fomit-frame-pointer
FAIL: g77.f-torture/execute/f90-intrinsic-numeric.f execution, -O3 -g
FAIL: g77.f-torture/execute/f90-intrinsic-numeric.f execution, -Os
=== g77 Summary for unix/-fPIC ===
# of expected passes 1447
# of unexpected failures 5
# of unsupported tests 8
Running target unix
FAIL: g77.f-torture/execute/f90-intrinsic-numeric.f execution, -O1
FAIL: g77.f-torture/execute/f90-intrinsic-numeric.f execution, -O2
FAIL: g77.f-torture/execute/f90-intrinsic-numeric.f execution, -O3 -fomit-frame-pointer
FAIL: g77.f-torture/execute/f90-intrinsic-numeric.f execution, -O3 -g
FAIL: g77.f-torture/execute/f90-intrinsic-numeric.f execution, -Os
=== g77 Summary for unix ===
# of expected passes 1447
# of unexpected failures 5
# of unsupported tests 8
=== g77 Summary ===
# of expected passes 5786
# of unexpected failures 22
# of unsupported tests 32
/home/fsirl/obj/gccm/gcc/testsuite/../g77 version 3.1 20020220 (experimental)
=== gcc tests ===
Running target unix/-O2
FAIL: gcc.dg/cpp/charconst.c (test for excess errors)
FAIL: gcc.dg/20000906-1.c (test for excess errors)
FAIL: gcc.dg/20020103-1.c scan-assembler-not LC
FAIL: gcc.dg/20020118-1.c execution test
FAIL: gcc.misc-tests/gcov-4.c gcov: 3 failures in line counts
FAIL: gcc.misc-tests/gcov-4b.c gcov: 8 failures in branch percentages
=== gcc Summary for unix/-O2 ===
# of expected passes 17644
# of unexpected failures 6
# of expected failures 62
# of unsupported tests 93
Running target unix/-fpic
FAIL: gcc.dg/cpp/charconst.c (test for excess errors)
FAIL: gcc.dg/20020103-1.c scan-assembler-not LC
FAIL: gcc.dg/20020118-1.c execution test
=== gcc Summary for unix/-fpic ===
# of expected passes 17648
# of unexpected failures 3
# of expected failures 62
# of unsupported tests 93
Running target unix/-fPIC
FAIL: gcc.dg/cpp/charconst.c (test for excess errors)
FAIL: gcc.dg/20020103-1.c scan-assembler-not LC
FAIL: gcc.dg/20020118-1.c execution test
=== gcc Summary for unix/-fPIC ===
# of expected passes 17648
# of unexpected failures 3
# of expected failures 62
# of unsupported tests 93
Running target unix
FAIL: gcc.dg/cpp/charconst.c (test for excess errors)
FAIL: gcc.dg/20020103-1.c scan-assembler-not LC
FAIL: gcc.dg/20020118-1.c execution test
=== gcc Summary for unix ===
# of expected passes 17648
# of unexpected failures 3
# of expected failures 62
# of unsupported tests 93
=== gcc Summary ===
# of expected passes 70588
# of unexpected failures 15
# of expected failures 248
# of unsupported tests 372
/home/fsirl/obj/gccm/gcc/xgcc version 3.1 20020220 (experimental)
=== g++ tests ===
Running target unix/-O2
=== g++ Summary for unix/-O2 ===
# of expected passes 7023
# of expected failures 91
# of untested testcases 23
Running target unix/-fpic
=== g++ Summary for unix/-fpic ===
# of expected passes 7023
# of expected failures 91
# of untested testcases 23
Running target unix/-fPIC
FAIL: g++.ext/instantiate2.C not instantiated (test for errors, line 19)
FAIL: g++.ext/instantiate2.C (test for bogus messages, line 17)
FAIL: g++.ext/instantiate3.C not instantiated (test for errors, line 13)
=== g++ Summary for unix/-fPIC ===
# of expected passes 7020
# of unexpected failures 3
# of expected failures 91
# of untested testcases 23
Running target unix
=== g++ Summary for unix ===
# of expected passes 7023
# of expected failures 91
# of untested testcases 23
=== g++ Summary ===
# of expected passes 28089
# of unexpected failures 3
# of expected failures 364
# of untested testcases 92
/home/fsirl/obj/gccm/gcc/testsuite/../g++ version 3.1 20020220 (experimental)
=== objc tests ===
Running target unix/-O2
FAIL: objc/execute/formal_protocol-6.m execution, -O0
FAIL: objc/execute/formal_protocol-6.m execution, -O1
FAIL: objc/execute/formal_protocol-6.m execution, -O2
FAIL: objc/execute/formal_protocol-6.m execution, -O3 -fomit-frame-pointer
FAIL: objc/execute/formal_protocol-6.m execution, -O3 -g
FAIL: objc/execute/formal_protocol-6.m execution, -Os
=== objc Summary for unix/-O2 ===
# of expected passes 1036
# of unexpected failures 6
Running target unix/-fpic
FAIL: objc/execute/formal_protocol-6.m execution, -O0
FAIL: objc/execute/formal_protocol-6.m execution, -O1
FAIL: objc/execute/formal_protocol-6.m execution, -O2
FAIL: objc/execute/formal_protocol-6.m execution, -O3 -fomit-frame-pointer
FAIL: objc/execute/formal_protocol-6.m execution, -O3 -g
FAIL: objc/execute/formal_protocol-6.m execution, -Os
=== objc Summary for unix/-fpic ===
# of expected passes 1036
# of unexpected failures 6
Running target unix/-fPIC
FAIL: objc/execute/formal_protocol-6.m execution, -O0
FAIL: objc/execute/formal_protocol-6.m execution, -O1
FAIL: objc/execute/formal_protocol-6.m execution, -O2
FAIL: objc/execute/formal_protocol-6.m execution, -O3 -fomit-frame-pointer
FAIL: objc/execute/formal_protocol-6.m execution, -O3 -g
FAIL: objc/execute/formal_protocol-6.m execution, -Os
=== objc Summary for unix/-fPIC ===
# of expected passes 1036
# of unexpected failures 6
Running target unix
FAIL: objc/execute/formal_protocol-6.m execution, -O0
FAIL: objc/execute/formal_protocol-6.m execution, -O1
FAIL: objc/execute/formal_protocol-6.m execution, -O2
FAIL: objc/execute/formal_protocol-6.m execution, -O3 -fomit-frame-pointer
FAIL: objc/execute/formal_protocol-6.m execution, -O3 -g
FAIL: objc/execute/formal_protocol-6.m execution, -Os
=== objc Summary for unix ===
# of expected passes 1036
# of unexpected failures 6
=== objc Summary ===
# of expected passes 4144
# of unexpected failures 24
/home/fsirl/obj/gccm/gcc/xgcc version 3.1 20020220 (experimental)
=== libjava tests ===
Running target unix/-O2
FAIL: calls header generation
FAIL: final_method header generation
FAIL: findclass header generation
FAIL: invoke header generation
FAIL: noclass header generation
FAIL: overload header generation
FAIL: register header generation
FAIL: simple_int header generation
FAIL: throwit header generation
FAIL: virtual header generation
FAIL: martin header generation
FAIL: field header generation
FAIL: cxxtest header generation
FAIL: instinit2 output from bytecode->native test
FAIL: instinit2 -O output from bytecode->native test
FAIL: nested_with_ctor output from bytecode->native test
FAIL: nested_with_ctor -O output from bytecode->native test
FAIL: test_long output from bytecode->native test
FAIL: test_long -O output from bytecode->native test
FAIL: invokethrow execution from source compiled test
FAIL: invokethrow execution from bytecode->native test
FAIL: invokethrow -O execution from source compiled test
FAIL: invokethrow -O execution from bytecode->native test
FAIL: Array_3 execution from source compiled test
FAIL: Array_3 execution from bytecode->native test
FAIL: Array_3 -O execution from source compiled test
FAIL: Array_3 -O execution from bytecode->native test
=== libjava Summary for unix/-O2 ===
# of expected passes 1941
# of unexpected failures 27
# of expected failures 14
# of untested testcases 16
Running target unix/-fpic
FAIL: calls header generation
FAIL: final_method header generation
FAIL: findclass header generation
FAIL: invoke header generation
FAIL: noclass header generation
FAIL: overload header generation
FAIL: register header generation
FAIL: simple_int header generation
FAIL: throwit header generation
FAIL: virtual header generation
FAIL: martin header generation
FAIL: field header generation
FAIL: cxxtest header generation
FAIL: instinit2 output from bytecode->native test
FAIL: instinit2 -O output from bytecode->native test
FAIL: nested_with_ctor output from bytecode->native test
FAIL: nested_with_ctor -O output from bytecode->native test
FAIL: test_long output from bytecode->native test
FAIL: test_long -O output from bytecode->native test
FAIL: invokethrow execution from source compiled test
FAIL: invokethrow execution from bytecode->native test
FAIL: invokethrow -O execution from source compiled test
FAIL: invokethrow -O execution from bytecode->native test
FAIL: Array_3 execution from source compiled test
FAIL: Array_3 execution from bytecode->native test
FAIL: Array_3 -O execution from source compiled test
FAIL: Array_3 -O execution from bytecode->native test
=== libjava Summary for unix/-fpic ===
# of expected passes 1941
# of unexpected failures 27
# of expected failures 14
# of untested testcases 16
Running target unix/-fPIC
FAIL: calls header generation
FAIL: final_method header generation
FAIL: findclass header generation
FAIL: invoke header generation
FAIL: noclass header generation
FAIL: overload header generation
FAIL: register header generation
FAIL: simple_int header generation
FAIL: throwit header generation
FAIL: virtual header generation
FAIL: martin header generation
FAIL: field header generation
FAIL: cxxtest header generation
FAIL: instinit2 output from bytecode->native test
FAIL: instinit2 -O output from bytecode->native test
FAIL: nested_with_ctor output from bytecode->native test
FAIL: nested_with_ctor -O output from bytecode->native test
FAIL: test_long output from bytecode->native test
FAIL: test_long -O output from bytecode->native test
FAIL: invokethrow execution from source compiled test
FAIL: invokethrow execution from bytecode->native test
FAIL: invokethrow -O execution from source compiled test
FAIL: invokethrow -O execution from bytecode->native test
FAIL: Array_3 execution from source compiled test
FAIL: Array_3 execution from bytecode->native test
FAIL: Array_3 -O execution from source compiled test
FAIL: Array_3 -O execution from bytecode->native test
=== libjava Summary for unix/-fPIC ===
# of expected passes 1941
# of unexpected failures 27
# of expected failures 14
# of untested testcases 16
Running target unix
FAIL: calls output
FAIL: linking cxxtest
FAIL: instinit2 output from bytecode->native test
FAIL: instinit2 -O output from bytecode->native test
FAIL: nested_with_ctor output from bytecode->native test
FAIL: nested_with_ctor -O output from bytecode->native test
FAIL: test_long output from bytecode->native test
FAIL: test_long -O output from bytecode->native test
FAIL: invokethrow execution from source compiled test
FAIL: invokethrow execution from bytecode->native test
FAIL: invokethrow -O execution from source compiled test
FAIL: invokethrow -O execution from bytecode->native test
FAIL: Array_3 execution from source compiled test
FAIL: Array_3 execution from bytecode->native test
FAIL: Array_3 -O execution from source compiled test
FAIL: Array_3 -O execution from bytecode->native test
=== libjava Summary for unix ===
# of expected passes 1990
# of unexpected failures 16
# of expected failures 15
# of untested testcases 16
=== libjava Summary ===
# of expected passes 7813
# of unexpected failures 97
# of expected failures 57
# of untested testcases 64
=== libstdc++-v3 tests ===
Running target unix/-O2
FAIL: 22_locale/codecvt_members_unicode_char.cc execution test
FAIL: 22_locale/codecvt_members_unicode_wchar_t.cc execution test
XPASS: 22_locale/ctype_members_char.cc execution test
XPASS: 22_locale/members.cc execution test
XPASS: 22_locale/messages_byname.cc execution test
XPASS: 22_locale/messages_members_char.cc execution test
XPASS: 22_locale/money_get_members_char.cc execution test
XPASS: 22_locale/money_get_members_wchar_t.cc execution test
XPASS: 22_locale/money_put_members_char.cc execution test
XPASS: 22_locale/money_put_members_wchar_t.cc execution test
XPASS: 22_locale/moneypunct_byname.cc execution test
XPASS: 22_locale/moneypunct_members_char.cc execution test
XPASS: 22_locale/moneypunct_members_wchar_t.cc execution test
XPASS: 22_locale/num_get_members_char.cc execution test
XPASS: 22_locale/num_get_members_wchar_t.cc execution test
XPASS: 22_locale/num_put_members_char.cc execution test
XPASS: 22_locale/num_put_members_wchar_t.cc execution test
XPASS: 22_locale/numpunct_byname.cc execution test
XPASS: 22_locale/numpunct_members_char.cc execution test
XPASS: 22_locale/numpunct_members_wchar_t.cc execution test
XPASS: 22_locale/time_get_members_char.cc execution test
XPASS: 22_locale/time_get_members_wchar_t.cc execution test
XPASS: 22_locale/time_put_members_char.cc execution test
FAIL: 26_numerics/c99_classification_macros_c.cc (test for excess errors)
FAIL: 27_io/filebuf_virtuals.cc (test for excess errors)
FAIL: 27_io/ifstream_members.cc (test for excess errors)
FAIL: 27_io/ofstream_members.cc (test for excess errors)
FAIL: thread/pthread4.cc execution test
=== libstdc++-v3 Summary for unix/-O2 ===
# of expected passes 345
# of unexpected failures 7
# of unexpected successes 21
# of expected failures 4
Running target unix/-fpic
FAIL: 22_locale/codecvt_members_unicode_char.cc execution test
FAIL: 22_locale/codecvt_members_unicode_wchar_t.cc execution test
XPASS: 22_locale/ctype_members_char.cc execution test
XPASS: 22_locale/members.cc execution test
XPASS: 22_locale/messages_byname.cc execution test
XPASS: 22_locale/messages_members_char.cc execution test
XPASS: 22_locale/money_get_members_char.cc execution test
XPASS: 22_locale/money_get_members_wchar_t.cc execution test
XPASS: 22_locale/money_put_members_char.cc execution test
XPASS: 22_locale/money_put_members_wchar_t.cc execution test
XPASS: 22_locale/moneypunct_byname.cc execution test
XPASS: 22_locale/moneypunct_members_char.cc execution test
XPASS: 22_locale/moneypunct_members_wchar_t.cc execution test
XPASS: 22_locale/num_get_members_char.cc execution test
XPASS: 22_locale/num_get_members_wchar_t.cc execution test
XPASS: 22_locale/num_put_members_char.cc execution test
XPASS: 22_locale/num_put_members_wchar_t.cc execution test
XPASS: 22_locale/numpunct_byname.cc execution test
XPASS: 22_locale/numpunct_members_char.cc execution test
XPASS: 22_locale/numpunct_members_wchar_t.cc execution test
XPASS: 22_locale/time_get_members_char.cc execution test
XPASS: 22_locale/time_get_members_wchar_t.cc execution test
XPASS: 22_locale/time_put_members_char.cc execution test
FAIL: 26_numerics/c99_classification_macros_c.cc (test for excess errors)
FAIL: thread/pthread4.cc execution test
=== libstdc++-v3 Summary for unix/-fpic ===
# of expected passes 351
# of unexpected failures 4
# of unexpected successes 21
# of expected failures 4
Running target unix/-fPIC
FAIL: 22_locale/codecvt_members_unicode_char.cc execution test
FAIL: 22_locale/codecvt_members_unicode_wchar_t.cc execution test
XPASS: 22_locale/ctype_members_char.cc execution test
XPASS: 22_locale/members.cc execution test
XPASS: 22_locale/messages_byname.cc execution test
XPASS: 22_locale/messages_members_char.cc execution test
XPASS: 22_locale/money_get_members_char.cc execution test
XPASS: 22_locale/money_get_members_wchar_t.cc execution test
XPASS: 22_locale/money_put_members_char.cc execution test
XPASS: 22_locale/money_put_members_wchar_t.cc execution test
XPASS: 22_locale/moneypunct_byname.cc execution test
XPASS: 22_locale/moneypunct_members_char.cc execution test
XPASS: 22_locale/moneypunct_members_wchar_t.cc execution test
XPASS: 22_locale/num_get_members_char.cc execution test
XPASS: 22_locale/num_get_members_wchar_t.cc execution test
XPASS: 22_locale/num_put_members_char.cc execution test
XPASS: 22_locale/num_put_members_wchar_t.cc execution test
XPASS: 22_locale/numpunct_byname.cc execution test
XPASS: 22_locale/numpunct_members_char.cc execution test
XPASS: 22_locale/numpunct_members_wchar_t.cc execution test
XPASS: 22_locale/time_get_members_char.cc execution test
XPASS: 22_locale/time_get_members_wchar_t.cc execution test
XPASS: 22_locale/time_put_members_char.cc execution test
FAIL: 26_numerics/c99_classification_macros_c.cc (test for excess errors)
FAIL: thread/pthread4.cc execution test
=== libstdc++-v3 Summary for unix/-fPIC ===
# of expected passes 351
# of unexpected failures 4
# of unexpected successes 21
# of expected failures 4
Running target unix
FAIL: 22_locale/codecvt_members_unicode_char.cc execution test
FAIL: 22_locale/codecvt_members_unicode_wchar_t.cc execution test
XPASS: 22_locale/ctype_members_char.cc execution test
XPASS: 22_locale/members.cc execution test
XPASS: 22_locale/messages_byname.cc execution test
XPASS: 22_locale/messages_members_char.cc execution test
XPASS: 22_locale/money_get_members_char.cc execution test
XPASS: 22_locale/money_get_members_wchar_t.cc execution test
XPASS: 22_locale/money_put_members_char.cc execution test
XPASS: 22_locale/money_put_members_wchar_t.cc execution test
XPASS: 22_locale/moneypunct_byname.cc execution test
XPASS: 22_locale/moneypunct_members_char.cc execution test
XPASS: 22_locale/moneypunct_members_wchar_t.cc execution test
XPASS: 22_locale/num_get_members_char.cc execution test
XPASS: 22_locale/num_get_members_wchar_t.cc execution test
XPASS: 22_locale/num_put_members_char.cc execution test
XPASS: 22_locale/num_put_members_wchar_t.cc execution test
XPASS: 22_locale/numpunct_byname.cc execution test
XPASS: 22_locale/numpunct_members_char.cc execution test
XPASS: 22_locale/numpunct_members_wchar_t.cc execution test
XPASS: 22_locale/time_get_members_char.cc execution test
XPASS: 22_locale/time_get_members_wchar_t.cc execution test
XPASS: 22_locale/time_put_members_char.cc execution test
FAIL: 26_numerics/c99_classification_macros_c.cc (test for excess errors)
FAIL: thread/pthread4.cc execution test
=== libstdc++-v3 Summary for unix ===
# of expected passes 351
# of unexpected failures 4
# of unexpected successes 21
# of expected failures 4
=== libstdc++-v3 Summary ===
# of expected passes 1398
# of unexpected failures 19
# of unexpected successes 84
# of expected failures 16
Compiler version: 3.1 20020220 (experimental)
Platform: powerpc-unknown-linux-gnu
configure flags: --host=ppc-linux --prefix=/home/fsirl/gnubin --enable-shared --enable-threads --enable-checking=gc,misc,tree